-- https://www.phpmyadmin.net/
--

START TRANSACTION;



--
-- Database: `blackberrystocks`
--

-- --------------------------------------------------------

--
-- Table structure for table `barcodes`
--

CREATE TABLE `barcodes` (
  `id` int(10) UNSIGNED NOT NULL,
  `name` varchar(191) COLLATE utf8mb4_unicode_ci NOT NULL,
  `description` text COLLATE utf8mb4_unicode_ci DEFAULT NULL,
  `width` double(8,2) DEFAULT NULL,
  `height` double(8,2) DEFAULT NULL,
  `paper_width` double(8,2) DEFAULT NULL,
  `paper_height` double(8,2) DEFAULT NULL,
  `top_margin` double(8,2) DEFAULT NULL,
  `left_margin` double(8,2) DEFAULT NULL,
  `row_distance` double(8,2) DEFAULT NULL,
  `col_distance` double(8,2) DEFAULT NULL,
  `stickers_in_one_row` int(11) DEFAULT NULL,
  `is_default` tinyint(1) NOT NULL DEFAULT 0,
  `is_continuous` tinyint(1) NOT NULL DEFAULT 0,
  `stickers_in_one_sheet` int(11) DEFAULT NULL,
  `business_id` int(10) UNSIGNED DEFAULT NULL,
  `created_at` timestamp NULL DEFAULT NULL,
  `updated_at` timestamp NULL DEFAULT NULL
) ENGINE=InnoDB DEFAULT CHARSET=utf8mb4 COLLATE=utf8mb4_unicode_ci;

--
-- Dumping data for table `barcodes`
--

INSERT INTO `barcodes` (`id`, `name`, `description`, `width`, `height`, `paper_width`, `paper_height`, `top_margin`, `left_margin`, `row_distance`, `col_distance`, `stickers_in_one_row`, `is_default`, `is_continuous`, `stickers_in_one_sheet`, `business_id`, `created_at`, `updated_at`) VALUES
(1, '20 Labels per Sheet - (8.5\" x 11\")', 'Sheet Size: 8.5\" x 11\"\\r\\nLabel Size: 4\" x 1\"\\r\\nLabels per sheet: 20', 3.75, 1.00, 8.50, 11.00, 0.50, 0.50, 0.00, 0.16, 2, 0, 0, 20, NULL, '2017-12-18 03:13:44', '2017-12-18 03:13:44'),
(2, '30 Labels per sheet - (8.5\" x 11\")', 'Sheet Size: 8.5\" x 11\"\\r\\nLabel Size: 2.625\" x 1\"\\r\\nLabels per sheet: 30', 2.62, 1.00, 8.50, 11.00, 0.50, 0.22, 0.00, 0.14, 3, 0, 0, 30, NULL, '2017-12-18 03:04:39', '2017-12-18 03:10:40'),
(3, '32 Labels per sheet - (8.5\" x 11\")', 'Sheet Size: 8.5\" x 11\"\\r\\nLabel Size: 2\" x 1.25\"\\r\\nLabels per sheet: 32', 2.00, 1.25, 8.50, 11.00, 0.50, 0.25, 0.00, 0.00, 4, 0, 0, 32, NULL, '2017-12-18 02:55:40', '2017-12-18 02:55:40'),
(4, '40 Labels per sheet - (8.5\" x 11\")', 'Sheet Size: 8.5\" x 11\"\\r\\nLabel Size: 2\" x 1\"\\r\\nLabels per sheet: 40', 2.00, 1.00, 8.50, 11.00, 0.50, 0.25, 0.00, 0.00, 4, 0, 0, 40, NULL, '2017-12-18 02:58:40', '2017-12-18 02:58:40'),
(5, '50 Labels per Sheet - (8.5\" x 11\")', 'Sheet Size: 8.5\" x 11\"\\r\\nLabel Size: 1.5\" x 1\"\\r\\nLabels per sheet: 50', 1.50, 1.00, 8.50, 11.00, 0.50, 0.50, 0.00, 0.00, 5, 0, 0, 50, NULL, '2017-12-18 02:51:10', '2017-12-18 02:51:10'),
(6, 'Continuous Rolls - 31.75mm x 25.4mm', 'Label Size: 31.75mm x 25.4mm\\r\\nGap: 3.18mm', 1.25, 1.00, 1.25, 0.00, 0.12, 0.00, 0.12, 0.00, 1, 0, 1, NULL, NULL, '2017-12-18 02:51:10', '2017-12-18 02:51:10');

-- --------------------------------------------------------

--
-- Table structure for table `bookings`
--

CREATE TABLE `bookings` (
  `id` int(10) UNSIGNED NOT NULL,
  `contact_id` int(10) UNSIGNED NOT NULL,
  `waiter_id` int(10) UNSIGNED DEFAULT NULL,
  `table_id` int(10) UNSIGNED DEFAULT NULL,
  `correspondent_id` int(11) DEFAULT NULL,
  `business_id` int(10) UNSIGNED NOT NULL,
  `location_id` int(10) UNSIGNED NOT NULL,
  `booking_start` datetime NOT NULL,
  `booking_end` datetime NOT NULL,
  `created_by` int(10) UNSIGNED NOT NULL,
  `booking_status` enum('booked','completed','cancelled') COLLATE utf8mb4_unicode_ci NOT NULL,
  `booking_note` text COLLATE utf8mb4_unicode_ci DEFAULT NULL,
  `created_at` timestamp NULL DEFAULT NULL,
  `updated_at` timestamp NULL DEFAULT NULL
) ENGINE=InnoDB DEFAULT CHARSET=utf8mb4 COLLATE=utf8mb4_unicode_ci;

-- --------------------------------------------------------

--
-- Table structure for table `brands`
--

CREATE TABLE `brands` (
  `id` int(10) UNSIGNED NOT NULL,
  `business_id` int(10) UNSIGNED NOT NULL,
  `name` varchar(191) COLLATE utf8mb4_unicode_ci NOT NULL,
  `description` text COLLATE utf8mb4_unicode_ci DEFAULT NULL,
  `created_by` int(10) UNSIGNED NOT NULL,
  `deleted_at` timestamp NULL DEFAULT NULL,
  `created_at` timestamp NULL DEFAULT NULL,
  `updated_at` timestamp NULL DEFAULT NULL
) ENGINE=InnoDB DEFAULT CHARSET=utf8mb4 COLLATE=utf8mb4_unicode_ci;

-- --------------------------------------------------------

--
-- Table structure for table `business`
--

CREATE TABLE `business` (
  `id` int(10) UNSIGNED NOT NULL,
  `name` varchar(256) COLLATE utf8mb4_unicode_ci NOT NULL,
  `currency_id` int(10) UNSIGNED NOT NULL,
  `start_date` date DEFAULT NULL,
  `tax_number_1` varchar(100) COLLATE utf8mb4_unicode_ci DEFAULT NULL,
  `tax_label_1` varchar(10) COLLATE utf8mb4_unicode_ci DEFAULT NULL,
  `tax_number_2` varchar(100) COLLATE utf8mb4_unicode_ci DEFAULT NULL,
  `tax_label_2` varchar(10) COLLATE utf8mb4_unicode_ci DEFAULT NULL,
  `default_sales_tax` int(10) UNSIGNED DEFAULT NULL,
  `default_profit_percent` double(5,2) NOT NULL DEFAULT 0.00,
  `owner_id` int(10) UNSIGNED NOT NULL,
  `time_zone` varchar(191) COLLATE utf8mb4_unicode_ci NOT NULL DEFAULT 'Asia/Kolkata',
  `fy_start_month` tinyint(4) NOT NULL DEFAULT 1,
  `accounting_method` enum('fifo','lifo','avco') COLLATE utf8mb4_unicode_ci NOT NULL DEFAULT 'fifo',
  `default_sales_discount` decimal(20,2) DEFAULT NULL,
  `sell_price_tax` enum('includes','excludes') COLLATE utf8mb4_unicode_ci NOT NULL DEFAULT 'includes',
  `logo` varchar(191) COLLATE utf8mb4_unicode_ci DEFAULT NULL,
  `sku_prefix` varchar(191) COLLATE utf8mb4_unicode_ci DEFAULT NULL,
  `enable_product_expiry` tinyint(1) NOT NULL DEFAULT 0,
  `expiry_type` enum('add_expiry','add_manufacturing') COLLATE utf8mb4_unicode_ci NOT NULL DEFAULT 'add_expiry',
  `on_product_expiry` enum('keep_selling','stop_selling','auto_delete') COLLATE utf8mb4_unicode_ci NOT NULL DEFAULT 'keep_selling',
  `stop_selling_before` int(11) NOT NULL COMMENT 'Stop selling expied item n days before expiry',
  `enable_tooltip` tinyint(1) NOT NULL DEFAULT 1,
  `purchase_in_diff_currency` tinyint(1) NOT NULL DEFAULT 0 COMMENT 'Allow purchase to be in different currency then the business currency',
  `purchase_currency_id` int(10) UNSIGNED DEFAULT NULL,
  `p_exchange_rate` decimal(20,3) NOT NULL DEFAULT 1.000,
  `transaction_edit_days` int(10) UNSIGNED NOT NULL DEFAULT 30,
  `stock_expiry_alert_days` int(10) UNSIGNED NOT NULL DEFAULT 30,
  `keyboard_shortcuts` text COLLATE utf8mb4_unicode_ci DEFAULT NULL,
  `pos_settings` text COLLATE utf8mb4_unicode_ci DEFAULT NULL,
  `enable_brand` tinyint(1) NOT NULL DEFAULT 1,
  `enable_category` tinyint(1) NOT NULL DEFAULT 1,
  `enable_sub_category` tinyint(1) NOT NULL DEFAULT 1,
  `enable_price_tax` tinyint(1) NOT NULL DEFAULT 1,
  `enable_purchase_status` tinyint(1) DEFAULT 1,
  `enable_lot_number` tinyint(1) NOT NULL DEFAULT 0,
  `default_unit` int(11) DEFAULT NULL,
  `enable_racks` tinyint(1) NOT NULL DEFAULT 0,
  `enable_row` tinyint(1) NOT NULL DEFAULT 0,
  `enable_position` tinyint(1) NOT NULL DEFAULT 0,
  `enable_editing_product_from_purchase` tinyint(1) NOT NULL DEFAULT 1,
  `sales_cmsn_agnt` enum('logged_in_user','user','cmsn_agnt') COLLATE utf8mb4_unicode_ci DEFAULT NULL,
  `item_addition_method` tinyint(1) NOT NULL DEFAULT 1,
  `enable_inline_tax` tinyint(1) NOT NULL DEFAULT 1,
  `currency_symbol_placement` enum('before','after') COLLATE utf8mb4_unicode_ci NOT NULL DEFAULT 'before',
  `enabled_modules` text COLLATE utf8mb4_unicode_ci DEFAULT NULL,
  `date_format` varchar(191) COLLATE utf8mb4_unicode_ci NOT NULL DEFAULT 'm/d/Y',
  `time_format` enum('12','24') COLLATE utf8mb4_unicode_ci NOT NULL DEFAULT '24',
  `ref_no_prefixes` text COLLATE utf8mb4_unicode_ci DEFAULT NULL,
  `theme_color` char(20) COLLATE utf8mb4_unicode_ci DEFAULT NULL,
  `created_by` int(11) DEFAULT NULL,
  `email_settings` text COLLATE utf8mb4_unicode_ci DEFAULT NULL,
  `sms_settings` text COLLATE utf8mb4_unicode_ci DEFAULT NULL,
  `is_active` tinyint(1) NOT NULL DEFAULT 1,
  `created_at` timestamp NULL DEFAULT NULL,
  `updated_at` timestamp NULL DEFAULT NULL
) ENGINE=InnoDB DEFAULT CHARSET=utf8mb4 COLLATE=utf8mb4_unicode_ci;

--
-- Dumping data for table `business`
--

INSERT INTO `business` (`id`, `name`, `currency_id`, `start_date`, `tax_number_1`, `tax_label_1`, `tax_number_2`, `tax_label_2`, `default_sales_tax`, `default_profit_percent`, `owner_id`, `time_zone`, `fy_start_month`, `accounting_method`, `default_sales_discount`, `sell_price_tax`, `logo`, `sku_prefix`, `enable_product_expiry`, `expiry_type`, `on_product_expiry`, `stop_selling_before`, `enable_tooltip`, `purchase_in_diff_currency`, `purchase_currency_id`, `p_exchange_rate`, `transaction_edit_days`, `stock_expiry_alert_days`, `keyboard_shortcuts`, `pos_settings`, `enable_brand`, `enable_category`, `enable_sub_category`, `enable_price_tax`, `enable_purchase_status`, `enable_lot_number`, `default_unit`, `enable_racks`, `enable_row`, `enable_position`, `enable_editing_product_from_purchase`, `sales_cmsn_agnt`, `item_addition_method`, `enable_inline_tax`, `currency_symbol_placement`, `enabled_modules`, `date_format`, `time_format`, `ref_no_prefixes`, `theme_color`, `created_by`, `email_settings`, `sms_settings`, `is_active`, `created_at`, `updated_at`) VALUES
(1, 'BLACK BERRY', 133, '2019-05-15', NULL, NULL, NULL, NULL, NULL, 25.00, 1, 'Africa/Nairobi', 1, 'fifo', NULL, 'includes', 'T4SBZfa2BxZcpC5tpB2GWZTheet7g7dffYl9tdg3.png', 'BB', 0, 'add_expiry', 'keep_selling', 0, 1, 0, NULL, '1.000', 30, 14, '{\"pos\":{\"express_checkout\":\"shift+e\",\"pay_n_ckeckout\":\"shift+p\",\"draft\":\"shift+d\",\"cancel\":\"shift+c\",\"recent_product_quantity\":\"f2\",\"edit_discount\":\"shift+i\",\"edit_order_tax\":\"shift+t\",\"add_payment_row\":\"shift+r\",\"finalize_payment\":\"shift+f\",\"add_new_product\":\"f4\"}}', '{\"disable_pay_checkout\":0,\"disable_draft\":0,\"disable_express_checkout\":0,\"hide_product_suggestion\":0,\"hide_recent_trans\":0,\"disable_discount\":0,\"disable_order_tax\":0,\"is_pos_subtotal_editable\":0}', 1, 1, 1, 1, 1, 0, 1, 0, 0, 0, 1, NULL, 1, 0, 'before', '[\"service_staff\",\"account\"]', 'm/d/Y', '24', '{\"purchase\":\"PO\",\"purchase_return\":null,\"stock_transfer\":\"ST\",\"stock_adjustment\":\"SA\",\"sell_return\":\"CN\",\"expense\":\"EP\",\"contacts\":\"CO\",\"purchase_payment\":\"PP\",\"sell_payment\":\"SP\",\"expense_payment\":null,\"business_location\":\"BL\"}', 'green', NULL, '{\"mail_host\":null,\"mail_port\":null,\"mail_username\":null,\"mail_password\":null,\"mail_encryption\":null,\"mail_from_address\":null,\"mail_from_name\":null}', '{\"url\":null,\"send_to_param_name\":\"to\",\"msg_param_name\":\"text\",\"request_method\":\"post\",\"param_1\":null,\"param_val_1\":null,\"param_2\":null,\"param_val_2\":null,\"param_3\":null,\"param_val_3\":null,\"param_4\":null,\"param_val_4\":null,\"param_5\":null,\"param_val_5\":null}', 1, '2019-05-24 21:02:28', '2019-05-26 13:51:21');

-- --------------------------------------------------------

--
-- Table structure for table `business_locations`
--

CREATE TABLE `business_locations` (
  `id` int(10) UNSIGNED NOT NULL,
  `business_id` int(10) UNSIGNED NOT NULL,
  `location_id` varchar(191) COLLATE utf8mb4_unicode_ci DEFAULT NULL,
  `name` varchar(256) COLLATE utf8mb4_unicode_ci NOT NULL,
  `landmark` text COLLATE utf8mb4_unicode_ci DEFAULT NULL,
  `country` varchar(100) COLLATE utf8mb4_unicode_ci NOT NULL,
  `state` varchar(100) COLLATE utf8mb4_unicode_ci NOT NULL,
  `city` varchar(100) COLLATE utf8mb4_unicode_ci NOT NULL,
  `zip_code` char(7) COLLATE utf8mb4_unicode_ci NOT NULL,
  `invoice_scheme_id` int(10) UNSIGNED NOT NULL,
  `invoice_layout_id` int(10) UNSIGNED NOT NULL,
  `print_receipt_on_invoice` tinyint(1) DEFAULT 1,
  `receipt_printer_type` enum('browser','printer') COLLATE utf8mb4_unicode_ci NOT NULL DEFAULT 'browser',
  `printer_id` int(11) DEFAULT NULL,
  `mobile` varchar(191) COLLATE utf8mb4_unicode_ci DEFAULT NULL,
  `alternate_number` varchar(191) COLLATE utf8mb4_unicode_ci DEFAULT NULL,
  `email` varchar(191) COLLATE utf8mb4_unicode_ci DEFAULT NULL,
  `website` varchar(191) COLLATE utf8mb4_unicode_ci DEFAULT NULL,
  `custom_field1` varchar(191) COLLATE utf8mb4_unicode_ci DEFAULT NULL,
  `custom_field2` varchar(191) COLLATE utf8mb4_unicode_ci DEFAULT NULL,
  `custom_field3` varchar(191) COLLATE utf8mb4_unicode_ci DEFAULT NULL,
  `custom_field4` varchar(191) COLLATE utf8mb4_unicode_ci DEFAULT NULL,
  `deleted_at` timestamp NULL DEFAULT NULL,
  `created_at` timestamp NULL DEFAULT NULL,
  `updated_at` timestamp NULL DEFAULT NULL
) ENGINE=InnoDB DEFAULT CHARSET=utf8mb4 COLLATE=utf8mb4_unicode_ci;

--
-- Dumping data for table `business_locations`
--

INSERT INTO `business_locations` (`id`, `business_id`, `location_id`, `name`, `landmark`, `country`, `state`, `city`, `zip_code`, `invoice_scheme_id`, `invoice_layout_id`, `print_receipt_on_invoice`, `receipt_printer_type`, `printer_id`, `mobile`, `alternate_number`, `email`, `website`, `custom_field1`, `custom_field2`, `custom_field3`, `custom_field4`, `deleted_at`, `created_at`, `updated_at`) VALUES
(1, 1, 'BL0001', 'MAIN BRANCH', 'Equator', 'Kenya', 'Western', 'Kisumu', '00100', 1, 1, 1, 'browser', NULL, NULL, NULL, NULL, NULL, NULL, NULL, NULL, NULL, NULL, '2019-05-24 21:02:29', '2019-05-26 12:37:38'),
(2, 1, 'BL0002', 'MINOKI', NULL, 'Kenya', 'Western', 'Kisumu', '00100', 1, 1, 1, 'browser', NULL, NULL, NULL, NULL, NULL, NULL, NULL, NULL, NULL, NULL, '2019-05-26 12:38:56', '2019-05-26 12:38:56'),
(3, 1, 'BL0003', 'MAMBOLEO', NULL, 'Kenya', 'Western', 'Kisumu', '00100', 1, 1, 1, 'browser', NULL, NULL, NULL, NULL, NULL, NULL, NULL, NULL, NULL, NULL, '2019-05-26 12:40:15', '2019-05-26 12:40:15');

-- --------------------------------------------------------

--
-- Table structure for table `cash_registers`
--

CREATE TABLE `cash_registers` (
  `id` int(10) UNSIGNED NOT NULL,
  `business_id` int(10) UNSIGNED NOT NULL,
  `user_id` int(10) UNSIGNED DEFAULT NULL,
  `status` enum('close','open') COLLATE utf8mb4_unicode_ci NOT NULL DEFAULT 'open',
  `closed_at` datetime DEFAULT NULL,
  `closing_amount` decimal(20,2) NOT NULL DEFAULT 0.00,
  `total_card_slips` int(11) NOT NULL DEFAULT 0,
  `total_cheques` int(11) NOT NULL DEFAULT 0,
  `closing_note` text COLLATE utf8mb4_unicode_ci DEFAULT NULL,
  `created_at` timestamp NULL DEFAULT NULL,
  `updated_at` timestamp NULL DEFAULT NULL
) ENGINE=InnoDB DEFAULT CHARSET=utf8mb4 COLLATE=utf8mb4_unicode_ci;

--
-- Dumping data for table `cash_registers`
--

INSERT INTO `cash_registers` (`id`, `business_id`, `user_id`, `status`, `closed_at`, `closing_amount`, `total_card_slips`, `total_cheques`, `closing_note`, `created_at`, `updated_at`) VALUES
(1, 1, 5, 'open', NULL, '0.00', 0, 0, NULL, '2019-05-27 11:37:21', '2019-05-27 11:37:21'),
(2, 1, 4, 'open', NULL, '0.00', 0, 0, NULL, '2019-08-26 08:45:33', '2019-08-26 08:45:33');

-- --------------------------------------------------------

--
-- Table structure for table `cash_register_transactions`
--

CREATE TABLE `cash_register_transactions` (
  `id` int(10) UNSIGNED NOT NULL,
  `cash_register_id` int(10) UNSIGNED NOT NULL,
  `amount` decimal(20,2) NOT NULL DEFAULT 0.00,
  `pay_method` enum('cash','card','cheque','bank_transfer','custom_pay_1','custom_pay_2','custom_pay_3','other') COLLATE utf8mb4_unicode_ci DEFAULT NULL,
  `type` enum('debit','credit') COLLATE utf8mb4_unicode_ci NOT NULL,
  `transaction_type` enum('initial','sell','transfer','refund') COLLATE utf8mb4_unicode_ci NOT NULL,
  `transaction_id` int(11) DEFAULT NULL,
  `created_at` timestamp NULL DEFAULT NULL,
  `updated_at` timestamp NULL DEFAULT NULL
) ENGINE=InnoDB DEFAULT CHARSET=utf8mb4 COLLATE=utf8mb4_unicode_ci;

--
-- Dumping data for table `cash_register_transactions`
--

INSERT INTO `cash_register_transactions` (`id`, `cash_register_id`, `amount`, `pay_method`, `type`, `transaction_type`, `transaction_id`, `created_at`, `updated_at`) VALUES
(1, 1, '20000.00', 'cash', 'credit', 'initial', NULL, '2019-05-27 11:37:21', '2019-05-27 11:37:21'),
(2, 2, '0.00', 'cash', 'credit', 'initial', NULL, '2019-08-26 08:45:33', '2019-08-26 08:45:33');

-- --------------------------------------------------------

--
-- Table structure for table `categories`
--

CREATE TABLE `categories` (
  `id` int(10) UNSIGNED NOT NULL,
  `name` varchar(191) COLLATE utf8mb4_unicode_ci NOT NULL,
  `business_id` int(10) UNSIGNED NOT NULL,
  `short_code` varchar(191) COLLATE utf8mb4_unicode_ci DEFAULT NULL,
  `parent_id` int(11) NOT NULL,
  `created_by` int(10) UNSIGNED NOT NULL,
  `deleted_at` timestamp NULL DEFAULT NULL,
  `created_at` timestamp NULL DEFAULT NULL,
  `updated_at` timestamp NULL DEFAULT NULL
) ENGINE=InnoDB DEFAULT CHARSET=utf8mb4 COLLATE=utf8mb4_unicode_ci;

--
-- Dumping data for table `categories`
--

INSERT INTO `categories` (`id`, `name`, `business_id`, `short_code`, `parent_id`, `created_by`, `deleted_at`, `created_at`, `updated_at`) VALUES
(1, 'STOCKINGS / SOCKS', 1, NULL, 0, 1, NULL, '2019-05-26 13:06:28', '2019-05-26 13:06:28'),
(2, 'SHORTS', 1, NULL, 0, 1, NULL, '2019-05-26 13:07:06', '2019-05-26 13:07:06'),
(3, 'SKIRTS', 1, NULL, 0, 1, NULL, '2019-05-26 13:07:20', '2019-05-26 13:07:20'),
(4, 'TROUSERS', 1, NULL, 0, 1, NULL, '2019-05-26 13:07:54', '2019-05-26 13:07:54'),
(5, 'SHIRTS', 1, NULL, 0, 1, NULL, '2019-05-26 13:08:07', '2019-05-26 13:08:07'),
(6, 'DRESSES', 1, NULL, 0, 1, NULL, '2019-05-26 13:08:20', '2019-05-26 13:08:20'),
(7, 'BLAZERS', 1, 'BLZ', 0, 1, NULL, '2019-05-26 13:08:46', '2019-05-26 13:17:32'),
(8, 'JUMPERS/JACKETS', 1, NULL, 0, 1, NULL, '2019-05-26 13:09:15', '2019-05-26 13:09:15'),
(9, 'SWEATERS', 1, NULL, 0, 1, NULL, '2019-05-26 13:10:15', '2019-05-26 13:10:42'),
(10, 'SHOES', 1, NULL, 0, 1, NULL, '2019-05-26 13:10:30', '2019-05-26 13:10:30'),
(11, 'BOXES/BAGS/SUITCASES', 1, 'BOX', 0, 1, NULL, '2019-05-26 13:11:02', '2019-05-26 13:38:00'),
(12, 'TIES', 1, NULL, 0, 1, '2019-05-26 13:24:54', '2019-05-26 13:11:51', '2019-05-26 13:24:54'),
(13, 'TIES', 1, NULL, 0, 1, NULL, '2019-05-26 13:11:51', '2019-05-26 13:11:51'),
(14, 'TOWELS', 1, NULL, 0, 1, NULL, '2019-05-26 13:12:21', '2019-05-26 13:12:21'),
(15, 'BRUSHES', 1, NULL, 0, 1, NULL, '2019-05-26 13:12:43', '2019-05-26 13:12:43'),
(16, 'UNDERGAMENTS', 1, 'UNG', 0, 1, NULL, '2019-05-26 13:18:55', '2019-05-26 13:18:55'),
(17, 'APRONS', 1, 'APR', 0, 1, NULL, '2019-05-26 13:23:11', '2019-05-26 13:23:11'),
(18, 'FLAGS', 1, 'FLG', 0, 1, NULL, '2019-05-26 13:23:32', '2019-05-26 13:23:32'),
(19, 'SPORTS EQUIPMENT', 1, NULL, 0, 1, NULL, '2019-05-26 13:23:59', '2019-05-26 13:26:25'),
(20, 'LOCKS', 1, NULL, 0, 1, NULL, '2019-05-26 13:24:24', '2019-05-26 13:24:24'),
(21, 'MATHEMATICAL INSTRUMENTS', 1, 'MIN', 0, 1, NULL, '2019-05-26 13:26:53', '2019-05-26 13:26:53'),
(22, 'MATTRESSES', 1, 'MTR', 0, 1, NULL, '2019-05-26 13:33:50', '2019-05-26 13:33:50'),
(23, 'BASINS', 1, 'BSN', 0, 1, '2019-05-26 13:34:30', '2019-05-26 13:34:04', '2019-05-26 13:34:30'),
(24, 'MOSQUITO NETS', 1, 'MNT', 0, 1, NULL, '2019-05-26 13:35:19', '2019-05-26 13:35:19'),
(25, 'COATS', 1, NULL, 0, 1, NULL, '2019-05-26 13:36:23', '2019-05-26 13:36:23'),
(26, 'GOWNS', 1, NULL, 0, 1, NULL, '2019-05-26 13:36:49', '2019-05-26 13:36:49'),
(27, 'OVERALLS', 1, NULL, 0, 1, NULL, '2019-05-26 13:36:57', '2019-05-26 13:36:57');

-- --------------------------------------------------------

--
-- Table structure for table `contacts`
--

CREATE TABLE `contacts` (
  `id` int(10) UNSIGNED NOT NULL,
  `business_id` int(10) UNSIGNED NOT NULL,
  `type` enum('supplier','customer','both') COLLATE utf8mb4_unicode_ci NOT NULL,
  `supplier_business_name` varchar(191) COLLATE utf8mb4_unicode_ci DEFAULT NULL,
  `name` varchar(191) COLLATE utf8mb4_unicode_ci NOT NULL,
  `email` varchar(191) COLLATE utf8mb4_unicode_ci DEFAULT NULL,
  `contact_id` varchar(191) COLLATE utf8mb4_unicode_ci DEFAULT NULL,
  `tax_number` varchar(191) COLLATE utf8mb4_unicode_ci DEFAULT NULL,
  `city` varchar(191) COLLATE utf8mb4_unicode_ci DEFAULT NULL,
  `state` varchar(191) COLLATE utf8mb4_unicode_ci DEFAULT NULL,
  `country` varchar(191) COLLATE utf8mb4_unicode_ci DEFAULT NULL,
  `landmark` varchar(191) COLLATE utf8mb4_unicode_ci DEFAULT NULL,
  `mobile` varchar(191) COLLATE utf8mb4_unicode_ci NOT NULL,
  `landline` varchar(191) COLLATE utf8mb4_unicode_ci DEFAULT NULL,
  `alternate_number` varchar(191) COLLATE utf8mb4_unicode_ci DEFAULT NULL,
  `pay_term_number` int(11) DEFAULT NULL,
  `pay_term_type` enum('days','months') COLLATE utf8mb4_unicode_ci DEFAULT NULL,
  `credit_limit` decimal(20,2) DEFAULT NULL,
  `created_by` int(10) UNSIGNED NOT NULL,
  `is_default` tinyint(1) NOT NULL DEFAULT 0,
  `customer_group_id` int(11) DEFAULT NULL,
  `custom_field1` varchar(191) COLLATE utf8mb4_unicode_ci DEFAULT NULL,
  `custom_field2` varchar(191) COLLATE utf8mb4_unicode_ci DEFAULT NULL,
  `custom_field3` varchar(191) COLLATE utf8mb4_unicode_ci DEFAULT NULL,
  `custom_field4` varchar(191) COLLATE utf8mb4_unicode_ci DEFAULT NULL,
  `deleted_at` timestamp NULL DEFAULT NULL,
  `created_at` timestamp NULL DEFAULT NULL,
  `updated_at` timestamp NULL DEFAULT NULL
) ENGINE=InnoDB DEFAULT CHARSET=utf8mb4 COLLATE=utf8mb4_unicode_ci;

--
-- Dumping data for table `contacts`
--

INSERT INTO `contacts` (`id`, `business_id`, `type`, `supplier_business_name`, `name`, `email`, `contact_id`, `tax_number`, `city`, `state`, `country`, `landmark`, `mobile`, `landline`, `alternate_number`, `pay_term_number`, `pay_term_type`, `credit_limit`, `created_by`, `is_default`, `customer_group_id`, `custom_field1`, `custom_field2`, `custom_field3`, `custom_field4`, `deleted_at`, `created_at`, `updated_at`) VALUES
(1, 1, 'customer', NULL, 'Walk-In Customer', NULL, 'CO0001', NULL, NULL, NULL, NULL, NULL, '', NULL, NULL, NULL, NULL, NULL, 1, 1, NULL, NULL, NULL, NULL, NULL, NULL, '2019-05-24 21:02:28', '2019-05-24 21:02:28');

-- --------------------------------------------------------

--
-- Table structure for table `currencies`
--

CREATE TABLE `currencies` (
  `id` int(10) UNSIGNED NOT NULL,
  `country` varchar(100) COLLATE utf8mb4_unicode_ci NOT NULL,
  `currency` varchar(100) COLLATE utf8mb4_unicode_ci NOT NULL,
  `code` varchar(25) COLLATE utf8mb4_unicode_ci NOT NULL,
  `symbol` varchar(25) COLLATE utf8mb4_unicode_ci NOT NULL,
  `thousand_separator` varchar(10) COLLATE utf8mb4_unicode_ci NOT NULL,
  `decimal_separator` varchar(10) COLLATE utf8mb4_unicode_ci NOT NULL,
  `created_at` timestamp NULL DEFAULT NULL,
  `updated_at` timestamp NULL DEFAULT NULL
) ENGINE=InnoDB DEFAULT CHARSET=utf8mb4 COLLATE=utf8mb4_unicode_ci;

--
-- Dumping data for table `currencies`
--

INSERT INTO `currencies` (`id`, `country`, `currency`, `code`, `symbol`, `thousand_separator`, `decimal_separator`, `created_at`, `updated_at`) VALUES
(1, 'Albania', 'Leke', 'ALL', 'Lek', ',', '.', NULL, NULL),
(2, 'America', 'Dollars', 'USD', '$', ',', '.', NULL, NULL),
(3, 'Afghanistan', 'Afghanis', 'AF', '؋', ',', '.', NULL, NULL),
(4, 'Argentina', 'Pesos', 'ARS', '$', ',', '.', NULL, NULL),
(5, 'Aruba', 'Guilders', 'AWG', 'ƒ', ',', '.', NULL, NULL),
(6, 'Australia', 'Dollars', 'AUD', '$', ',', '.', NULL, NULL),
(7, 'Azerbaijan', 'New Manats', 'AZ', 'ман', ',', '.', NULL, NULL),
(8, 'Bahamas', 'Dollars', 'BSD', '$', ',', '.', NULL, NULL),
(9, 'Barbados', 'Dollars', 'BBD', '$', ',', '.', NULL, NULL),
(10, 'Belarus', 'Rubles', 'BYR', 'p.', ',', '.', NULL, NULL),
(11, 'Belgium', 'Euro', 'EUR', '€', ',', '.', NULL, NULL),
(12, 'Beliz', 'Dollars', 'BZD', 'BZ$', ',', '.', NULL, NULL),
(13, 'Bermuda', 'Dollars', 'BMD', '$', ',', '.', NULL, NULL),
(14, 'Bolivia', 'Bolivianos', 'BOB', '$b', ',', '.', NULL, NULL),
(15, 'Bosnia and Herzegovina', 'Convertible Marka', 'BAM', 'KM', ',', '.', NULL, NULL),
(16, 'Botswana', 'Pula\'s', 'BWP', 'P', ',', '.', NULL, NULL),
(17, 'Bulgaria', 'Leva', 'BG', 'лв', ',', '.', NULL, NULL),
(18, 'Brazil', 'Reais', 'BRL', 'R$', ',', '.', NULL, NULL),
(19, 'Britain [United Kingdom]', 'Pounds', 'GBP', '£', ',', '.', NULL, NULL),
(20, 'Brunei Darussalam', 'Dollars', 'BND', '$', ',', '.', NULL, NULL),
(21, 'Cambodia', 'Riels', 'KHR', '៛', ',', '.', NULL, NULL),
(22, 'Canada', 'Dollars', 'CAD', '$', ',', '.', NULL, NULL),
(23, 'Cayman Islands', 'Dollars', 'KYD', '$', ',', '.', NULL, NULL),
(24, 'Chile', 'Pesos', 'CLP', '$', ',', '.', NULL, NULL),
(25, 'China', 'Yuan Renminbi', 'CNY', '¥', ',', '.', NULL, NULL),
(26, 'Colombia', 'Pesos', 'COP', '$', ',', '.', NULL, NULL),
(27, 'Costa Rica', 'Colón', 'CRC', '₡', ',', '.', NULL, NULL),
(28, 'Croatia', 'Kuna', 'HRK', 'kn', ',', '.', NULL, NULL),
(29, 'Cuba', 'Pesos', 'CUP', '₱', ',', '.', NULL, NULL),
(30, 'Cyprus', 'Euro', 'EUR', '€', '.', ',', NULL, NULL),
(31, 'Czech Republic', 'Koruny', 'CZK', 'Kč', ',', '.', NULL, NULL),
(32, 'Denmark', 'Kroner', 'DKK', 'kr', ',', '.', NULL, NULL),
(33, 'Dominican Republic', 'Pesos', 'DOP ', 'RD$', ',', '.', NULL, NULL),
(34, 'East Caribbean', 'Dollars', 'XCD', '$', ',', '.', NULL, NULL),
(35, 'Egypt', 'Pounds', 'EGP', '£', ',', '.', NULL, NULL),
(36, 'El Salvador', 'Colones', 'SVC', '$', ',', '.', NULL, NULL),
(37, 'England [United Kingdom]', 'Pounds', 'GBP', '£', ',', '.', NULL, NULL),
(38, 'Euro', 'Euro', 'EUR', '€', '.', ',', NULL, NULL),
(39, 'Falkland Islands', 'Pounds', 'FKP', '£', ',', '.', NULL, NULL),
(40, 'Fiji', 'Dollars', 'FJD', '$', ',', '.', NULL, NULL),
(41, 'France', 'Euro', 'EUR', '€', '.', ',', NULL, NULL),
(42, 'Ghana', 'Cedis', 'GHC', '¢', ',', '.', NULL, NULL),
(43, 'Gibraltar', 'Pounds', 'GIP', '£', ',', '.', NULL, NULL),
(44, 'Greece', 'Euro', 'EUR', '€', '.', ',', NULL, NULL),
(45, 'Guatemala', 'Quetzales', 'GTQ', 'Q', ',', '.', NULL, NULL),
(46, 'Guernsey', 'Pounds', 'GGP', '£', ',', '.', NULL, NULL),
(47, 'Guyana', 'Dollars', 'GYD', '$', ',', '.', NULL, NULL),
(48, 'Holland [Netherlands]', 'Euro', 'EUR', '€', '.', ',', NULL, NULL),
(49, 'Honduras', 'Lempiras', 'HNL', 'L', ',', '.', NULL, NULL),
(50, 'Hong Kong', 'Dollars', 'HKD', '$', ',', '.', NULL, NULL),
(51, 'Hungary', 'Forint', 'HUF', 'Ft', ',', '.', NULL, NULL),
(52, 'Iceland', 'Kronur', 'ISK', 'kr', ',', '.', NULL, NULL),
(53, 'India', 'Rupees', 'INR', '₹', ',', '.', NULL, NULL),
(54, 'Indonesia', 'Rupiahs', 'IDR', 'Rp', ',', '.', NULL, NULL),
(55, 'Iran', 'Rials', 'IRR', '﷼', ',', '.', NULL, NULL),
(56, 'Ireland', 'Euro', 'EUR', '€', '.', ',', NULL, NULL),
(57, 'Isle of Man', 'Pounds', 'IMP', '£', ',', '.', NULL, NULL),
(58, 'Israel', 'New Shekels', 'ILS', '₪', ',', '.', NULL, NULL),
(59, 'Italy', 'Euro', 'EUR', '€', '.', ',', NULL, NULL),
(60, 'Jamaica', 'Dollars', 'JMD', 'J$', ',', '.', NULL, NULL),
(61, 'Japan', 'Yen', 'JPY', '¥', ',', '.', NULL, NULL),
(62, 'Jersey', 'Pounds', 'JEP', '£', ',', '.', NULL, NULL),
(63, 'Kazakhstan', 'Tenge', 'KZT', 'лв', ',', '.', NULL, NULL),
(64, 'Korea [North]', 'Won', 'KPW', '₩', ',', '.', NULL, NULL),
(65, 'Korea [South]', 'Won', 'KRW', '₩', ',', '.', NULL, NULL),
(66, 'Kyrgyzstan', 'Soms', 'KGS', 'лв', ',', '.', NULL, NULL),
(67, 'Laos', 'Kips', 'LAK', '₭', ',', '.', NULL, NULL),
(68, 'Latvia', 'Lati', 'LVL', 'Ls', ',', '.', NULL, NULL),
(69, 'Lebanon', 'Pounds', 'LBP', '£', ',', '.', NULL, NULL),
(70, 'Liberia', 'Dollars', 'LRD', '$', ',', '.', NULL, NULL),
(71, 'Liechtenstein', 'Switzerland Francs', 'CHF', 'CHF', ',', '.', NULL, NULL),
(72, 'Lithuania', 'Litai', 'LTL', 'Lt', ',', '.', NULL, NULL),
(73, 'Luxembourg', 'Euro', 'EUR', '€', '.', ',', NULL, NULL),
(74, 'Macedonia', 'Denars', 'MKD', 'ден', ',', '.', NULL, NULL),
(75, 'Malaysia', 'Ringgits', 'MYR', 'RM', ',', '.', NULL, NULL),
(76, 'Malta', 'Euro', 'EUR', '€', '.', ',', NULL, NULL),
(77, 'Mauritius', 'Rupees', 'MUR', '₨', ',', '.', NULL, NULL),
(78, 'Mexico', 'Pesos', 'MX', '$', ',', '.', NULL, NULL),
(79, 'Mongolia', 'Tugriks', 'MNT', '₮', ',', '.', NULL, NULL),
(80, 'Mozambique', 'Meticais', 'MZ', 'MT', ',', '.', NULL, NULL),
(81, 'Namibia', 'Dollars', 'NAD', '$', ',', '.', NULL, NULL),
(82, 'Nepal', 'Rupees', 'NPR', '₨', ',', '.', NULL, NULL),
(83, 'Netherlands Antilles', 'Guilders', 'ANG', 'ƒ', ',', '.', NULL, NULL),
(84, 'Netherlands', 'Euro', 'EUR', '€', '.', ',', NULL, NULL),
(85, 'New Zealand', 'Dollars', 'NZD', '$', ',', '.', NULL, NULL),
(86, 'Nicaragua', 'Cordobas', 'NIO', 'C$', ',', '.', NULL, NULL),
(87, 'Nigeria', 'Nairas', 'NG', '₦', ',', '.', NULL, NULL),
(88, 'North Korea', 'Won', 'KPW', '₩', ',', '.', NULL, NULL),
(89, 'Norway', 'Krone', 'NOK', 'kr', ',', '.', NULL, NULL),
(90, 'Oman', 'Rials', 'OMR', '﷼', ',', '.', NULL, NULL),
(91, 'Pakistan', 'Rupees', 'PKR', '₨', ',', '.', NULL, NULL),
(92, 'Panama', 'Balboa', 'PAB', 'B/.', ',', '.', NULL, NULL),
(93, 'Paraguay', 'Guarani', 'PYG', 'Gs', ',', '.', NULL, NULL),
(94, 'Peru', 'Nuevos Soles', 'PE', 'S/.', ',', '.', NULL, NULL),
(95, 'Philippines', 'Pesos', 'PHP', 'Php', ',', '.', NULL, NULL),
(96, 'Poland', 'Zlotych', 'PL', 'zł', ',', '.', NULL, NULL),
(97, 'Qatar', 'Rials', 'QAR', '﷼', ',', '.', NULL, NULL),
(98, 'Romania', 'New Lei', 'RO', 'lei', ',', '.', NULL, NULL),
(99, 'Russia', 'Rubles', 'RUB', 'руб', ',', '.', NULL, NULL),
(100, 'Saint Helena', 'Pounds', 'SHP', '£', ',', '.', NULL, NULL),
(101, 'Saudi Arabia', 'Riyals', 'SAR', '﷼', ',', '.', NULL, NULL),
(102, 'Serbia', 'Dinars', 'RSD', 'Дин.', ',', '.', NULL, NULL),
(103, 'Seychelles', 'Rupees', 'SCR', '₨', ',', '.', NULL, NULL),
(104, 'Singapore', 'Dollars', 'SGD', '$', ',', '.', NULL, NULL),
(105, 'Slovenia', 'Euro', 'EUR', '€', '.', ',', NULL, NULL),
(106, 'Solomon Islands', 'Dollars', 'SBD', '$', ',', '.', NULL, NULL),
(107, 'Somalia', 'Shillings', 'SOS', 'S', ',', '.', NULL, NULL),
(108, 'South Africa', 'Rand', 'ZAR', 'R', ',', '.', NULL, NULL),
(109, 'South Korea', 'Won', 'KRW', '₩', ',', '.', NULL, NULL),
(110, 'Spain', 'Euro', 'EUR', '€', '.', ',', NULL, NULL),
(111, 'Sri Lanka', 'Rupees', 'LKR', '₨', ',', '.', NULL, NULL),
(112, 'Sweden', 'Kronor', 'SEK', 'kr', ',', '.', NULL, NULL),
(113, 'Switzerland', 'Francs', 'CHF', 'CHF', ',', '.', NULL, NULL),
(114, 'Suriname', 'Dollars', 'SRD', '$', ',', '.', NULL, NULL),
(115, 'Syria', 'Pounds', 'SYP', '£', ',', '.', NULL, NULL),
(116, 'Taiwan', 'New Dollars', 'TWD', 'NT$', ',', '.', NULL, NULL),
(117, 'Thailand', 'Baht', 'THB', '฿', ',', '.', NULL, NULL),
(118, 'Trinidad and Tobago', 'Dollars', 'TTD', 'TT$', ',', '.', NULL, NULL),
(119, 'Turkey', 'Lira', 'TRY', 'TL', ',', '.', NULL, NULL),
(120, 'Turkey', 'Liras', 'TRL', '£', ',', '.', NULL, NULL),
(121, 'Tuvalu', 'Dollars', 'TVD', '$', ',', '.', NULL, NULL),
(122, 'Ukraine', 'Hryvnia', 'UAH', '₴', ',', '.', NULL, NULL),
(123, 'United Kingdom', 'Pounds', 'GBP', '£', ',', '.', NULL, NULL),
(124, 'United States of America', 'Dollars', 'USD', '$', ',', '.', NULL, NULL),
(125, 'Uruguay', 'Pesos', 'UYU', '$U', ',', '.', NULL, NULL),
(126, 'Uzbekistan', 'Sums', 'UZS', 'лв', ',', '.', NULL, NULL),
(127, 'Vatican City', 'Euro', 'EUR', '€', '.', ',', NULL, NULL),
(128, 'Venezuela', 'Bolivares Fuertes', 'VEF', 'Bs', ',', '.', NULL, NULL),
(129, 'Vietnam', 'Dong', 'VND', '₫', ',', '.', NULL, NULL),
(130, 'Yemen', 'Rials', 'YER', '﷼', ',', '.', NULL, NULL),
(131, 'Zimbabwe', 'Zimbabwe Dollars', 'ZWD', 'Z$', ',', '.', NULL, NULL),
(132, 'Iraq', 'Iraqi dinar', 'IQD', 'د.ع', ',', '.', NULL, NULL),
(133, 'Kenya', 'Kenyan shilling', 'KES', 'KSh', ',', '.', NULL, NULL),
(134, 'Bangladesh', 'Taka', 'BDT', '৳', ',', '.', NULL, NULL),
(135, 'Algerie', 'Algerian dinar', 'DZD', 'د.ج', ' ', '.', NULL, NULL),
(136, 'United Arab Emirates', 'United Arab Emirates dirham', 'AED', 'د.إ', ',', '.', NULL, NULL);

-- --------------------------------------------------------

--
-- Table structure for table `customer_groups`
--

CREATE TABLE `customer_groups` (
  `id` int(10) UNSIGNED NOT NULL,
  `business_id` int(10) UNSIGNED NOT NULL,
  `name` varchar(191) COLLATE utf8mb4_unicode_ci NOT NULL,
  `amount` double(5,2) NOT NULL,
  `created_by` int(10) UNSIGNED NOT NULL,
  `created_at` timestamp NULL DEFAULT NULL,
  `updated_at` timestamp NULL DEFAULT NULL
) ENGINE=InnoDB DEFAULT CHARSET=utf8mb4 COLLATE=utf8mb4_unicode_ci;

-- --------------------------------------------------------

--
-- Table structure for table `expense_categories`
--

CREATE TABLE `expense_categories` (
  `id` int(10) UNSIGNED NOT NULL,
  `name` varchar(191) COLLATE utf8mb4_unicode_ci NOT NULL,
  `business_id` int(10) UNSIGNED NOT NULL,
  `code` varchar(191) COLLATE utf8mb4_unicode_ci DEFAULT NULL,
  `deleted_at` timestamp NULL DEFAULT NULL,
  `created_at` timestamp NULL DEFAULT NULL,
  `updated_at` timestamp NULL DEFAULT NULL
) ENGINE=InnoDB DEFAULT CHARSET=utf8mb4 COLLATE=utf8mb4_unicode_ci;

-- --------------------------------------------------------

--
-- Table structure for table `group_sub_taxes`
--

CREATE TABLE `group_sub_taxes` (
  `group_tax_id` int(10) UNSIGNED NOT NULL,
  `tax_id` int(10) UNSIGNED NOT NULL
) ENGINE=InnoDB DEFAULT CHARSET=utf8mb4 COLLATE=utf8mb4_unicode_ci;

-- --------------------------------------------------------

--
-- Table structure for table `invoice_layouts`
--

CREATE TABLE `invoice_layouts` (
  `id` int(10) UNSIGNED NOT NULL,
  `name` varchar(191) COLLATE utf8mb4_unicode_ci NOT NULL,
  `header_text` text COLLATE utf8mb4_unicode_ci DEFAULT NULL,
  `invoice_no_prefix` varchar(191) COLLATE utf8mb4_unicode_ci DEFAULT NULL,
  `quotation_no_prefix` varchar(191) COLLATE utf8mb4_unicode_ci DEFAULT NULL,
  `invoice_heading` varchar(191) COLLATE utf8mb4_unicode_ci DEFAULT NULL,
  `sub_heading_line1` varchar(191) COLLATE utf8mb4_unicode_ci DEFAULT NULL,
  `sub_heading_line2` varchar(191) COLLATE utf8mb4_unicode_ci DEFAULT NULL,
  `sub_heading_line3` varchar(191) COLLATE utf8mb4_unicode_ci DEFAULT NULL,
  `sub_heading_line4` varchar(191) COLLATE utf8mb4_unicode_ci DEFAULT NULL,
  `sub_heading_line5` varchar(191) COLLATE utf8mb4_unicode_ci DEFAULT NULL,
  `invoice_heading_not_paid` varchar(191) COLLATE utf8mb4_unicode_ci DEFAULT NULL,
  `invoice_heading_paid` varchar(191) COLLATE utf8mb4_unicode_ci DEFAULT NULL,
  `quotation_heading` varchar(191) COLLATE utf8mb4_unicode_ci DEFAULT NULL,
  `sub_total_label` varchar(191) COLLATE utf8mb4_unicode_ci DEFAULT NULL,
  `discount_label` varchar(191) COLLATE utf8mb4_unicode_ci DEFAULT NULL,
  `tax_label` varchar(191) COLLATE utf8mb4_unicode_ci DEFAULT NULL,
  `total_label` varchar(191) COLLATE utf8mb4_unicode_ci DEFAULT NULL,
  `total_due_label` varchar(191) COLLATE utf8mb4_unicode_ci DEFAULT NULL,
  `paid_label` varchar(191) COLLATE utf8mb4_unicode_ci DEFAULT NULL,
  `show_client_id` tinyint(1) NOT NULL DEFAULT 0,
  `client_id_label` varchar(191) COLLATE utf8mb4_unicode_ci DEFAULT NULL,
  `client_tax_label` varchar(191) COLLATE utf8mb4_unicode_ci DEFAULT NULL,
  `date_label` varchar(191) COLLATE utf8mb4_unicode_ci DEFAULT NULL,
  `show_time` tinyint(1) NOT NULL DEFAULT 1,
  `show_brand` tinyint(1) NOT NULL DEFAULT 0,
  `show_sku` tinyint(1) NOT NULL DEFAULT 1,
  `show_cat_code` tinyint(1) NOT NULL DEFAULT 1,
  `show_expiry` tinyint(1) NOT NULL DEFAULT 0,
  `show_lot` tinyint(1) NOT NULL DEFAULT 0,
  `show_sale_description` tinyint(1) NOT NULL DEFAULT 0,
  `sales_person_label` varchar(191) COLLATE utf8mb4_unicode_ci DEFAULT NULL,
  `show_sales_person` tinyint(1) NOT NULL DEFAULT 0,
  `table_product_label` varchar(191) COLLATE utf8mb4_unicode_ci DEFAULT NULL,
  `table_qty_label` varchar(191) COLLATE utf8mb4_unicode_ci DEFAULT NULL,
  `table_unit_price_label` varchar(191) COLLATE utf8mb4_unicode_ci DEFAULT NULL,
  `table_subtotal_label` varchar(191) COLLATE utf8mb4_unicode_ci DEFAULT NULL,
  `cat_code_label` varchar(191) COLLATE utf8mb4_unicode_ci DEFAULT NULL,
  `logo` varchar(191) COLLATE utf8mb4_unicode_ci DEFAULT NULL,
  `show_logo` tinyint(1) NOT NULL DEFAULT 0,
  `show_business_name` tinyint(1) NOT NULL DEFAULT 0,
  `show_location_name` tinyint(1) NOT NULL DEFAULT 1,
  `show_landmark` tinyint(1) NOT NULL DEFAULT 1,
  `show_city` tinyint(1) NOT NULL DEFAULT 1,
  `show_state` tinyint(1) NOT NULL DEFAULT 1,
  `show_zip_code` tinyint(1) NOT NULL DEFAULT 1,
  `show_country` tinyint(1) NOT NULL DEFAULT 1,
  `show_mobile_number` tinyint(1) NOT NULL DEFAULT 1,
  `show_alternate_number` tinyint(1) NOT NULL DEFAULT 0,
  `show_email` tinyint(1) NOT NULL DEFAULT 0,
  `show_tax_1` tinyint(1) NOT NULL DEFAULT 1,
  `show_tax_2` tinyint(1) NOT NULL DEFAULT 0,
  `show_barcode` tinyint(1) NOT NULL DEFAULT 0,
  `show_payments` tinyint(1) NOT NULL DEFAULT 0,
  `show_customer` tinyint(1) NOT NULL DEFAULT 0,
  `customer_label` varchar(191) COLLATE utf8mb4_unicode_ci DEFAULT NULL,
  `highlight_color` varchar(10) COLLATE utf8mb4_unicode_ci DEFAULT NULL,
  `footer_text` text COLLATE utf8mb4_unicode_ci DEFAULT NULL,
  `module_info` text COLLATE utf8mb4_unicode_ci DEFAULT NULL,
  `is_default` tinyint(1) NOT NULL DEFAULT 0,
  `business_id` int(10) UNSIGNED NOT NULL,
  `design` varchar(256) COLLATE utf8mb4_unicode_ci DEFAULT 'classic',
  `cn_heading` varchar(191) COLLATE utf8mb4_unicode_ci DEFAULT NULL COMMENT 'cn = credit note',
  `cn_no_label` varchar(191) COLLATE utf8mb4_unicode_ci DEFAULT NULL,
  `cn_amount_label` varchar(191) COLLATE utf8mb4_unicode_ci DEFAULT NULL,
  `table_tax_headings` text COLLATE utf8mb4_unicode_ci DEFAULT NULL,
  `created_at` timestamp NULL DEFAULT NULL,
  `updated_at` timestamp NULL DEFAULT NULL
) ENGINE=InnoDB DEFAULT CHARSET=utf8mb4 COLLATE=utf8mb4_unicode_ci;

--
-- Dumping data for table `invoice_layouts`
--

INSERT INTO `invoice_layouts` (`id`, `name`, `header_text`, `invoice_no_prefix`, `quotation_no_prefix`, `invoice_heading`, `sub_heading_line1`, `sub_heading_line2`, `sub_heading_line3`, `sub_heading_line4`, `sub_heading_line5`, `invoice_heading_not_paid`, `invoice_heading_paid`, `quotation_heading`, `sub_total_label`, `discount_label`, `tax_label`, `total_label`, `total_due_label`, `paid_label`, `show_client_id`, `client_id_label`, `client_tax_label`, `date_label`, `show_time`, `show_brand`, `show_sku`, `show_cat_code`, `show_expiry`, `show_lot`, `show_sale_description`, `sales_person_label`, `show_sales_person`, `table_product_label`, `table_qty_label`, `table_unit_price_label`, `table_subtotal_label`, `cat_code_label`, `logo`, `show_logo`, `show_business_name`, `show_location_name`, `show_landmark`, `show_city`, `show_state`, `show_zip_code`, `show_country`, `show_mobile_number`, `show_alternate_number`, `show_email`, `show_tax_1`, `show_tax_2`, `show_barcode`, `show_payments`, `show_customer`, `customer_label`, `highlight_color`, `footer_text`, `module_info`, `is_default`, `business_id`, `design`, `cn_heading`, `cn_no_label`, `cn_amount_label`, `table_tax_headings`, `created_at`, `updated_at`) VALUES
(1, 'Default', NULL, 'Invoice No.', NULL, 'Invoice', NULL, NULL, NULL, NULL, NULL, '', '', NULL, 'Subtotal', 'Discount', 'Tax', 'Total', 'Total Due', 'Total Paid', 0, NULL, NULL, 'Date', 1, 0, 1, 1, 0, 0, 0, NULL, 0, 'Product', 'Quantity', 'Unit Price', 'Subtotal', NULL, NULL, 0, 0, 1, 1, 1, 1, 1, 1, 1, 0, 0, 1, 0, 0, 1, 1, 'Customer', '#000000', '', NULL, 1, 1, 'classic', NULL, NULL, NULL, NULL, '2019-05-24 21:02:28', '2019-05-24 21:02:28');

-- --------------------------------------------------------

--
-- Table structure for table `invoice_schemes`
--

CREATE TABLE `invoice_schemes` (
  `id` int(10) UNSIGNED NOT NULL,
  `business_id` int(10) UNSIGNED NOT NULL,
  `name` varchar(191) COLLATE utf8mb4_unicode_ci NOT NULL,
  `scheme_type` enum('blank','year') COLLATE utf8mb4_unicode_ci NOT NULL,
  `prefix` varchar(191) COLLATE utf8mb4_unicode_ci DEFAULT NULL,
  `start_number` int(11) DEFAULT NULL,
  `invoice_count` int(11) NOT NULL DEFAULT 0,
  `total_digits` int(11) DEFAULT NULL,
  `is_default` tinyint(1) NOT NULL DEFAULT 0,
  `created_at` timestamp NULL DEFAULT NULL,
  `updated_at` timestamp NULL DEFAULT NULL
) ENGINE=InnoDB DEFAULT CHARSET=utf8mb4 COLLATE=utf8mb4_unicode_ci;

--
-- Dumping data for table `invoice_schemes`
--

INSERT INTO `invoice_schemes` (`id`, `business_id`, `name`, `scheme_type`, `prefix`, `start_number`, `invoice_count`, `total_digits`, `is_default`, `created_at`, `updated_at`) VALUES
(1, 1, 'Default', 'blank', '', 1, 0, 4, 1, '2019-05-24 21:02:28', '2019-05-24 21:02:28');

-- --------------------------------------------------------

--
-- Table structure for table `migrations`
--

CREATE TABLE `migrations` (
  `id` int(10) UNSIGNED NOT NULL,
  `migration` varchar(191) COLLATE utf8mb4_unicode_ci NOT NULL,
  `batch` int(11) NOT NULL
) ENGINE=InnoDB DEFAULT CHARSET=utf8mb4 COLLATE=utf8mb4_unicode_ci;

--
-- Dumping data for table `migrations`
--

INSERT INTO `migrations` (`id`, `migration`, `batch`) VALUES
(1, '2014_10_12_000000_create_users_table', 1),
(2, '2014_10_12_100000_create_password_resets_table', 1),
(3, '2017_07_05_071953_create_currencies_table', 1),
(4, '2017_07_05_073658_create_business_table', 1),
(5, '2017_07_22_075923_add_business_id_users_table', 1),
(6, '2017_07_23_113209_create_brands_table', 1),
(7, '2017_07_26_083429_create_permission_tables', 1),
(8, '2017_07_26_110000_create_tax_rates_table', 1),
(9, '2017_07_26_122313_create_units_table', 1),
(10, '2017_07_27_075706_create_contacts_table', 1),
(11, '2017_08_04_071038_create_categories_table', 1),
(12, '2017_08_08_115903_create_products_table', 1),
(13, '2017_08_09_061616_create_variation_templates_table', 1),
(14, '2017_08_09_061638_create_variation_value_templates_table', 1),
(15, '2017_08_10_061146_create_product_variations_table', 1),
(16, '2017_08_10_061216_create_variations_table', 1),
(17, '2017_08_19_054827_create_transactions_table', 1),
(18, '2017_08_31_073533_create_purchase_lines_table', 1),
(19, '2017_10_15_064638_create_transaction_payments_table', 1),
(20, '2017_10_31_065621_add_default_sales_tax_to_business_table', 1),
(21, '2017_11_20_051930_create_table_group_sub_taxes', 1),
(22, '2017_11_20_063603_create_transaction_sell_lines', 1),
(23, '2017_11_21_064540_create_barcodes_table', 1),
(24, '2017_11_23_181237_create_invoice_schemes_table', 1),
(25, '2017_12_25_122822_create_business_locations_table', 1),
(26, '2017_12_25_160253_add_location_id_to_transactions_table', 1),
(27, '2017_12_25_163227_create_variation_location_details_table', 1),
(28, '2018_01_04_115627_create_sessions_table', 1),
(29, '2018_01_05_112817_create_invoice_layouts_table', 1),
(30, '2018_01_06_112303_add_invoice_scheme_id_and_invoice_layout_id_to_business_locations', 1),
(31, '2018_01_08_104124_create_expense_categories_table', 1),
(32, '2018_01_08_123327_modify_transactions_table_for_expenses', 1),
(33, '2018_01_09_111005_modify_payment_status_in_transactions_table', 1),
(34, '2018_01_09_111109_add_paid_on_column_to_transaction_payments_table', 1),
(35, '2018_01_25_172439_add_printer_related_fields_to_business_locations_table', 1),
(36, '2018_01_27_184322_create_printers_table', 1),
(37, '2018_01_30_181442_create_cash_registers_table', 1),
(38, '2018_01_31_125836_create_cash_register_transactions_table', 1),
(39, '2018_02_07_173326_modify_business_table', 1),
(40, '2018_02_08_105425_add_enable_product_expiry_column_to_business_table', 1),
(41, '2018_02_08_111027_add_expiry_period_and_expiry_period_type_columns_to_products_table', 1),
(42, '2018_02_08_131118_add_mfg_date_and_exp_date_purchase_lines_table', 1),
(43, '2018_02_08_155348_add_exchange_rate_to_transactions_table', 1),
(44, '2018_02_09_124945_modify_transaction_payments_table_for_contact_payments', 1),
(45, '2018_02_12_113640_create_transaction_sell_lines_purchase_lines_table', 1),
(46, '2018_02_12_114605_add_quantity_sold_in_purchase_lines_table', 1),
(47, '2018_02_13_183323_alter_decimal_fields_size', 1),
(48, '2018_02_14_161928_add_transaction_edit_days_to_business_table', 1),
(49, '2018_02_15_161032_add_document_column_to_transactions_table', 1),
(50, '2018_02_17_124709_add_more_options_to_invoice_layouts', 1),
(51, '2018_02_19_111517_add_keyboard_shortcut_column_to_business_table', 1),
(52, '2018_02_19_121537_stock_adjustment_move_to_transaction_table', 1),
(53, '2018_02_20_165505_add_is_direct_sale_column_to_transactions_table', 1),
(54, '2018_02_21_105329_create_system_table', 1),
(55, '2018_02_23_100549_version_1_2', 1),
(56, '2018_02_23_125648_add_enable_editing_sp_from_purchase_column_to_business_table', 1),
(57, '2018_02_26_103612_add_sales_commission_agent_column_to_business_table', 1),
(58, '2018_02_26_130519_modify_users_table_for_sales_cmmsn_agnt', 1),
(59, '2018_02_26_134500_add_commission_agent_to_transactions_table', 1),
(60, '2018_02_27_121422_add_item_addition_method_to_business_table', 1),
(61, '2018_02_27_170232_modify_transactions_table_for_stock_transfer', 1),
(62, '2018_03_05_153510_add_enable_inline_tax_column_to_business_table', 1),
(63, '2018_03_06_210206_modify_product_barcode_types', 1),
(64, '2018_03_13_181541_add_expiry_type_to_business_table', 1),
(65, '2018_03_16_113446_product_expiry_setting_for_business', 1),
(66, '2018_03_19_113601_add_business_settings_options', 1),
(67, '2018_03_26_125334_add_pos_settings_to_business_table', 1),
(68, '2018_03_26_165350_create_customer_groups_table', 1),
(69, '2018_03_27_122720_customer_group_related_changes_in_tables', 1),
(70, '2018_03_29_110138_change_tax_field_to_nullable_in_business_table', 1),
(71, '2018_03_29_115502_add_changes_for_sr_number_in_products_and_sale_lines_table', 1),
(72, '2018_03_29_134340_add_inline_discount_fields_in_purchase_lines', 1),
(73, '2018_03_31_140921_update_transactions_table_exchange_rate', 1),
(74, '2018_04_03_103037_add_contact_id_to_contacts_table', 1),
(75, '2018_04_03_122709_add_changes_to_invoice_layouts_table', 1),
(76, '2018_04_09_135320_change_exchage_rate_size_in_business_table', 1),
(77, '2018_04_17_123122_add_lot_number_to_business', 1),
(78, '2018_04_17_160845_add_product_racks_table', 1),
(79, '2018_04_20_182015_create_res_tables_table', 1),
(80, '2018_04_24_105246_restaurant_fields_in_transaction_table', 1),
(81, '2018_04_24_114149_add_enabled_modules_business_table', 1),
(82, '2018_04_24_133704_add_modules_fields_in_invoice_layout_table', 1),
(83, '2018_04_27_132653_quotation_related_change', 1),
(84, '2018_05_02_104439_add_date_format_and_time_format_to_business', 1),
(85, '2018_05_02_111939_add_sell_return_to_transaction_payments', 1),
(86, '2018_05_14_114027_add_rows_positions_for_products', 1),
(87, '2018_05_14_125223_add_weight_to_products_table', 1),
(88, '2018_05_14_164754_add_opening_stock_permission', 1),
(89, '2018_05_15_134729_add_design_to_invoice_layouts', 1),
(90, '2018_05_16_183307_add_tax_fields_invoice_layout', 1),
(91, '2018_05_18_191956_add_sell_return_to_transaction_table', 1),
(92, '2018_05_21_131349_add_custom_fileds_to_contacts_table', 1),
(93, '2018_05_21_131607_invoice_layout_fields_for_sell_return', 1),
(94, '2018_05_21_131949_add_custom_fileds_and_website_to_business_locations_table', 1),
(95, '2018_05_22_123527_create_reference_counts_table', 1),
(96, '2018_05_22_154540_add_ref_no_prefixes_column_to_business_table', 1),
(97, '2018_05_24_132620_add_ref_no_column_to_transaction_payments_table', 1),
(98, '2018_05_24_161026_add_location_id_column_to_business_location_table', 1),
(99, '2018_05_25_180603_create_modifiers_related_table', 1),
(100, '2018_05_29_121714_add_purchase_line_id_to_stock_adjustment_line_table', 1),
(101, '2018_05_31_114645_add_res_order_status_column_to_transactions_table', 1),
(102, '2018_06_05_103530_rename_purchase_line_id_in_stock_adjustment_lines_table', 1),
(103, '2018_06_05_111905_modify_products_table_for_modifiers', 1),
(104, '2018_06_06_110524_add_parent_sell_line_id_column_to_transaction_sell_lines_table', 1),
(105, '2018_06_07_152443_add_is_service_staff_to_roles_table', 1),
(106, '2018_06_07_182258_add_image_field_to_products_table', 1),
(107, '2018_06_13_133705_create_bookings_table', 1),
(108, '2018_06_15_173636_add_email_column_to_contacts_table', 1),
(109, '2018_06_27_182835_add_superadmin_related_fields_business', 1),
(110, '2018_07_10_101913_add_custom_fields_to_products_table', 1),
(111, '2018_07_17_103434_add_sales_person_name_label_to_invoice_layouts_table', 1),
(112, '2018_07_17_120612_change_all_quantity_field_type_to_decimal', 1),
(113, '2018_07_17_163920_add_theme_skin_color_column_to_business_table', 1),
(114, '2018_07_24_160319_add_lot_no_line_id_to_transaction_sell_lines_table', 1),
(115, '2018_07_25_110004_add_show_expiry_and_show_lot_colums_to_invoice_layouts_table', 1),
(116, '2018_07_25_172004_add_discount_columns_to_transaction_sell_lines_table', 1),
(117, '2018_07_26_124720_change_design_column_type_in_invoice_layouts_table', 1),
(118, '2018_07_26_170424_add_unit_price_before_discount_column_to_transaction_sell_line_table', 1),
(119, '2018_07_28_103614_add_credit_limit_column_to_contacts_table', 1),
(120, '2018_08_08_110755_add_new_payment_methods_to_transaction_payments_table', 1),
(121, '2018_08_08_122225_modify_cash_register_transactions_table_for_new_payment_methods', 1),
(122, '2018_08_14_104036_add_opening_balance_type_to_transactions_table', 1),
(123, '2018_09_06_114438_create_selling_price_groups_table', 1),
(124, '2018_09_06_154057_create_variation_group_prices_table', 1),
(125, '2018_09_07_102413_add_permission_to_access_default_selling_price', 1),
(126, '2018_09_07_134858_add_selling_price_group_id_to_transactions_table', 1),
(127, '2018_09_10_112448_update_product_type_to_single_if_null_in_products_table', 1),
(128, '2018_09_10_173656_add_account_id_column_to_transaction_payments_table', 1),
(129, '2018_09_19_123914_create_notification_templates_table', 1),
(130, '2018_09_22_110504_add_sms_and_email_settings_columns_to_business_table', 1),
(131, '2018_09_24_134942_add_lot_no_line_id_to_stock_adjustment_lines_table', 1),
(132, '2018_09_27_111609_modify_transactions_table_for_purchase_return', 1),
(133, '2018_09_27_131154_add_quantity_returned_column_to_purchase_lines_table', 1),
(134, '2018_10_02_131401_add_return_quantity_column_to_transaction_sell_lines_table', 1),
(135, '2018_10_03_104918_add_qty_returned_column_to_transaction_sell_lines_purchase_lines_table', 1),
(136, '2018_10_03_185947_add_default_notification_templates_to_database', 1),
(137, '2018_10_09_153105_add_business_id_to_transaction_payments_table', 1),
(138, '2018_10_16_135229_create_permission_for_sells_and_purchase', 1),
(139, '2018_10_22_114441_add_columns_for_variable_product_modifications', 1),
(140, '2018_10_22_134428_modify_variable_product_data', 1),
(141, '2018_10_30_181558_add_table_tax_headings_to_invoice_layout', 1),
(142, '2018_10_31_122619_add_pay_terms_field_transactions_table', 1),
(143, '2018_10_31_161328_add_new_permissions_for_pos_screen', 1),
(144, '2018_10_31_174752_add_access_selected_contacts_only_to_users_table', 1),
(145, '2018_10_31_175627_add_user_contact_access', 1),
(146, '2018_10_31_180559_add_auto_send_sms_column_to_notification_templates_table', 1),
(147, '2018_11_02_171949_change_card_type_column_to_varchar_in_transaction_payments_table', 1),
(148, '2018_11_08_105621_add_role_permissions', 1);

-- --------------------------------------------------------

--
-- Table structure for table `model_has_permissions`
--

CREATE TABLE `model_has_permissions` (
  `permission_id` int(10) UNSIGNED NOT NULL,
  `model_id` int(10) UNSIGNED NOT NULL,
  `model_type` varchar(191) COLLATE utf8mb4_unicode_ci NOT NULL
) ENGINE=InnoDB DEFAULT CHARSET=utf8mb4 COLLATE=utf8mb4_unicode_ci;

-- --------------------------------------------------------

--
-- Table structure for table `model_has_roles`
--

CREATE TABLE `model_has_roles` (
  `role_id` int(10) UNSIGNED NOT NULL,
  `model_id` int(10) UNSIGNED NOT NULL,
  `model_type` varchar(191) COLLATE utf8mb4_unicode_ci NOT NULL
) ENGINE=InnoDB DEFAULT CHARSET=utf8mb4 COLLATE=utf8mb4_unicode_ci;

--
-- Dumping data for table `model_has_roles`
--

INSERT INTO `model_has_roles` (`role_id`, `model_id`, `model_type`) VALUES
(1, 1, 'App\\User'),
(2, 5, 'App\\User'),
(3, 2, 'App\\User'),
(3, 3, 'App\\User'),
(3, 4, 'App\\User');

-- --------------------------------------------------------

--
-- Table structure for table `notification_templates`
--

CREATE TABLE `notification_templates` (
  `id` int(10) UNSIGNED NOT NULL,
  `business_id` int(11) NOT NULL,
  `template_for` varchar(191) COLLATE utf8mb4_unicode_ci NOT NULL,
  `email_body` text COLLATE utf8mb4_unicode_ci DEFAULT NULL,
  `sms_body` text COLLATE utf8mb4_unicode_ci DEFAULT NULL,
  `subject` varchar(191) COLLATE utf8mb4_unicode_ci DEFAULT NULL,
  `auto_send` tinyint(1) NOT NULL DEFAULT 0,
  `auto_send_sms` tinyint(1) NOT NULL DEFAULT 0,
  `created_at` timestamp NULL DEFAULT NULL,
  `updated_at` timestamp NULL DEFAULT NULL
) ENGINE=InnoDB DEFAULT CHARSET=utf8mb4 COLLATE=utf8mb4_unicode_ci;

--
-- Dumping data for table `notification_templates`
--

INSERT INTO `notification_templates` (`id`, `business_id`, `template_for`, `email_body`, `sms_body`, `subject`, `auto_send`, `auto_send_sms`, `created_at`, `updated_at`) VALUES
(1, 1, 'new_sale', '<p>Dear {contact_name},</p>\n\n                    <p>Your invoice number is {invoice_number}<br />\n                    Total amount: {total_amount}<br />\n                    Paid amount: {paid_amount}</p>\n\n                    <p>Thank you for shopping with us.</p>\n\n                    <p>{business_logo}</p>\n\n                    <p>&nbsp;</p>', 'Dear {contact_name}, Thank you for shopping with us. {business_name}', 'Thank you from {business_name}', 0, 0, '2019-05-24 21:02:29', '2019-05-24 21:02:29'),
(2, 1, 'payment_received', '<p>Dear {contact_name},</p>\n\n                <p>We have received a payment of {paid_amount}</p>\n\n                <p>{business_logo}</p>', 'Dear {contact_name}, We have received a payment of {paid_amount}. {business_name}', 'Payment Received, from {business_name}', 0, 0, '2019-05-24 21:02:29', '2019-05-24 21:02:29'),
(3, 1, 'payment_reminder', '<p>Dear {contact_name},</p>\n\n                    <p>This is to remind you that you have pending payment of {due_amount}. Kindly pay it as soon as possible.</p>\n\n                    <p>{business_logo}</p>', 'Dear {contact_name}, You have pending payment of {due_amount}. Kindly pay it as soon as possible. {business_name}', 'Payment Reminder, from {business_name}', 0, 0, '2019-05-24 21:02:29', '2019-05-24 21:02:29'),
(4, 1, 'new_booking', '<p>Dear {contact_name},</p>\n\n                    <p>Your booking is confirmed</p>\n\n                    <p>Date: {start_time} to {end_time}</p>\n\n                    <p>Table: {table}</p>\n\n                    <p>Location: {location}</p>\n\n                    <p>{business_logo}</p>', 'Dear {contact_name}, Your booking is confirmed. Date: {start_time} to {end_time}, Table: {table}, Location: {location}', 'Booking Confirmed - {business_name}', 0, 0, '2019-05-24 21:02:29', '2019-05-24 21:02:29'),
(5, 1, 'new_order', '<p>Dear {contact_name},</p>\n\n                    <p>We have a new order with reference number {invoice_number}. Kindly process the products as soon as possible.</p>\n\n                    <p>{business_name}<br />\n                    {business_logo}</p>', 'Dear {contact_name}, We have a new order with reference number {invoice_number}. Kindly process the products as soon as possible. {business_name}', 'New Order, from {business_name}', 0, 0, '2019-05-24 21:02:29', '2019-05-24 21:02:29'),
(6, 1, 'payment_paid', '<p>Dear {contact_name},</p>\n\n                    <p>We have paid amount {paid_amount} again invoice number {invoice_number}.<br />\n                    Kindly note it down.</p>\n\n                    <p>{business_name}<br />\n                    {business_logo}</p>', 'We have paid amount {paid_amount} again invoice number {invoice_number}.\n                    Kindly note it down. {business_name}', 'Payment Paid, from {business_name}', 0, 0, '2019-05-24 21:02:29', '2019-05-24 21:02:29'),
(7, 1, 'items_received', '<p>Dear {contact_name},</p>\n\n                    <p>We have received all items from invoice reference number {invoice_number}. Thank you for processing it.</p>\n\n                    <p>{business_name}<br />\n                    {business_logo}</p>', 'We have received all items from invoice reference number {invoice_number}. Thank you for processing it. {business_name}', 'Items received, from {business_name}', 0, 0, '2019-05-24 21:02:29', '2019-05-24 21:02:29'),
(8, 1, 'items_pending', '<p>Dear {contact_name},<br />\n                    This is to remind you that we have not yet received some items from invoice reference number {invoice_number}. Please process it as soon as possible.</p>\n\n                    <p>{business_name}<br />\n                    {business_logo}</p>', 'This is to remind you that we have not yet received some items from invoice reference number {invoice_number} . Please process it as soon as possible.{business_name}', 'Items Pending, from {business_name}', 0, 0, '2019-05-24 21:02:29', '2019-05-24 21:02:29');

-- --------------------------------------------------------

--
-- Table structure for table `permissions`
--

CREATE TABLE `permissions` (
  `id` int(10) UNSIGNED NOT NULL,
  `name` varchar(191) COLLATE utf8mb4_unicode_ci NOT NULL,
  `guard_name` varchar(191) COLLATE utf8mb4_unicode_ci NOT NULL,
  `created_at` timestamp NULL DEFAULT NULL,
  `updated_at` timestamp NULL DEFAULT NULL
) ENGINE=InnoDB DEFAULT CHARSET=utf8mb4 COLLATE=utf8mb4_unicode_ci;

--
-- Dumping data for table `permissions`
--

INSERT INTO `permissions` (`id`, `name`, `guard_name`, `created_at`, `updated_at`) VALUES
(1, 'profit_loss_report.view', 'web', '2019-05-24 20:56:20', NULL),
(2, 'direct_sell.access', 'web', '2019-05-24 20:56:20', NULL),
(3, 'product.opening_stock', 'web', '2019-05-24 20:57:21', '2019-05-24 20:57:21'),
(4, 'crud_all_bookings', 'web', '2019-05-24 20:57:46', '2019-05-24 20:57:46'),
(5, 'crud_own_bookings', 'web', '2019-05-24 20:57:46', '2019-05-24 20:57:46'),
(6, 'access_default_selling_price', 'web', '2019-05-24 20:58:34', '2019-05-24 20:58:34'),
(7, 'purchase.payments', 'web', '2019-05-24 20:58:50', '2019-05-24 20:58:50'),
(8, 'sell.payments', 'web', '2019-05-24 20:58:50', '2019-05-24 20:58:50'),
(9, 'edit_product_price_from_sale_screen', 'web', '2019-05-24 20:58:57', '2019-05-24 20:58:57'),
(10, 'edit_product_discount_from_sale_screen', 'web', '2019-05-24 20:58:57', '2019-05-24 20:58:57'),
(11, 'roles.view', 'web', '2019-05-24 20:59:02', '2019-05-24 20:59:02'),
(12, 'roles.create', 'web', '2019-05-24 20:59:02', '2019-05-24 20:59:02'),
(13, 'roles.update', 'web', '2019-05-24 20:59:02', '2019-05-24 20:59:02'),
(14, 'roles.delete', 'web', '2019-05-24 20:59:02', '2019-05-24 20:59:02'),
(15, 'user.view', 'web', '2019-05-24 20:59:03', NULL),
(16, 'user.create', 'web', '2019-05-24 20:59:03', NULL),
(17, 'user.update', 'web', '2019-05-24 20:59:03', NULL),
(18, 'user.delete', 'web', '2019-05-24 20:59:03', NULL),
(19, 'supplier.view', 'web', '2019-05-24 20:59:03', NULL),
(20, 'supplier.create', 'web', '2019-05-24 20:59:03', NULL),
(21, 'supplier.update', 'web', '2019-05-24 20:59:03', NULL),
(22, 'supplier.delete', 'web', '2019-05-24 20:59:03', NULL),
(23, 'customer.view', 'web', '2019-05-24 20:59:03', NULL),
(24, 'customer.create', 'web', '2019-05-24 20:59:03', NULL),
(25, 'customer.update', 'web', '2019-05-24 20:59:03', NULL),
(26, 'customer.delete', 'web', '2019-05-24 20:59:03', NULL),
(27, 'product.view', 'web', '2019-05-24 20:59:03', NULL),
(28, 'product.create', 'web', '2019-05-24 20:59:03', NULL),
(29, 'product.update', 'web', '2019-05-24 20:59:03', NULL),
(30, 'product.delete', 'web', '2019-05-24 20:59:03', NULL),
(31, 'purchase.view', 'web', '2019-05-24 20:59:03', NULL),
(32, 'purchase.create', 'web', '2019-05-24 20:59:03', NULL),
(33, 'purchase.update', 'web', '2019-05-24 20:59:03', NULL),
(34, 'purchase.delete', 'web', '2019-05-24 20:59:03', NULL),
(35, 'sell.view', 'web', '2019-05-24 20:59:03', NULL),
(36, 'sell.create', 'web', '2019-05-24 20:59:03', NULL),
(37, 'sell.update', 'web', '2019-05-24 20:59:03', NULL),
(38, 'sell.delete', 'web', '2019-05-24 20:59:03', NULL),
(39, 'purchase_n_sell_report.view', 'web', '2019-05-24 20:59:03', NULL),
(40, 'contacts_report.view', 'web', '2019-05-24 20:59:03', NULL),
(41, 'stock_report.view', 'web', '2019-05-24 20:59:03', NULL),
(42, 'tax_report.view', 'web', '2019-05-24 20:59:03', NULL),
(43, 'trending_product_report.view', 'web', '2019-05-24 20:59:03', NULL),
(44, 'register_report.view', 'web', '2019-05-24 20:59:03', NULL),
(45, 'sales_representative.view', 'web', '2019-05-24 20:59:03', NULL),
(46, 'expense_report.view', 'web', '2019-05-24 20:59:03', NULL),
(47, 'business_settings.access', 'web', '2019-05-24 20:59:03', NULL),
(48, 'barcode_settings.access', 'web', '2019-05-24 20:59:03', NULL),
(49, 'invoice_settings.access', 'web', '2019-05-24 20:59:03', NULL),
(50, 'brand.view', 'web', '2019-05-24 20:59:03', NULL),
(51, 'brand.create', 'web', '2019-05-24 20:59:03', NULL),
(52, 'brand.update', 'web', '2019-05-24 20:59:03', NULL),
(53, 'brand.delete', 'web', '2019-05-24 20:59:03', NULL),
(54, 'tax_rate.view', 'web', '2019-05-24 20:59:03', NULL),
(55, 'tax_rate.create', 'web', '2019-05-24 20:59:03', NULL),
(56, 'tax_rate.update', 'web', '2019-05-24 20:59:03', NULL),
(57, 'tax_rate.delete', 'web', '2019-05-24 20:59:03', NULL),
(58, 'unit.view', 'web', '2019-05-24 20:59:03', NULL),
(59, 'unit.create', 'web', '2019-05-24 20:59:03', NULL),
(60, 'unit.update', 'web', '2019-05-24 20:59:03', NULL),
(61, 'unit.delete', 'web', '2019-05-24 20:59:03', NULL),
(62, 'category.view', 'web', '2019-05-24 20:59:03', NULL),
(63, 'category.create', 'web', '2019-05-24 20:59:03', NULL),
(64, 'category.update', 'web', '2019-05-24 20:59:03', NULL),
(65, 'category.delete', 'web', '2019-05-24 20:59:03', NULL),
(66, 'expense.access', 'web', '2019-05-24 20:59:03', NULL),
(67, 'access_all_locations', 'web', '2019-05-24 20:59:03', NULL),
(68, 'dashboard.data', 'web', '2019-05-24 20:59:03', NULL),
(69, 'location.1', 'web', '2019-05-24 21:02:29', '2019-05-24 21:02:29'),
(70, 'location.2', 'web', '2019-05-26 12:38:56', '2019-05-26 12:38:56'),
(71, 'location.3', 'web', '2019-05-26 12:40:15', '2019-05-26 12:40:15');

-- --------------------------------------------------------

--
-- Table structure for table `printers`
--

CREATE TABLE `printers` (
  `id` int(10) UNSIGNED NOT NULL,
  `business_id` int(10) UNSIGNED NOT NULL,
  `name` varchar(256) COLLATE utf8mb4_unicode_ci NOT NULL,
  `connection_type` enum('network','windows','linux') COLLATE utf8mb4_unicode_ci NOT NULL,
  `capability_profile` enum('default','simple','SP2000','TEP-200M','P822D') COLLATE utf8mb4_unicode_ci NOT NULL DEFAULT 'default',
  `char_per_line` varchar(191) COLLATE utf8mb4_unicode_ci DEFAULT NULL,
  `ip_address` varchar(191) COLLATE utf8mb4_unicode_ci DEFAULT NULL,
  `port` varchar(191) COLLATE utf8mb4_unicode_ci DEFAULT NULL,
  `path` varchar(191) COLLATE utf8mb4_unicode_ci DEFAULT NULL,
  `created_by` int(10) UNSIGNED NOT NULL,
  `created_at` timestamp NULL DEFAULT NULL,
  `updated_at` timestamp NULL DEFAULT NULL
) ENGINE=InnoDB DEFAULT CHARSET=utf8mb4 COLLATE=utf8mb4_unicode_ci;

-- --------------------------------------------------------

--
-- Table structure for table `products`
--

CREATE TABLE `products` (
  `id` int(10) UNSIGNED NOT NULL,
  `name` varchar(191) COLLATE utf8mb4_unicode_ci NOT NULL,
  `business_id` int(10) UNSIGNED NOT NULL,
  `type` enum('single','variable','modifier') COLLATE utf8mb4_unicode_ci DEFAULT NULL,
  `unit_id` int(11) UNSIGNED DEFAULT NULL,
  `brand_id` int(10) UNSIGNED DEFAULT NULL,
  `category_id` int(10) UNSIGNED DEFAULT NULL,
  `sub_category_id` int(10) UNSIGNED DEFAULT NULL,
  `tax` int(10) UNSIGNED DEFAULT NULL,
  `tax_type` enum('inclusive','exclusive') COLLATE utf8mb4_unicode_ci NOT NULL,
  `enable_stock` tinyint(1) NOT NULL DEFAULT 0,
  `alert_quantity` int(11) NOT NULL,
  `sku` varchar(191) COLLATE utf8mb4_unicode_ci NOT NULL,
  `barcode_type` enum('C39','C128','EAN13','EAN8','UPCA','UPCE') COLLATE utf8mb4_unicode_ci DEFAULT 'C128',
  `expiry_period` decimal(4,2) DEFAULT NULL,
  `expiry_period_type` enum('days','months') COLLATE utf8mb4_unicode_ci DEFAULT NULL,
  `enable_sr_no` tinyint(1) NOT NULL DEFAULT 0,
  `weight` varchar(191) COLLATE utf8mb4_unicode_ci DEFAULT NULL,
  `product_custom_field1` varchar(191) COLLATE utf8mb4_unicode_ci DEFAULT NULL,
  `product_custom_field2` varchar(191) COLLATE utf8mb4_unicode_ci DEFAULT NULL,
  `product_custom_field3` varchar(191) COLLATE utf8mb4_unicode_ci DEFAULT NULL,
  `product_custom_field4` varchar(191) COLLATE utf8mb4_unicode_ci DEFAULT NULL,
  `image` varchar(191) COLLATE utf8mb4_unicode_ci DEFAULT NULL,
  `created_by` int(10) UNSIGNED NOT NULL,
  `created_at` timestamp NULL DEFAULT NULL,
  `updated_at` timestamp NULL DEFAULT NULL
) ENGINE=InnoDB DEFAULT CHARSET=utf8mb4 COLLATE=utf8mb4_unicode_ci;

--
-- Dumping data for table `products`
--

INSERT INTO `products` (`id`, `name`, `business_id`, `type`, `unit_id`, `brand_id`, `category_id`, `sub_category_id`, `tax`, `tax_type`, `enable_stock`, `alert_quantity`, `sku`, `barcode_type`, `expiry_period`, `expiry_period_type`, `enable_sr_no`, `weight`, `product_custom_field1`, `product_custom_field2`, `product_custom_field3`, `product_custom_field4`, `image`, `created_by`, `created_at`, `updated_at`) VALUES
(1, 'DUKE SOCKS', 1, 'variable', 1, NULL, 1, NULL, 1, 'exclusive', 1, 50, 'BB0001', 'C128', NULL, NULL, 0, NULL, NULL, NULL, NULL, NULL, NULL, 1, '2019-05-26 13:54:51', '2019-05-26 13:54:51'),
(3, 'GREY SOCKS - GREEN & YELLOW STRIPES', 1, 'variable', 1, NULL, 1, NULL, 1, 'exclusive', 1, 50, 'BB0003', 'C128', NULL, NULL, 0, NULL, NULL, NULL, NULL, NULL, NULL, 1, '2019-05-26 14:30:23', '2019-05-26 14:30:23'),
(4, 'GREY SOCKS - BLUE & WHITE STRIPES', 1, 'variable', 1, NULL, 1, NULL, 1, 'exclusive', 1, 50, 'BB0004', 'C128', NULL, NULL, 0, NULL, NULL, NULL, NULL, NULL, NULL, 1, '2019-05-26 14:32:11', '2019-05-26 14:32:11'),
(5, 'GREY SOCKS - NAVY & YELLOW STRIPES', 1, 'variable', 1, NULL, 1, NULL, 1, 'exclusive', 1, 50, 'BB0005', 'C128', NULL, NULL, 0, NULL, NULL, NULL, NULL, NULL, NULL, 1, '2019-05-26 14:38:45', '2019-05-27 11:48:36'),
(6, 'GREY SOCKS - RED STRIPES', 1, 'variable', 1, NULL, 1, NULL, 1, 'exclusive', 1, 50, 'BB0006', 'C128', NULL, NULL, 0, NULL, NULL, NULL, NULL, NULL, NULL, 1, '2019-05-27 11:49:31', '2019-05-27 11:55:58'),
(7, 'GREY SOCKS - MAROON & YELLOW STRIPES', 1, 'variable', 1, NULL, 1, NULL, 1, 'exclusive', 1, 50, 'BB0007', 'C128', NULL, NULL, 0, NULL, NULL, NULL, NULL, NULL, NULL, 1, '2019-05-27 11:52:14', '2019-05-27 11:52:14'),
(8, 'GREY SOCKS - RED & WHITE STRIPES', 1, 'variable', 1, NULL, 1, NULL, 1, 'exclusive', 1, 50, 'BB0008', 'C128', NULL, NULL, 0, NULL, NULL, NULL, NULL, NULL, NULL, 1, '2019-05-27 11:53:32', '2019-05-27 11:53:32'),
(9, 'GREY SOCKS - GREEN & WHITE STRIPES', 1, 'variable', 1, NULL, 1, NULL, 1, 'exclusive', 1, 50, 'BB0009', 'C128', NULL, NULL, 0, NULL, NULL, NULL, NULL, NULL, NULL, 1, '2019-05-27 11:54:42', '2019-05-27 11:54:42'),
(10, 'GREY SOCKS - PURPLE & WHITE STRIPES', 1, 'variable', 1, NULL, 1, NULL, 1, 'exclusive', 1, 50, 'BB0010', 'C128', NULL, NULL, 0, NULL, NULL, NULL, NULL, NULL, NULL, 1, '2019-05-27 11:56:41', '2019-05-27 11:56:41'),
(11, 'GREY SOCKS - MAROON STRIPES', 1, 'variable', 1, NULL, 1, NULL, 1, 'exclusive', 1, 50, 'BB0011', 'C128', NULL, NULL, 0, NULL, NULL, NULL, NULL, NULL, NULL, 1, '2019-05-27 11:57:53', '2019-05-27 11:57:53'),
(12, 'GREY SOCKS - NAVY BLUE & RED STRIPES', 1, 'variable', 1, NULL, 1, NULL, 1, 'exclusive', 1, 50, 'BB0012', 'C128', NULL, NULL, 0, NULL, NULL, NULL, NULL, NULL, NULL, 1, '2019-05-27 12:00:48', '2019-05-27 12:00:48'),
(13, 'NAVY SOCKS - WHITE STRIPES', 1, 'variable', 1, NULL, 1, NULL, 1, 'exclusive', 1, 50, 'BB0013', 'C128', NULL, NULL, 0, NULL, NULL, NULL, NULL, NULL, NULL, 1, '2019-05-27 12:02:20', '2019-05-27 12:02:20'),
(14, 'NAVY SOCKS - GREEN STRIPES', 1, 'variable', 1, NULL, 1, NULL, 1, 'exclusive', 1, 50, 'BB0014', 'C128', NULL, NULL, 0, NULL, NULL, NULL, NULL, NULL, NULL, 1, '2019-05-27 12:03:16', '2019-05-27 12:03:16'),
(15, 'BEIGE SOCKS - BROWN STRIPES', 1, 'variable', 1, NULL, 1, NULL, 1, 'exclusive', 1, 50, 'BB0015', 'C128', NULL, NULL, 0, NULL, NULL, NULL, NULL, NULL, NULL, 1, '2019-05-27 12:04:34', '2019-05-27 12:04:34'),
(16, 'WHITE SOCKS - MAROON STRIPES', 1, 'variable', 1, NULL, 1, NULL, 1, 'exclusive', 1, 50, 'BB0016', 'C128', NULL, NULL, 0, NULL, NULL, NULL, NULL, NULL, NULL, 1, '2019-05-27 12:07:56', '2019-05-27 12:07:56'),
(17, 'WHITE SOCKS - BLUE STRIPES', 1, 'variable', 1, NULL, 1, NULL, 1, 'exclusive', 1, 50, 'BB0017', 'C128', NULL, NULL, 0, NULL, NULL, NULL, NULL, NULL, NULL, 1, '2019-05-27 12:24:45', '2019-05-27 12:24:45'),
(18, 'WHITE SOCKS - BLUE & YELLOW STRIPES', 1, 'variable', 1, NULL, 1, NULL, 1, 'exclusive', 1, 50, 'BB0018', 'C128', NULL, NULL, 0, NULL, NULL, NULL, NULL, NULL, NULL, 1, '2019-05-27 12:25:54', '2019-05-27 12:25:54'),
(19, 'WHITE SOCKS - RED STRIPES', 1, 'variable', 1, NULL, 1, NULL, 1, 'exclusive', 1, 50, 'BB0019', 'C128', NULL, NULL, 0, NULL, NULL, NULL, NULL, NULL, NULL, 1, '2019-05-27 12:27:27', '2019-05-27 12:27:27'),
(20, 'WHITE SOCKS - BROWN STRIPES', 1, 'variable', 1, NULL, 1, NULL, 1, 'exclusive', 1, 50, 'BB0020', 'C128', NULL, NULL, 0, NULL, NULL, NULL, NULL, NULL, NULL, 1, '2019-05-27 12:28:48', '2019-05-27 12:28:48'),
(21, 'WHITE SOCKS - NAVY & RED STRIPES', 1, 'variable', 1, NULL, 1, NULL, 1, 'exclusive', 1, 50, 'BB0021', 'C128', NULL, NULL, 0, NULL, NULL, NULL, NULL, NULL, NULL, 1, '2019-05-27 12:30:16', '2019-05-27 12:30:16'),
(22, 'WHITE SOCKS - PURPLE STRIPES', 1, 'variable', 1, NULL, 1, NULL, 1, 'exclusive', 1, 50, 'BB0022', 'C128', NULL, NULL, 0, NULL, NULL, NULL, NULL, NULL, NULL, 1, '2019-05-27 12:31:31', '2019-05-27 12:31:31'),
(23, 'WHITE SOCKS - GREEN STRIPES', 1, 'variable', 1, NULL, 1, NULL, 1, 'exclusive', 1, 50, 'BB0023', 'C128', NULL, NULL, 0, NULL, NULL, NULL, NULL, NULL, NULL, 1, '2019-05-27 12:32:21', '2019-05-27 12:32:21'),
(24, 'RED STOCKINGS', 1, 'variable', 1, NULL, 1, NULL, NULL, 'exclusive', 1, 50, 'BB0024', 'C128', NULL, NULL, 0, NULL, NULL, NULL, NULL, NULL, NULL, 1, '2019-05-27 12:42:48', '2019-05-27 12:42:48'),
(25, 'WHITE STOCKINGS', 1, 'variable', 1, NULL, 1, NULL, 1, 'exclusive', 1, 50, 'BB0025', 'C128', NULL, NULL, 0, NULL, NULL, NULL, NULL, NULL, NULL, 1, '2019-05-27 12:46:10', '2019-05-27 12:46:10'),
(26, 'GREY STOCKINGS', 1, 'variable', 1, NULL, 1, NULL, 1, 'exclusive', 1, 50, 'BB0026', 'C128', NULL, NULL, 0, NULL, NULL, NULL, NULL, NULL, NULL, 1, '2019-05-27 12:47:25', '2019-05-27 12:47:25'),
(27, 'RED SCHOOL SHORT', 1, 'variable', 1, NULL, 2, NULL, 1, 'exclusive', 1, 50, 'BB0027', 'C128', NULL, NULL, 0, NULL, NULL, NULL, NULL, NULL, NULL, 1, '2019-05-27 12:57:46', '2019-05-27 12:57:46'),
(28, 'MAROON SCHOOL SHORT', 1, 'variable', 1, NULL, 2, NULL, 1, 'exclusive', 1, 50, 'BB0028', 'C128', NULL, NULL, 0, NULL, NULL, NULL, NULL, NULL, NULL, 1, '2019-05-27 12:59:25', '2019-05-27 12:59:25'),
(29, 'AMERICAN KHAKI SCHOOL SHORT', 1, 'variable', 1, NULL, 2, NULL, 1, 'exclusive', 1, 50, 'BB0029', 'C128', NULL, NULL, 0, NULL, NULL, NULL, NULL, NULL, NULL, 1, '2019-05-27 13:01:34', '2019-05-27 13:01:34'),
(30, 'BROWN SCHOOL SHORT', 1, 'variable', 1, NULL, 2, NULL, 1, 'exclusive', 1, 50, 'BB0030', 'C128', NULL, NULL, 0, NULL, NULL, NULL, NULL, NULL, NULL, 1, '2019-05-27 13:02:43', '2019-05-27 13:02:43'),
(31, 'PURPLE SCHOOL SHORT', 1, 'variable', 1, NULL, 2, NULL, 1, 'exclusive', 1, 50, 'BB0031', 'C128', NULL, NULL, 0, NULL, NULL, NULL, NULL, NULL, NULL, 1, '2019-05-27 13:04:26', '2019-05-27 13:04:26'),
(32, 'KHAKI SCHOOL SHORT', 1, 'variable', 1, NULL, 2, NULL, 1, 'exclusive', 1, 50, 'BB0032', 'C128', NULL, NULL, 0, NULL, NULL, NULL, NULL, NULL, NULL, 1, '2019-05-27 13:07:18', '2019-05-27 13:07:18'),
(33, 'ASH GREY SCHOOL SHORT', 1, 'variable', 1, NULL, 2, NULL, 1, 'exclusive', 1, 50, 'BB0033', 'C128', NULL, NULL, 0, NULL, NULL, NULL, NULL, NULL, NULL, 1, '2019-05-31 14:26:18', '2019-05-31 14:26:18'),
(34, 'NAVY BLUE SCHOOL SHORT', 1, 'variable', 1, NULL, 2, NULL, 1, 'exclusive', 1, 50, 'BB0034', 'C128', NULL, NULL, 0, NULL, NULL, NULL, NULL, NULL, NULL, 1, '2019-05-31 14:30:03', '2019-05-31 14:30:03'),
(35, 'ROYAL BLUE SCHOOL SHORT', 1, 'variable', 1, NULL, 2, NULL, 1, 'exclusive', 1, 50, 'BB0035', 'C128', NULL, NULL, 0, NULL, NULL, NULL, NULL, NULL, NULL, 1, '2019-05-31 14:46:31', '2019-05-31 14:46:31'),
(36, 'DARK GREY SCHOOL SHORT', 1, 'variable', 1, NULL, 2, NULL, 1, 'exclusive', 1, 50, 'BB0036', 'C128', NULL, NULL, 0, NULL, NULL, NULL, NULL, NULL, NULL, 1, '2019-05-31 14:53:57', '2019-05-31 14:53:57'),
(37, 'GREEN SCHOOL SHORT', 1, 'variable', 1, NULL, 2, NULL, 1, 'exclusive', 1, 50, 'BB0037', 'C128', NULL, NULL, 0, NULL, NULL, NULL, NULL, NULL, NULL, 1, '2019-05-31 14:58:02', '2019-05-31 14:58:02'),
(38, 'DARK GREEN SCHOOL SHORT', 1, 'variable', 1, NULL, 2, NULL, 1, 'exclusive', 1, 50, 'BB0038', 'C128', NULL, NULL, 0, NULL, NULL, NULL, NULL, NULL, NULL, 1, '2019-05-31 15:09:40', '2019-05-31 15:09:40'),
(39, 'JUNGLE GREEN SCHOOL SHORT', 1, 'variable', 1, NULL, 2, NULL, 1, 'exclusive', 1, 50, 'BB0039', 'C128', NULL, NULL, 0, NULL, NULL, NULL, NULL, NULL, NULL, 1, '2019-05-31 15:12:09', '2019-05-31 15:12:09'),
(40, 'BLUE T SCHOOL SHORT', 1, 'variable', 1, NULL, 2, NULL, 1, 'exclusive', 1, 50, 'BB0040', 'C128', NULL, NULL, 0, NULL, NULL, NULL, NULL, NULL, NULL, 1, '2019-05-31 15:16:09', '2019-05-31 15:16:09'),
(41, 'CHECKED BLUE & RED SCHOOL SHORT', 1, 'variable', 1, NULL, 2, NULL, 1, 'exclusive', 1, 50, 'BB0041', 'C128', NULL, NULL, 0, NULL, NULL, NULL, NULL, NULL, NULL, 1, '2019-05-31 15:19:35', '2019-05-31 15:19:35'),
(42, 'GREY SCHOOL SHORT', 1, 'variable', 1, NULL, 2, NULL, 1, 'exclusive', 1, 50, 'BB0042', 'C128', NULL, NULL, 0, NULL, NULL, NULL, NULL, NULL, NULL, 1, '2019-05-31 15:22:41', '2019-05-31 15:22:41'),
(43, 'BLACK SCHOOL SHORT', 1, 'variable', 1, NULL, 2, NULL, 1, 'exclusive', 1, 50, 'BB0043', 'C128', NULL, NULL, 0, NULL, NULL, NULL, NULL, NULL, NULL, 1, '2019-05-31 15:26:51', '2019-05-31 15:26:51'),
(44, 'BOX PLEAT', 1, 'variable', 1, NULL, 3, NULL, NULL, 'exclusive', 1, 50, 'BB0044', 'C128', NULL, NULL, 0, NULL, NULL, NULL, NULL, NULL, NULL, 1, '2019-05-31 17:30:49', '2019-05-31 17:30:49'),
(45, 'K.G STYLE', 1, 'variable', 1, NULL, 3, NULL, NULL, 'exclusive', 1, 50, 'BB0045', 'C128', NULL, NULL, 0, NULL, NULL, NULL, NULL, NULL, NULL, 1, '2019-05-31 17:41:45', '2019-05-31 17:41:45'),
(46, 'SIX PIECE', 1, 'variable', 1, NULL, 3, NULL, NULL, 'exclusive', 1, 50, 'BB0046', 'C128', NULL, NULL, 0, NULL, NULL, NULL, NULL, NULL, NULL, 1, '2019-05-31 17:54:59', '2019-05-31 17:54:59');

-- --------------------------------------------------------

--
-- Table structure for table `product_racks`
--

CREATE TABLE `product_racks` (
  `id` int(10) UNSIGNED NOT NULL,
  `business_id` int(10) UNSIGNED NOT NULL,
  `location_id` int(10) UNSIGNED NOT NULL,
  `product_id` int(10) UNSIGNED NOT NULL,
  `rack` varchar(191) COLLATE utf8mb4_unicode_ci DEFAULT NULL,
  `row` varchar(191) COLLATE utf8mb4_unicode_ci DEFAULT NULL,
  `position` varchar(191) COLLATE utf8mb4_unicode_ci DEFAULT NULL,
  `created_at` timestamp NULL DEFAULT NULL,
  `updated_at` timestamp NULL DEFAULT NULL
) ENGINE=InnoDB DEFAULT CHARSET=utf8mb4 COLLATE=utf8mb4_unicode_ci;

-- --------------------------------------------------------

--
-- Table structure for table `product_variations`
--

CREATE TABLE `product_variations` (
  `id` int(10) UNSIGNED NOT NULL,
  `variation_template_id` int(11) DEFAULT NULL,
  `name` varchar(191) COLLATE utf8mb4_unicode_ci NOT NULL,
  `product_id` int(10) UNSIGNED NOT NULL,
  `is_dummy` tinyint(1) NOT NULL DEFAULT 1,
  `created_at` timestamp NULL DEFAULT NULL,
  `updated_at` timestamp NULL DEFAULT NULL
) ENGINE=InnoDB DEFAULT CHARSET=utf8mb4 COLLATE=utf8mb4_unicode_ci;

--
-- Dumping data for table `product_variations`
--

INSERT INTO `product_variations` (`id`, `variation_template_id`, `name`, `product_id`, `is_dummy`, `created_at`, `updated_at`) VALUES
(1, 1, 'Colour', 1, 0, '2019-05-26 13:54:51', '2019-05-26 13:54:51'),
(2, 2, 'Size', 1, 0, '2019-05-26 14:01:25', '2019-05-26 14:01:25'),
(5, 2, 'Size', 3, 0, '2019-05-26 14:30:23', '2019-05-26 14:30:23'),
(6, 2, 'Size', 4, 0, '2019-05-26 14:32:12', '2019-05-26 14:32:12'),
(7, 2, 'Size', 5, 0, '2019-05-26 14:38:45', '2019-05-26 14:38:45'),
(8, 2, 'Size', 6, 0, '2019-05-27 11:49:31', '2019-05-27 11:49:31'),
(9, 2, 'Size', 7, 0, '2019-05-27 11:52:14', '2019-05-27 11:52:14'),
(10, 2, 'Size', 8, 0, '2019-05-27 11:53:32', '2019-05-27 11:53:32'),
(11, 2, 'Size', 9, 0, '2019-05-27 11:54:42', '2019-05-27 11:54:42'),
(12, 2, 'Size', 10, 0, '2019-05-27 11:56:41', '2019-05-27 11:56:41'),
(13, 2, 'Size', 11, 0, '2019-05-27 11:57:53', '2019-05-27 11:57:53'),
(14, 2, 'Size', 12, 0, '2019-05-27 12:00:48', '2019-05-27 12:00:48'),
(15, 2, 'Size', 13, 0, '2019-05-27 12:02:20', '2019-05-27 12:02:20'),
(16, 2, 'Size', 14, 0, '2019-05-27 12:03:16', '2019-05-27 12:03:16'),
(17, 2, 'Size', 15, 0, '2019-05-27 12:04:34', '2019-05-27 12:04:34'),
(18, 2, 'Size', 16, 0, '2019-05-27 12:07:56', '2019-05-27 12:07:56'),
(19, 2, 'Size', 17, 0, '2019-05-27 12:24:45', '2019-05-27 12:24:45'),
(20, 2, 'Size', 18, 0, '2019-05-27 12:25:54', '2019-05-27 12:25:54'),
(21, 2, 'Size', 19, 0, '2019-05-27 12:27:27', '2019-05-27 12:27:27'),
(22, 2, 'Size', 20, 0, '2019-05-27 12:28:48', '2019-05-27 12:28:48'),
(23, 2, 'Size', 21, 0, '2019-05-27 12:30:16', '2019-05-27 12:30:16'),
(24, 2, 'Size', 22, 0, '2019-05-27 12:31:31', '2019-05-27 12:31:31'),
(25, 2, 'Size', 23, 0, '2019-05-27 12:32:21', '2019-05-27 12:32:21'),
(26, 2, 'Size', 24, 0, '2019-05-27 12:42:48', '2019-05-27 12:42:48'),
(27, 2, 'Size', 25, 0, '2019-05-27 12:46:10', '2019-05-27 12:46:10'),
(28, 2, 'Size', 26, 0, '2019-05-27 12:47:25', '2019-05-27 12:47:25'),
(29, 2, 'Size', 27, 0, '2019-05-27 12:57:46', '2019-05-27 12:57:46'),
(30, 2, 'Size', 28, 0, '2019-05-27 12:59:25', '2019-05-27 12:59:25'),
(31, 2, 'Size', 29, 0, '2019-05-27 13:01:34', '2019-05-27 13:01:34'),
(32, 2, 'Size', 30, 0, '2019-05-27 13:02:43', '2019-05-27 13:02:43'),
(33, 2, 'Size', 31, 0, '2019-05-27 13:04:26', '2019-05-27 13:04:26'),
(34, 2, 'Size', 32, 0, '2019-05-27 13:07:18', '2019-05-27 13:07:18'),
(35, 2, 'Size', 33, 0, '2019-05-31 14:26:18', '2019-05-31 14:26:18'),
(36, 2, 'Size', 34, 0, '2019-05-31 14:30:03', '2019-05-31 14:30:03'),
(37, 2, 'Size', 35, 0, '2019-05-31 14:46:31', '2019-05-31 14:46:31'),
(38, 2, 'Size', 36, 0, '2019-05-31 14:53:57', '2019-05-31 14:53:57'),
(39, 2, 'Size', 37, 0, '2019-05-31 14:58:02', '2019-05-31 14:58:02'),
(40, 2, 'Size', 38, 0, '2019-05-31 15:09:40', '2019-05-31 15:09:40'),
(41, 2, 'Size', 39, 0, '2019-05-31 15:12:09', '2019-05-31 15:12:09'),
(42, 2, 'Size', 40, 0, '2019-05-31 15:16:09', '2019-05-31 15:16:09'),
(43, 2, 'Size', 41, 0, '2019-05-31 15:19:35', '2019-05-31 15:19:35'),
(44, 2, 'Size', 42, 0, '2019-05-31 15:22:41', '2019-05-31 15:22:41'),
(45, 2, 'Size', 43, 0, '2019-05-31 15:26:51', '2019-05-31 15:26:51'),
(46, 3, 'Skirt Color', 44, 0, '2019-05-31 17:30:49', '2019-05-31 17:30:49'),
(47, 3, 'Skirt Color', 45, 0, '2019-05-31 17:41:45', '2019-05-31 17:41:45'),
(48, 3, 'Skirt Color', 46, 0, '2019-05-31 17:54:59', '2019-05-31 17:54:59');

-- --------------------------------------------------------

--
-- Table structure for table `purchase_lines`
--

CREATE TABLE `purchase_lines` (
  `id` int(10) UNSIGNED NOT NULL,
  `transaction_id` int(10) UNSIGNED NOT NULL,
  `product_id` int(10) UNSIGNED NOT NULL,
  `variation_id` int(10) UNSIGNED NOT NULL,
  `quantity` decimal(20,4) NOT NULL,
  `pp_without_discount` decimal(20,2) NOT NULL DEFAULT 0.00 COMMENT 'Purchase price before inline discounts',
  `discount_percent` decimal(5,2) NOT NULL DEFAULT 0.00 COMMENT 'Inline discount percentage',
  `purchase_price` decimal(20,2) DEFAULT NULL,
  `purchase_price_inc_tax` decimal(20,2) NOT NULL DEFAULT 0.00,
  `item_tax` decimal(20,2) DEFAULT NULL,
  `tax_id` int(10) UNSIGNED DEFAULT NULL,
  `quantity_sold` decimal(20,4) DEFAULT 0.0000,
  `quantity_adjusted` decimal(20,4) DEFAULT 0.0000,
  `quantity_returned` decimal(20,4) NOT NULL DEFAULT 0.0000,
  `mfg_date` date DEFAULT NULL,
  `exp_date` date DEFAULT NULL,
  `lot_number` varchar(256) COLLATE utf8mb4_unicode_ci DEFAULT NULL,
  `created_at` timestamp NULL DEFAULT NULL,
  `updated_at` timestamp NULL DEFAULT NULL
) ENGINE=InnoDB DEFAULT CHARSET=utf8mb4 COLLATE=utf8mb4_unicode_ci;

--
-- Dumping data for table `purchase_lines`
--

INSERT INTO `purchase_lines` (`id`, `transaction_id`, `product_id`, `variation_id`, `quantity`, `pp_without_discount`, `discount_percent`, `purchase_price`, `purchase_price_inc_tax`, `item_tax`, `tax_id`, `quantity_sold`, `quantity_adjusted`, `quantity_returned`, `mfg_date`, `exp_date`, `lot_number`, `created_at`, `updated_at`) VALUES
(1, 1, 1, 1, '1000.0000', '100.00', '0.00', '100.00', '116.00', '16.00', 1, '0.0000', '0.0000', '0.0000', NULL, NULL, NULL, '2019-05-26 13:55:52', '2019-05-26 13:55:52'),
(2, 1, 1, 2, '1000.0000', '100.00', '0.00', '100.00', '116.00', '16.00', 1, '0.0000', '0.0000', '0.0000', NULL, NULL, NULL, '2019-05-26 13:55:52', '2019-05-26 13:55:52'),
(3, 1, 1, 3, '1000.0000', '100.00', '0.00', '100.00', '116.00', '16.00', 1, '0.0000', '0.0000', '0.0000', NULL, NULL, NULL, '2019-05-26 13:55:52', '2019-05-26 13:55:52'),
(4, 1, 1, 4, '1000.0000', '100.00', '0.00', '100.00', '116.00', '16.00', 1, '0.0000', '0.0000', '0.0000', NULL, NULL, NULL, '2019-05-26 13:55:52', '2019-05-26 13:55:52'),
(5, 2, 1, 1, '1000.0000', '100.00', '0.00', '100.00', '116.00', '16.00', 1, '0.0000', '0.0000', '0.0000', NULL, NULL, NULL, '2019-05-26 13:55:52', '2019-05-26 13:55:52'),
(6, 2, 1, 2, '1000.0000', '100.00', '0.00', '100.00', '116.00', '16.00', 1, '0.0000', '0.0000', '0.0000', NULL, NULL, NULL, '2019-05-26 13:55:52', '2019-05-26 13:55:52'),
(7, 2, 1, 3, '1000.0000', '100.00', '0.00', '100.00', '116.00', '16.00', 1, '0.0000', '0.0000', '0.0000', NULL, NULL, NULL, '2019-05-26 13:55:52', '2019-05-26 13:55:52'),
(8, 2, 1, 4, '1000.0000', '100.00', '0.00', '100.00', '116.00', '16.00', 1, '0.0000', '0.0000', '0.0000', NULL, NULL, NULL, '2019-05-26 13:55:52', '2019-05-26 13:55:52'),
(9, 3, 1, 1, '1000.0000', '100.00', '0.00', '100.00', '116.00', '16.00', 1, '0.0000', '0.0000', '0.0000', NULL, NULL, NULL, '2019-05-26 13:55:53', '2019-05-26 13:55:53'),
(10, 3, 1, 2, '1000.0000', '100.00', '0.00', '100.00', '116.00', '16.00', 1, '0.0000', '0.0000', '0.0000', NULL, NULL, NULL, '2019-05-26 13:55:53', '2019-05-26 13:55:53'),
(11, 3, 1, 3, '1000.0000', '100.00', '0.00', '100.00', '116.00', '16.00', 1, '0.0000', '0.0000', '0.0000', NULL, NULL, NULL, '2019-05-26 13:55:53', '2019-05-26 13:55:53'),
(12, 3, 1, 4, '1000.0000', '100.00', '0.00', '100.00', '116.00', '16.00', 1, '0.0000', '0.0000', '0.0000', NULL, NULL, NULL, '2019-05-26 13:55:53', '2019-05-26 13:55:53'),
(23, 5, 3, 20, '1000.0000', '100.00', '0.00', '100.00', '116.00', '16.00', 1, '0.0000', '0.0000', '0.0000', NULL, NULL, NULL, '2019-05-26 14:30:52', '2019-05-26 14:30:52'),
(24, 5, 3, 21, '1000.0000', '100.00', '0.00', '100.00', '116.00', '16.00', 1, '0.0000', '0.0000', '0.0000', NULL, NULL, NULL, '2019-05-26 14:30:52', '2019-05-26 14:30:52'),
(25, 5, 3, 22, '1000.0000', '100.00', '0.00', '100.00', '116.00', '16.00', 1, '0.0000', '0.0000', '0.0000', NULL, NULL, NULL, '2019-05-26 14:30:52', '2019-05-26 14:30:52'),
(26, 5, 3, 23, '1000.0000', '100.00', '0.00', '100.00', '116.00', '16.00', 1, '0.0000', '0.0000', '0.0000', NULL, NULL, NULL, '2019-05-26 14:30:52', '2019-05-26 14:30:52'),
(27, 6, 3, 20, '1000.0000', '100.00', '0.00', '100.00', '116.00', '16.00', 1, '0.0000', '0.0000', '0.0000', NULL, NULL, NULL, '2019-05-26 14:30:52', '2019-05-26 14:30:52'),
(28, 6, 3, 21, '1000.0000', '100.00', '0.00', '100.00', '116.00', '16.00', 1, '0.0000', '0.0000', '0.0000', NULL, NULL, NULL, '2019-05-26 14:30:52', '2019-05-26 14:30:52'),
(29, 6, 3, 22, '1000.0000', '100.00', '0.00', '100.00', '116.00', '16.00', 1, '0.0000', '0.0000', '0.0000', NULL, NULL, NULL, '2019-05-26 14:30:52', '2019-05-26 14:30:52'),
(30, 6, 3, 23, '1000.0000', '100.00', '0.00', '100.00', '116.00', '16.00', 1, '0.0000', '0.0000', '0.0000', NULL, NULL, NULL, '2019-05-26 14:30:52', '2019-05-26 14:30:52'),
(31, 7, 3, 20, '1000.0000', '100.00', '0.00', '100.00', '116.00', '16.00', 1, '0.0000', '0.0000', '0.0000', NULL, NULL, NULL, '2019-05-26 14:30:52', '2019-05-26 14:30:52'),
(32, 7, 3, 21, '1000.0000', '100.00', '0.00', '100.00', '116.00', '16.00', 1, '0.0000', '0.0000', '0.0000', NULL, NULL, NULL, '2019-05-26 14:30:52', '2019-05-26 14:30:52'),
(33, 7, 3, 22, '1000.0000', '100.00', '0.00', '100.00', '116.00', '16.00', 1, '0.0000', '0.0000', '0.0000', NULL, NULL, NULL, '2019-05-26 14:30:52', '2019-05-26 14:30:52'),
(34, 7, 3, 23, '1000.0000', '100.00', '0.00', '100.00', '116.00', '16.00', 1, '0.0000', '0.0000', '0.0000', NULL, NULL, NULL, '2019-05-26 14:30:52', '2019-05-26 14:30:52'),
(35, 8, 4, 24, '1000.0000', '100.00', '0.00', '100.00', '116.00', '16.00', 1, '0.0000', '0.0000', '0.0000', NULL, NULL, NULL, '2019-05-26 14:32:46', '2019-05-26 14:32:46'),
(36, 8, 4, 25, '1000.0000', '100.00', '0.00', '100.00', '116.00', '16.00', 1, '0.0000', '0.0000', '0.0000', NULL, NULL, NULL, '2019-05-26 14:32:46', '2019-05-26 14:32:46'),
(37, 8, 4, 26, '1000.0000', '100.00', '0.00', '100.00', '116.00', '16.00', 1, '0.0000', '0.0000', '0.0000', NULL, NULL, NULL, '2019-05-26 14:32:46', '2019-05-26 14:32:46'),
(38, 8, 4, 27, '1000.0000', '100.00', '0.00', '100.00', '116.00', '16.00', 1, '0.0000', '0.0000', '0.0000', NULL, NULL, NULL, '2019-05-26 14:32:46', '2019-05-26 14:32:46'),
(39, 9, 4, 24, '1000.0000', '100.00', '0.00', '100.00', '116.00', '16.00', 1, '0.0000', '0.0000', '0.0000', NULL, NULL, NULL, '2019-05-26 14:32:46', '2019-05-26 14:32:46'),
(40, 9, 4, 25, '1000.0000', '100.00', '0.00', '100.00', '116.00', '16.00', 1, '0.0000', '0.0000', '0.0000', NULL, NULL, NULL, '2019-05-26 14:32:46', '2019-05-26 14:32:46'),
(41, 9, 4, 26, '1000.0000', '100.00', '0.00', '100.00', '116.00', '16.00', 1, '0.0000', '0.0000', '0.0000', NULL, NULL, NULL, '2019-05-26 14:32:46', '2019-05-26 14:32:46'),
(42, 9, 4, 27, '1000.0000', '100.00', '0.00', '100.00', '116.00', '16.00', 1, '0.0000', '0.0000', '0.0000', NULL, NULL, NULL, '2019-05-26 14:32:46', '2019-05-26 14:32:46'),
(43, 10, 4, 24, '1000.0000', '100.00', '0.00', '100.00', '116.00', '16.00', 1, '0.0000', '0.0000', '0.0000', NULL, NULL, NULL, '2019-05-26 14:32:47', '2019-05-26 14:32:47'),
(44, 10, 4, 25, '1000.0000', '100.00', '0.00', '100.00', '116.00', '16.00', 1, '0.0000', '0.0000', '0.0000', NULL, NULL, NULL, '2019-05-26 14:32:47', '2019-05-26 14:32:47'),
(45, 10, 4, 26, '1000.0000', '100.00', '0.00', '100.00', '116.00', '16.00', 1, '0.0000', '0.0000', '0.0000', NULL, NULL, NULL, '2019-05-26 14:32:47', '2019-05-26 14:32:47'),
(46, 10, 4, 27, '1000.0000', '100.00', '0.00', '100.00', '116.00', '16.00', 1, '0.0000', '0.0000', '0.0000', NULL, NULL, NULL, '2019-05-26 14:32:47', '2019-05-26 14:32:47'),
(47, 11, 5, 28, '1000.0000', '100.00', '0.00', '100.00', '116.00', '16.00', 1, '0.0000', '0.0000', '0.0000', NULL, NULL, NULL, '2019-05-26 14:39:15', '2019-05-26 14:39:15'),
(48, 11, 5, 29, '1000.0000', '100.00', '0.00', '100.00', '116.00', '16.00', 1, '0.0000', '0.0000', '0.0000', NULL, NULL, NULL, '2019-05-26 14:39:15', '2019-05-26 14:39:15'),
(49, 11, 5, 30, '1000.0000', '100.00', '0.00', '100.00', '116.00', '16.00', 1, '0.0000', '0.0000', '0.0000', NULL, NULL, NULL, '2019-05-26 14:39:15', '2019-05-26 14:39:15'),
(50, 11, 5, 31, '1000.0000', '100.00', '0.00', '100.00', '116.00', '16.00', 1, '0.0000', '0.0000', '0.0000', NULL, NULL, NULL, '2019-05-26 14:39:15', '2019-05-26 14:39:15'),
(51, 12, 5, 28, '1000.0000', '100.00', '0.00', '100.00', '116.00', '16.00', 1, '0.0000', '0.0000', '0.0000', NULL, NULL, NULL, '2019-05-26 14:39:15', '2019-05-26 14:39:15'),
(52, 12, 5, 29, '1000.0000', '100.00', '0.00', '100.00', '116.00', '16.00', 1, '0.0000', '0.0000', '0.0000', NULL, NULL, NULL, '2019-05-26 14:39:15', '2019-05-26 14:39:15'),
(53, 12, 5, 30, '1000.0000', '100.00', '0.00', '100.00', '116.00', '16.00', 1, '0.0000', '0.0000', '0.0000', NULL, NULL, NULL, '2019-05-26 14:39:15', '2019-05-26 14:39:15'),
(54, 12, 5, 31, '1000.0000', '100.00', '0.00', '100.00', '116.00', '16.00', 1, '0.0000', '0.0000', '0.0000', NULL, NULL, NULL, '2019-05-26 14:39:15', '2019-05-26 14:39:15'),
(55, 13, 5, 28, '1000.0000', '100.00', '0.00', '100.00', '116.00', '16.00', 1, '0.0000', '0.0000', '0.0000', NULL, NULL, NULL, '2019-05-26 14:39:15', '2019-05-26 14:39:15'),
(56, 13, 5, 29, '1000.0000', '100.00', '0.00', '100.00', '116.00', '16.00', 1, '0.0000', '0.0000', '0.0000', NULL, NULL, NULL, '2019-05-26 14:39:15', '2019-05-26 14:39:15'),
(57, 13, 5, 30, '1000.0000', '100.00', '0.00', '100.00', '116.00', '16.00', 1, '0.0000', '0.0000', '0.0000', NULL, NULL, NULL, '2019-05-26 14:39:15', '2019-05-26 14:39:15'),
(58, 13, 5, 31, '1000.0000', '100.00', '0.00', '100.00', '116.00', '16.00', 1, '0.0000', '0.0000', '0.0000', NULL, NULL, NULL, '2019-05-26 14:39:15', '2019-05-26 14:39:15'),
(59, 14, 6, 32, '1000.0000', '100.00', '0.00', '100.00', '116.00', '16.00', 1, '0.0000', '0.0000', '0.0000', NULL, NULL, NULL, '2019-05-27 11:50:03', '2019-05-27 11:50:03'),
(60, 14, 6, 33, '1000.0000', '100.00', '0.00', '100.00', '116.00', '16.00', 1, '0.0000', '0.0000', '0.0000', NULL, NULL, NULL, '2019-05-27 11:50:03', '2019-05-27 11:50:03'),
(61, 14, 6, 34, '1000.0000', '100.00', '0.00', '100.00', '116.00', '16.00', 1, '0.0000', '0.0000', '0.0000', NULL, NULL, NULL, '2019-05-27 11:50:03', '2019-05-27 11:50:03'),
(62, 14, 6, 35, '1000.0000', '100.00', '0.00', '100.00', '116.00', '16.00', 1, '0.0000', '0.0000', '0.0000', NULL, NULL, NULL, '2019-05-27 11:50:03', '2019-05-27 11:50:03'),
(63, 15, 6, 32, '1000.0000', '100.00', '0.00', '100.00', '116.00', '16.00', 1, '0.0000', '0.0000', '0.0000', NULL, NULL, NULL, '2019-05-27 11:50:03', '2019-05-27 11:50:03'),
(64, 15, 6, 33, '1000.0000', '100.00', '0.00', '100.00', '116.00', '16.00', 1, '0.0000', '0.0000', '0.0000', NULL, NULL, NULL, '2019-05-27 11:50:03', '2019-05-27 11:50:03'),
(65, 15, 6, 34, '1000.0000', '100.00', '0.00', '100.00', '116.00', '16.00', 1, '0.0000', '0.0000', '0.0000', NULL, NULL, NULL, '2019-05-27 11:50:03', '2019-05-27 11:50:03'),
(66, 15, 6, 35, '1000.0000', '100.00', '0.00', '100.00', '116.00', '16.00', 1, '0.0000', '0.0000', '0.0000', NULL, NULL, NULL, '2019-05-27 11:50:03', '2019-05-27 11:50:03'),
(67, 16, 6, 32, '1000.0000', '100.00', '0.00', '100.00', '116.00', '16.00', 1, '0.0000', '0.0000', '0.0000', NULL, NULL, NULL, '2019-05-27 11:50:03', '2019-05-27 11:50:03'),
(68, 16, 6, 33, '1000.0000', '100.00', '0.00', '100.00', '116.00', '16.00', 1, '0.0000', '0.0000', '0.0000', NULL, NULL, NULL, '2019-05-27 11:50:03', '2019-05-27 11:50:03'),
(69, 16, 6, 34, '1000.0000', '100.00', '0.00', '100.00', '116.00', '16.00', 1, '0.0000', '0.0000', '0.0000', NULL, NULL, NULL, '2019-05-27 11:50:03', '2019-05-27 11:50:03'),
(70, 16, 6, 35, '1000.0000', '100.00', '0.00', '100.00', '116.00', '16.00', 1, '0.0000', '0.0000', '0.0000', NULL, NULL, NULL, '2019-05-27 11:50:03', '2019-05-27 11:50:03'),
(71, 17, 7, 36, '1000.0000', '100.00', '0.00', '100.00', '116.00', '16.00', 1, '0.0000', '0.0000', '0.0000', NULL, NULL, NULL, '2019-05-27 11:52:41', '2019-05-27 11:52:41'),
(72, 17, 7, 37, '1000.0000', '100.00', '0.00', '100.00', '116.00', '16.00', 1, '0.0000', '0.0000', '0.0000', NULL, NULL, NULL, '2019-05-27 11:52:41', '2019-05-27 11:52:41'),
(73, 17, 7, 38, '1000.0000', '100.00', '0.00', '100.00', '116.00', '16.00', 1, '0.0000', '0.0000', '0.0000', NULL, NULL, NULL, '2019-05-27 11:52:41', '2019-05-27 11:52:41'),
(74, 17, 7, 39, '1000.0000', '100.00', '0.00', '100.00', '116.00', '16.00', 1, '0.0000', '0.0000', '0.0000', NULL, NULL, NULL, '2019-05-27 11:52:41', '2019-05-27 11:52:41'),
(75, 18, 7, 36, '1000.0000', '100.00', '0.00', '100.00', '116.00', '16.00', 1, '0.0000', '0.0000', '0.0000', NULL, NULL, NULL, '2019-05-27 11:52:41', '2019-05-27 11:52:41'),
(76, 18, 7, 37, '1000.0000', '100.00', '0.00', '100.00', '116.00', '16.00', 1, '0.0000', '0.0000', '0.0000', NULL, NULL, NULL, '2019-05-27 11:52:41', '2019-05-27 11:52:41'),
(77, 18, 7, 38, '1000.0000', '100.00', '0.00', '100.00', '116.00', '16.00', 1, '0.0000', '0.0000', '0.0000', NULL, NULL, NULL, '2019-05-27 11:52:41', '2019-05-27 11:52:41'),
(78, 18, 7, 39, '1000.0000', '100.00', '0.00', '100.00', '116.00', '16.00', 1, '0.0000', '0.0000', '0.0000', NULL, NULL, NULL, '2019-05-27 11:52:41', '2019-05-27 11:52:41'),
(79, 19, 7, 36, '1000.0000', '100.00', '0.00', '100.00', '116.00', '16.00', 1, '0.0000', '0.0000', '0.0000', NULL, NULL, NULL, '2019-05-27 11:52:41', '2019-05-27 11:52:41'),
(80, 19, 7, 37, '1000.0000', '100.00', '0.00', '100.00', '116.00', '16.00', 1, '0.0000', '0.0000', '0.0000', NULL, NULL, NULL, '2019-05-27 11:52:41', '2019-05-27 11:52:41'),
(81, 19, 7, 38, '1000.0000', '100.00', '0.00', '100.00', '116.00', '16.00', 1, '0.0000', '0.0000', '0.0000', NULL, NULL, NULL, '2019-05-27 11:52:41', '2019-05-27 11:52:41'),
(82, 19, 7, 39, '1000.0000', '100.00', '0.00', '100.00', '116.00', '16.00', 1, '0.0000', '0.0000', '0.0000', NULL, NULL, NULL, '2019-05-27 11:52:41', '2019-05-27 11:52:41'),
(83, 20, 8, 40, '1000.0000', '100.00', '0.00', '100.00', '116.00', '16.00', 1, '0.0000', '0.0000', '0.0000', NULL, NULL, NULL, '2019-05-27 11:54:01', '2019-05-27 11:54:01'),
(84, 20, 8, 41, '1000.0000', '100.00', '0.00', '100.00', '116.00', '16.00', 1, '0.0000', '0.0000', '0.0000', NULL, NULL, NULL, '2019-05-27 11:54:01', '2019-05-27 11:54:01'),
(85, 20, 8, 42, '1000.0000', '100.00', '0.00', '100.00', '116.00', '16.00', 1, '0.0000', '0.0000', '0.0000', NULL, NULL, NULL, '2019-05-27 11:54:01', '2019-05-27 11:54:01'),
(86, 20, 8, 43, '1000.0000', '100.00', '0.00', '100.00', '116.00', '16.00', 1, '0.0000', '0.0000', '0.0000', NULL, NULL, NULL, '2019-05-27 11:54:01', '2019-05-27 11:54:01'),
(87, 21, 8, 40, '1000.0000', '100.00', '0.00', '100.00', '116.00', '16.00', 1, '0.0000', '0.0000', '0.0000', NULL, NULL, NULL, '2019-05-27 11:54:02', '2019-05-27 11:54:02'),
(88, 21, 8, 41, '1000.0000', '100.00', '0.00', '100.00', '116.00', '16.00', 1, '0.0000', '0.0000', '0.0000', NULL, NULL, NULL, '2019-05-27 11:54:02', '2019-05-27 11:54:02'),
(89, 21, 8, 42, '1000.0000', '100.00', '0.00', '100.00', '116.00', '16.00', 1, '0.0000', '0.0000', '0.0000', NULL, NULL, NULL, '2019-05-27 11:54:02', '2019-05-27 11:54:02'),
(90, 21, 8, 43, '1000.0000', '100.00', '0.00', '100.00', '116.00', '16.00', 1, '0.0000', '0.0000', '0.0000', NULL, NULL, NULL, '2019-05-27 11:54:02', '2019-05-27 11:54:02'),
(91, 22, 8, 40, '1000.0000', '100.00', '0.00', '100.00', '116.00', '16.00', 1, '0.0000', '0.0000', '0.0000', NULL, NULL, NULL, '2019-05-27 11:54:02', '2019-05-27 11:54:02'),
(92, 22, 8, 41, '1000.0000', '100.00', '0.00', '100.00', '116.00', '16.00', 1, '0.0000', '0.0000', '0.0000', NULL, NULL, NULL, '2019-05-27 11:54:02', '2019-05-27 11:54:02'),
(93, 22, 8, 42, '1000.0000', '100.00', '0.00', '100.00', '116.00', '16.00', 1, '0.0000', '0.0000', '0.0000', NULL, NULL, NULL, '2019-05-27 11:54:02', '2019-05-27 11:54:02'),
(94, 22, 8, 43, '1000.0000', '100.00', '0.00', '100.00', '116.00', '16.00', 1, '0.0000', '0.0000', '0.0000', NULL, NULL, NULL, '2019-05-27 11:54:02', '2019-05-27 11:54:02'),
(95, 23, 9, 44, '1000.0000', '100.00', '0.00', '100.00', '116.00', '16.00', 1, '0.0000', '0.0000', '0.0000', NULL, NULL, NULL, '2019-05-27 11:55:04', '2019-05-27 11:55:04'),
(96, 23, 9, 45, '1000.0000', '100.00', '0.00', '100.00', '116.00', '16.00', 1, '0.0000', '0.0000', '0.0000', NULL, NULL, NULL, '2019-05-27 11:55:04', '2019-05-27 11:55:04'),
(97, 23, 9, 46, '1000.0000', '100.00', '0.00', '100.00', '116.00', '16.00', 1, '0.0000', '0.0000', '0.0000', NULL, NULL, NULL, '2019-05-27 11:55:04', '2019-05-27 11:55:04'),
(98, 23, 9, 47, '1000.0000', '100.00', '0.00', '100.00', '116.00', '16.00', 1, '0.0000', '0.0000', '0.0000', NULL, NULL, NULL, '2019-05-27 11:55:04', '2019-05-27 11:55:04'),
(99, 24, 9, 44, '1000.0000', '100.00', '0.00', '100.00', '116.00', '16.00', 1, '0.0000', '0.0000', '0.0000', NULL, NULL, NULL, '2019-05-27 11:55:04', '2019-05-27 11:55:04'),
(100, 24, 9, 45, '1000.0000', '100.00', '0.00', '100.00', '116.00', '16.00', 1, '0.0000', '0.0000', '0.0000', NULL, NULL, NULL, '2019-05-27 11:55:04', '2019-05-27 11:55:04'),
(101, 24, 9, 46, '1000.0000', '100.00', '0.00', '100.00', '116.00', '16.00', 1, '0.0000', '0.0000', '0.0000', NULL, NULL, NULL, '2019-05-27 11:55:04', '2019-05-27 11:55:04'),
(102, 24, 9, 47, '1000.0000', '100.00', '0.00', '100.00', '116.00', '16.00', 1, '0.0000', '0.0000', '0.0000', NULL, NULL, NULL, '2019-05-27 11:55:04', '2019-05-27 11:55:04'),
(103, 25, 9, 44, '1000.0000', '100.00', '0.00', '100.00', '116.00', '16.00', 1, '0.0000', '0.0000', '0.0000', NULL, NULL, NULL, '2019-05-27 11:55:04', '2019-05-27 11:55:04'),
(104, 25, 9, 45, '1000.0000', '100.00', '0.00', '100.00', '116.00', '16.00', 1, '0.0000', '0.0000', '0.0000', NULL, NULL, NULL, '2019-05-27 11:55:04', '2019-05-27 11:55:04'),
(105, 25, 9, 46, '1000.0000', '100.00', '0.00', '100.00', '116.00', '16.00', 1, '0.0000', '0.0000', '0.0000', NULL, NULL, NULL, '2019-05-27 11:55:04', '2019-05-27 11:55:04'),
(106, 25, 9, 47, '1000.0000', '100.00', '0.00', '100.00', '116.00', '16.00', 1, '0.0000', '0.0000', '0.0000', NULL, NULL, NULL, '2019-05-27 11:55:04', '2019-05-27 11:55:04'),
(107, 26, 10, 48, '1000.0000', '100.00', '0.00', '100.00', '116.00', '16.00', 1, '0.0000', '0.0000', '0.0000', NULL, NULL, NULL, '2019-05-27 11:57:03', '2019-05-27 11:57:03'),
(108, 26, 10, 49, '1000.0000', '100.00', '0.00', '100.00', '116.00', '16.00', 1, '0.0000', '0.0000', '0.0000', NULL, NULL, NULL, '2019-05-27 11:57:03', '2019-05-27 11:57:03'),
(109, 26, 10, 50, '1000.0000', '100.00', '0.00', '100.00', '116.00', '16.00', 1, '0.0000', '0.0000', '0.0000', NULL, NULL, NULL, '2019-05-27 11:57:03', '2019-05-27 11:57:03'),
(110, 26, 10, 51, '1000.0000', '100.00', '0.00', '100.00', '116.00', '16.00', 1, '0.0000', '0.0000', '0.0000', NULL, NULL, NULL, '2019-05-27 11:57:03', '2019-05-27 11:57:03'),
(111, 27, 10, 48, '1000.0000', '100.00', '0.00', '100.00', '116.00', '16.00', 1, '0.0000', '0.0000', '0.0000', NULL, NULL, NULL, '2019-05-27 11:57:03', '2019-05-27 11:57:03'),
(112, 27, 10, 49, '1000.0000', '100.00', '0.00', '100.00', '116.00', '16.00', 1, '0.0000', '0.0000', '0.0000', NULL, NULL, NULL, '2019-05-27 11:57:03', '2019-05-27 11:57:03'),
(113, 27, 10, 50, '1000.0000', '100.00', '0.00', '100.00', '116.00', '16.00', 1, '0.0000', '0.0000', '0.0000', NULL, NULL, NULL, '2019-05-27 11:57:03', '2019-05-27 11:57:03'),
(114, 27, 10, 51, '1000.0000', '100.00', '0.00', '100.00', '116.00', '16.00', 1, '0.0000', '0.0000', '0.0000', NULL, NULL, NULL, '2019-05-27 11:57:03', '2019-05-27 11:57:03'),
(115, 28, 10, 48, '1000.0000', '100.00', '0.00', '100.00', '116.00', '16.00', 1, '0.0000', '0.0000', '0.0000', NULL, NULL, NULL, '2019-05-27 11:57:03', '2019-05-27 11:57:03'),
(116, 28, 10, 49, '1000.0000', '100.00', '0.00', '100.00', '116.00', '16.00', 1, '0.0000', '0.0000', '0.0000', NULL, NULL, NULL, '2019-05-27 11:57:03', '2019-05-27 11:57:03'),
(117, 28, 10, 50, '1000.0000', '100.00', '0.00', '100.00', '116.00', '16.00', 1, '0.0000', '0.0000', '0.0000', NULL, NULL, NULL, '2019-05-27 11:57:03', '2019-05-27 11:57:03'),
(118, 28, 10, 51, '1000.0000', '100.00', '0.00', '100.00', '116.00', '16.00', 1, '0.0000', '0.0000', '0.0000', NULL, NULL, NULL, '2019-05-27 11:57:03', '2019-05-27 11:57:03'),
(119, 29, 11, 52, '1000.0000', '100.00', '0.00', '100.00', '116.00', '16.00', 1, '0.0000', '0.0000', '0.0000', NULL, NULL, NULL, '2019-05-27 11:58:15', '2019-05-27 11:58:15'),
(120, 29, 11, 53, '1000.0000', '100.00', '0.00', '100.00', '116.00', '16.00', 1, '0.0000', '0.0000', '0.0000', NULL, NULL, NULL, '2019-05-27 11:58:15', '2019-05-27 11:58:15'),
(121, 29, 11, 54, '1000.0000', '100.00', '0.00', '100.00', '116.00', '16.00', 1, '0.0000', '0.0000', '0.0000', NULL, NULL, NULL, '2019-05-27 11:58:15', '2019-05-27 11:58:15'),
(122, 29, 11, 55, '1000.0000', '100.00', '0.00', '100.00', '116.00', '16.00', 1, '0.0000', '0.0000', '0.0000', NULL, NULL, NULL, '2019-05-27 11:58:15', '2019-05-27 11:58:15'),
(123, 30, 11, 52, '1000.0000', '100.00', '0.00', '100.00', '116.00', '16.00', 1, '0.0000', '0.0000', '0.0000', NULL, NULL, NULL, '2019-05-27 11:58:15', '2019-05-27 11:58:15'),
(124, 30, 11, 53, '1000.0000', '100.00', '0.00', '100.00', '116.00', '16.00', 1, '0.0000', '0.0000', '0.0000', NULL, NULL, NULL, '2019-05-27 11:58:15', '2019-05-27 11:58:15'),
(125, 30, 11, 54, '1000.0000', '100.00', '0.00', '100.00', '116.00', '16.00', 1, '0.0000', '0.0000', '0.0000', NULL, NULL, NULL, '2019-05-27 11:58:15', '2019-05-27 11:58:15'),
(126, 30, 11, 55, '1000.0000', '100.00', '0.00', '100.00', '116.00', '16.00', 1, '0.0000', '0.0000', '0.0000', NULL, NULL, NULL, '2019-05-27 11:58:15', '2019-05-27 11:58:15'),
(127, 31, 11, 52, '1000.0000', '100.00', '0.00', '100.00', '116.00', '16.00', 1, '0.0000', '0.0000', '0.0000', NULL, NULL, NULL, '2019-05-27 11:58:15', '2019-05-27 11:58:15'),
(128, 31, 11, 53, '1000.0000', '100.00', '0.00', '100.00', '116.00', '16.00', 1, '0.0000', '0.0000', '0.0000', NULL, NULL, NULL, '2019-05-27 11:58:15', '2019-05-27 11:58:15'),
(129, 31, 11, 54, '1000.0000', '100.00', '0.00', '100.00', '116.00', '16.00', 1, '0.0000', '0.0000', '0.0000', NULL, NULL, NULL, '2019-05-27 11:58:15', '2019-05-27 11:58:15'),
(130, 31, 11, 55, '1000.0000', '100.00', '0.00', '100.00', '116.00', '16.00', 1, '0.0000', '0.0000', '0.0000', NULL, NULL, NULL, '2019-05-27 11:58:15', '2019-05-27 11:58:15'),
(131, 32, 12, 56, '1000.0000', '100.00', '0.00', '100.00', '116.00', '16.00', 1, '0.0000', '0.0000', '0.0000', NULL, NULL, NULL, '2019-05-27 12:01:11', '2019-05-27 12:01:11'),
(132, 32, 12, 57, '1000.0000', '100.00', '0.00', '100.00', '116.00', '16.00', 1, '0.0000', '0.0000', '0.0000', NULL, NULL, NULL, '2019-05-27 12:01:11', '2019-05-27 12:01:11'),
(133, 32, 12, 58, '1000.0000', '100.00', '0.00', '100.00', '116.00', '16.00', 1, '0.0000', '0.0000', '0.0000', NULL, NULL, NULL, '2019-05-27 12:01:11', '2019-05-27 12:01:11'),
(134, 32, 12, 59, '1000.0000', '100.00', '0.00', '100.00', '116.00', '16.00', 1, '0.0000', '0.0000', '0.0000', NULL, NULL, NULL, '2019-05-27 12:01:11', '2019-05-27 12:01:11'),
(135, 33, 12, 56, '1000.0000', '100.00', '0.00', '100.00', '116.00', '16.00', 1, '0.0000', '0.0000', '0.0000', NULL, NULL, NULL, '2019-05-27 12:01:11', '2019-05-27 12:01:11'),
(136, 33, 12, 57, '1000.0000', '100.00', '0.00', '100.00', '116.00', '16.00', 1, '0.0000', '0.0000', '0.0000', NULL, NULL, NULL, '2019-05-27 12:01:11', '2019-05-27 12:01:11'),
(137, 33, 12, 58, '1000.0000', '100.00', '0.00', '100.00', '116.00', '16.00', 1, '0.0000', '0.0000', '0.0000', NULL, NULL, NULL, '2019-05-27 12:01:11', '2019-05-27 12:01:11'),
(138, 33, 12, 59, '1000.0000', '100.00', '0.00', '100.00', '116.00', '16.00', 1, '0.0000', '0.0000', '0.0000', NULL, NULL, NULL, '2019-05-27 12:01:11', '2019-05-27 12:01:11'),
(139, 34, 12, 56, '1000.0000', '100.00', '0.00', '100.00', '116.00', '16.00', 1, '0.0000', '0.0000', '0.0000', NULL, NULL, NULL, '2019-05-27 12:01:12', '2019-05-27 12:01:12'),
(140, 34, 12, 57, '1000.0000', '100.00', '0.00', '100.00', '116.00', '16.00', 1, '0.0000', '0.0000', '0.0000', NULL, NULL, NULL, '2019-05-27 12:01:12', '2019-05-27 12:01:12'),
(141, 34, 12, 58, '1000.0000', '100.00', '0.00', '100.00', '116.00', '16.00', 1, '0.0000', '0.0000', '0.0000', NULL, NULL, NULL, '2019-05-27 12:01:12', '2019-05-27 12:01:12'),
(142, 34, 12, 59, '1000.0000', '100.00', '0.00', '100.00', '116.00', '16.00', 1, '0.0000', '0.0000', '0.0000', NULL, NULL, NULL, '2019-05-27 12:01:12', '2019-05-27 12:01:12'),
(143, 35, 13, 60, '1000.0000', '100.00', '0.00', '100.00', '116.00', '16.00', 1, '0.0000', '0.0000', '0.0000', NULL, NULL, NULL, '2019-05-27 12:02:44', '2019-05-27 12:02:44'),
(144, 35, 13, 61, '1000.0000', '100.00', '0.00', '100.00', '116.00', '16.00', 1, '0.0000', '0.0000', '0.0000', NULL, NULL, NULL, '2019-05-27 12:02:44', '2019-05-27 12:02:44'),
(145, 35, 13, 62, '1000.0000', '100.00', '0.00', '100.00', '116.00', '16.00', 1, '0.0000', '0.0000', '0.0000', NULL, NULL, NULL, '2019-05-27 12:02:44', '2019-05-27 12:02:44'),
(146, 35, 13, 63, '1000.0000', '100.00', '0.00', '100.00', '116.00', '16.00', 1, '0.0000', '0.0000', '0.0000', NULL, NULL, NULL, '2019-05-27 12:02:44', '2019-05-27 12:02:44'),
(147, 36, 13, 60, '1000.0000', '100.00', '0.00', '100.00', '116.00', '16.00', 1, '0.0000', '0.0000', '0.0000', NULL, NULL, NULL, '2019-05-27 12:02:44', '2019-05-27 12:02:44'),
(148, 36, 13, 61, '1000.0000', '100.00', '0.00', '100.00', '116.00', '16.00', 1, '0.0000', '0.0000', '0.0000', NULL, NULL, NULL, '2019-05-27 12:02:44', '2019-05-27 12:02:44'),
(149, 36, 13, 62, '1000.0000', '100.00', '0.00', '100.00', '116.00', '16.00', 1, '0.0000', '0.0000', '0.0000', NULL, NULL, NULL, '2019-05-27 12:02:44', '2019-05-27 12:02:44'),
(150, 36, 13, 63, '1000.0000', '100.00', '0.00', '100.00', '116.00', '16.00', 1, '0.0000', '0.0000', '0.0000', NULL, NULL, NULL, '2019-05-27 12:02:44', '2019-05-27 12:02:44'),
(151, 37, 13, 60, '1000.0000', '100.00', '0.00', '100.00', '116.00', '16.00', 1, '0.0000', '0.0000', '0.0000', NULL, NULL, NULL, '2019-05-27 12:02:44', '2019-05-27 12:02:44'),
(152, 37, 13, 61, '1000.0000', '100.00', '0.00', '100.00', '116.00', '16.00', 1, '0.0000', '0.0000', '0.0000', NULL, NULL, NULL, '2019-05-27 12:02:44', '2019-05-27 12:02:44'),
(153, 37, 13, 62, '1000.0000', '100.00', '0.00', '100.00', '116.00', '16.00', 1, '0.0000', '0.0000', '0.0000', NULL, NULL, NULL, '2019-05-27 12:02:44', '2019-05-27 12:02:44'),
(154, 37, 13, 63, '1000.0000', '100.00', '0.00', '100.00', '116.00', '16.00', 1, '0.0000', '0.0000', '0.0000', NULL, NULL, NULL, '2019-05-27 12:02:44', '2019-05-27 12:02:44'),
(155, 38, 14, 64, '1000.0000', '100.00', '0.00', '100.00', '116.00', '16.00', 1, '0.0000', '0.0000', '0.0000', NULL, NULL, NULL, '2019-05-27 12:03:38', '2019-05-27 12:03:38'),
(156, 38, 14, 65, '1000.0000', '100.00', '0.00', '100.00', '116.00', '16.00', 1, '0.0000', '0.0000', '0.0000', NULL, NULL, NULL, '2019-05-27 12:03:38', '2019-05-27 12:03:38'),
(157, 38, 14, 66, '1000.0000', '100.00', '0.00', '100.00', '116.00', '16.00', 1, '0.0000', '0.0000', '0.0000', NULL, NULL, NULL, '2019-05-27 12:03:38', '2019-05-27 12:03:38'),
(158, 38, 14, 67, '1000.0000', '100.00', '0.00', '100.00', '116.00', '16.00', 1, '0.0000', '0.0000', '0.0000', NULL, NULL, NULL, '2019-05-27 12:03:38', '2019-05-27 12:03:38'),
(159, 39, 14, 64, '1000.0000', '100.00', '0.00', '100.00', '116.00', '16.00', 1, '0.0000', '0.0000', '0.0000', NULL, NULL, NULL, '2019-05-27 12:03:38', '2019-05-27 12:03:38'),
(160, 39, 14, 65, '1000.0000', '100.00', '0.00', '100.00', '116.00', '16.00', 1, '0.0000', '0.0000', '0.0000', NULL, NULL, NULL, '2019-05-27 12:03:38', '2019-05-27 12:03:38'),
(161, 39, 14, 66, '1000.0000', '100.00', '0.00', '100.00', '116.00', '16.00', 1, '0.0000', '0.0000', '0.0000', NULL, NULL, NULL, '2019-05-27 12:03:38', '2019-05-27 12:03:38'),
(162, 39, 14, 67, '1000.0000', '100.00', '0.00', '100.00', '116.00', '16.00', 1, '0.0000', '0.0000', '0.0000', NULL, NULL, NULL, '2019-05-27 12:03:38', '2019-05-27 12:03:38'),
(163, 40, 14, 64, '1000.0000', '100.00', '0.00', '100.00', '116.00', '16.00', 1, '0.0000', '0.0000', '0.0000', NULL, NULL, NULL, '2019-05-27 12:03:38', '2019-05-27 12:03:38'),
(164, 40, 14, 65, '1000.0000', '100.00', '0.00', '100.00', '116.00', '16.00', 1, '0.0000', '0.0000', '0.0000', NULL, NULL, NULL, '2019-05-27 12:03:38', '2019-05-27 12:03:38'),
(165, 40, 14, 66, '1000.0000', '100.00', '0.00', '100.00', '116.00', '16.00', 1, '0.0000', '0.0000', '0.0000', NULL, NULL, NULL, '2019-05-27 12:03:38', '2019-05-27 12:03:38'),
(166, 40, 14, 67, '1000.0000', '100.00', '0.00', '100.00', '116.00', '16.00', 1, '0.0000', '0.0000', '0.0000', NULL, NULL, NULL, '2019-05-27 12:03:38', '2019-05-27 12:03:38'),
(167, 41, 15, 68, '1000.0000', '100.00', '0.00', '100.00', '116.00', '16.00', 1, '0.0000', '0.0000', '0.0000', NULL, NULL, NULL, '2019-05-27 12:04:58', '2019-05-27 12:04:58'),
(168, 41, 15, 69, '1000.0000', '100.00', '0.00', '100.00', '116.00', '16.00', 1, '0.0000', '0.0000', '0.0000', NULL, NULL, NULL, '2019-05-27 12:04:58', '2019-05-27 12:04:58'),
(169, 41, 15, 70, '1000.0000', '100.00', '0.00', '100.00', '116.00', '16.00', 1, '0.0000', '0.0000', '0.0000', NULL, NULL, NULL, '2019-05-27 12:04:58', '2019-05-27 12:04:58'),
(170, 41, 15, 71, '1000.0000', '100.00', '0.00', '100.00', '116.00', '16.00', 1, '0.0000', '0.0000', '0.0000', NULL, NULL, NULL, '2019-05-27 12:04:58', '2019-05-27 12:04:58'),
(171, 42, 15, 68, '1000.0000', '100.00', '0.00', '100.00', '116.00', '16.00', 1, '0.0000', '0.0000', '0.0000', NULL, NULL, NULL, '2019-05-27 12:04:58', '2019-05-27 12:04:58'),
(172, 42, 15, 69, '1000.0000', '100.00', '0.00', '100.00', '116.00', '16.00', 1, '0.0000', '0.0000', '0.0000', NULL, NULL, NULL, '2019-05-27 12:04:58', '2019-05-27 12:04:58'),
(173, 42, 15, 70, '1000.0000', '100.00', '0.00', '100.00', '116.00', '16.00', 1, '0.0000', '0.0000', '0.0000', NULL, NULL, NULL, '2019-05-27 12:04:58', '2019-05-27 12:04:58'),
(174, 42, 15, 71, '1000.0000', '100.00', '0.00', '100.00', '116.00', '16.00', 1, '0.0000', '0.0000', '0.0000', NULL, NULL, NULL, '2019-05-27 12:04:58', '2019-05-27 12:04:58'),
(175, 43, 15, 68, '1000.0000', '100.00', '0.00', '100.00', '116.00', '16.00', 1, '0.0000', '0.0000', '0.0000', NULL, NULL, NULL, '2019-05-27 12:04:58', '2019-05-27 12:04:58'),
(176, 43, 15, 69, '1000.0000', '100.00', '0.00', '100.00', '116.00', '16.00', 1, '0.0000', '0.0000', '0.0000', NULL, NULL, NULL, '2019-05-27 12:04:58', '2019-05-27 12:04:58'),
(177, 43, 15, 70, '1000.0000', '100.00', '0.00', '100.00', '116.00', '16.00', 1, '0.0000', '0.0000', '0.0000', NULL, NULL, NULL, '2019-05-27 12:04:58', '2019-05-27 12:04:58'),
(178, 43, 15, 71, '1000.0000', '100.00', '0.00', '100.00', '116.00', '16.00', 1, '0.0000', '0.0000', '0.0000', NULL, NULL, NULL, '2019-05-27 12:04:58', '2019-05-27 12:04:58'),
(179, 44, 16, 72, '1000.0000', '100.00', '0.00', '100.00', '116.00', '16.00', 1, '0.0000', '0.0000', '0.0000', NULL, NULL, NULL, '2019-05-27 12:08:18', '2019-05-27 12:08:18'),
(180, 44, 16, 73, '1000.0000', '100.00', '0.00', '100.00', '116.00', '16.00', 1, '0.0000', '0.0000', '0.0000', NULL, NULL, NULL, '2019-05-27 12:08:18', '2019-05-27 12:08:18'),
(181, 44, 16, 74, '1000.0000', '100.00', '0.00', '100.00', '116.00', '16.00', 1, '0.0000', '0.0000', '0.0000', NULL, NULL, NULL, '2019-05-27 12:08:18', '2019-05-27 12:08:18'),
(182, 44, 16, 75, '1000.0000', '100.00', '0.00', '100.00', '116.00', '16.00', 1, '0.0000', '0.0000', '0.0000', NULL, NULL, NULL, '2019-05-27 12:08:18', '2019-05-27 12:08:18'),
(183, 45, 16, 72, '1000.0000', '100.00', '0.00', '100.00', '116.00', '16.00', 1, '0.0000', '0.0000', '0.0000', NULL, NULL, NULL, '2019-05-27 12:08:18', '2019-05-27 12:08:18'),
(184, 45, 16, 73, '1000.0000', '100.00', '0.00', '100.00', '116.00', '16.00', 1, '0.0000', '0.0000', '0.0000', NULL, NULL, NULL, '2019-05-27 12:08:18', '2019-05-27 12:08:18'),
(185, 45, 16, 74, '1000.0000', '100.00', '0.00', '100.00', '116.00', '16.00', 1, '0.0000', '0.0000', '0.0000', NULL, NULL, NULL, '2019-05-27 12:08:18', '2019-05-27 12:08:18'),
(186, 45, 16, 75, '1000.0000', '100.00', '0.00', '100.00', '116.00', '16.00', 1, '0.0000', '0.0000', '0.0000', NULL, NULL, NULL, '2019-05-27 12:08:18', '2019-05-27 12:08:18'),
(187, 46, 16, 72, '1000.0000', '100.00', '0.00', '100.00', '116.00', '16.00', 1, '0.0000', '0.0000', '0.0000', NULL, NULL, NULL, '2019-05-27 12:08:18', '2019-05-27 12:08:18'),
(188, 46, 16, 73, '1000.0000', '100.00', '0.00', '100.00', '116.00', '16.00', 1, '0.0000', '0.0000', '0.0000', NULL, NULL, NULL, '2019-05-27 12:08:18', '2019-05-27 12:08:18'),
(189, 46, 16, 74, '1000.0000', '100.00', '0.00', '100.00', '116.00', '16.00', 1, '0.0000', '0.0000', '0.0000', NULL, NULL, NULL, '2019-05-27 12:08:18', '2019-05-27 12:08:18'),
(190, 46, 16, 75, '1000.0000', '100.00', '0.00', '100.00', '116.00', '16.00', 1, '0.0000', '0.0000', '0.0000', NULL, NULL, NULL, '2019-05-27 12:08:18', '2019-05-27 12:08:18'),
(191, 47, 17, 76, '1000.0000', '100.00', '0.00', '100.00', '116.00', '16.00', 1, '0.0000', '0.0000', '0.0000', NULL, NULL, NULL, '2019-05-27 12:25:08', '2019-05-27 12:25:08'),
(192, 47, 17, 77, '1000.0000', '100.00', '0.00', '100.00', '116.00', '16.00', 1, '0.0000', '0.0000', '0.0000', NULL, NULL, NULL, '2019-05-27 12:25:08', '2019-05-27 12:25:08'),
(193, 47, 17, 78, '1000.0000', '100.00', '0.00', '100.00', '116.00', '16.00', 1, '0.0000', '0.0000', '0.0000', NULL, NULL, NULL, '2019-05-27 12:25:08', '2019-05-27 12:25:08'),
(194, 47, 17, 79, '1000.0000', '100.00', '0.00', '100.00', '116.00', '16.00', 1, '0.0000', '0.0000', '0.0000', NULL, NULL, NULL, '2019-05-27 12:25:08', '2019-05-27 12:25:08'),
(195, 48, 17, 76, '1000.0000', '100.00', '0.00', '100.00', '116.00', '16.00', 1, '0.0000', '0.0000', '0.0000', NULL, NULL, NULL, '2019-05-27 12:25:08', '2019-05-27 12:25:08'),
(196, 48, 17, 77, '1000.0000', '100.00', '0.00', '100.00', '116.00', '16.00', 1, '0.0000', '0.0000', '0.0000', NULL, NULL, NULL, '2019-05-27 12:25:08', '2019-05-27 12:25:08'),
(197, 48, 17, 78, '1000.0000', '100.00', '0.00', '100.00', '116.00', '16.00', 1, '0.0000', '0.0000', '0.0000', NULL, NULL, NULL, '2019-05-27 12:25:08', '2019-05-27 12:25:08'),
(198, 48, 17, 79, '1000.0000', '100.00', '0.00', '100.00', '116.00', '16.00', 1, '0.0000', '0.0000', '0.0000', NULL, NULL, NULL, '2019-05-27 12:25:08', '2019-05-27 12:25:08'),
(199, 49, 17, 76, '1000.0000', '100.00', '0.00', '100.00', '116.00', '16.00', 1, '0.0000', '0.0000', '0.0000', NULL, NULL, NULL, '2019-05-27 12:25:08', '2019-05-27 12:25:08'),
(200, 49, 17, 77, '1000.0000', '100.00', '0.00', '100.00', '116.00', '16.00', 1, '0.0000', '0.0000', '0.0000', NULL, NULL, NULL, '2019-05-27 12:25:08', '2019-05-27 12:25:08'),
(201, 49, 17, 78, '1000.0000', '100.00', '0.00', '100.00', '116.00', '16.00', 1, '0.0000', '0.0000', '0.0000', NULL, NULL, NULL, '2019-05-27 12:25:08', '2019-05-27 12:25:08'),
(202, 49, 17, 79, '1000.0000', '100.00', '0.00', '100.00', '116.00', '16.00', 1, '0.0000', '0.0000', '0.0000', NULL, NULL, NULL, '2019-05-27 12:25:08', '2019-05-27 12:25:08'),
(203, 50, 18, 80, '1000.0000', '100.00', '0.00', '100.00', '116.00', '16.00', 1, '0.0000', '0.0000', '0.0000', NULL, NULL, NULL, '2019-05-27 12:26:17', '2019-05-27 12:26:17'),
(204, 50, 18, 81, '1000.0000', '100.00', '0.00', '100.00', '116.00', '16.00', 1, '0.0000', '0.0000', '0.0000', NULL, NULL, NULL, '2019-05-27 12:26:17', '2019-05-27 12:26:17'),
(205, 50, 18, 82, '1000.0000', '100.00', '0.00', '100.00', '116.00', '16.00', 1, '0.0000', '0.0000', '0.0000', NULL, NULL, NULL, '2019-05-27 12:26:17', '2019-05-27 12:26:17'),
(206, 50, 18, 83, '1000.0000', '100.00', '0.00', '100.00', '116.00', '16.00', 1, '0.0000', '0.0000', '0.0000', NULL, NULL, NULL, '2019-05-27 12:26:17', '2019-05-27 12:26:17'),
(207, 51, 18, 80, '1000.0000', '100.00', '0.00', '100.00', '116.00', '16.00', 1, '0.0000', '0.0000', '0.0000', NULL, NULL, NULL, '2019-05-27 12:26:17', '2019-05-27 12:26:17'),
(208, 51, 18, 81, '1000.0000', '100.00', '0.00', '100.00', '116.00', '16.00', 1, '0.0000', '0.0000', '0.0000', NULL, NULL, NULL, '2019-05-27 12:26:17', '2019-05-27 12:26:17'),
(209, 51, 18, 82, '1000.0000', '100.00', '0.00', '100.00', '116.00', '16.00', 1, '0.0000', '0.0000', '0.0000', NULL, NULL, NULL, '2019-05-27 12:26:17', '2019-05-27 12:26:17'),
(210, 51, 18, 83, '1000.0000', '100.00', '0.00', '100.00', '116.00', '16.00', 1, '0.0000', '0.0000', '0.0000', NULL, NULL, NULL, '2019-05-27 12:26:17', '2019-05-27 12:26:17'),
(211, 52, 18, 80, '1000.0000', '100.00', '0.00', '100.00', '116.00', '16.00', 1, '0.0000', '0.0000', '0.0000', NULL, NULL, NULL, '2019-05-27 12:26:17', '2019-05-27 12:26:17'),
(212, 52, 18, 81, '1000.0000', '100.00', '0.00', '100.00', '116.00', '16.00', 1, '0.0000', '0.0000', '0.0000', NULL, NULL, NULL, '2019-05-27 12:26:17', '2019-05-27 12:26:17'),
(213, 52, 18, 82, '1000.0000', '100.00', '0.00', '100.00', '116.00', '16.00', 1, '0.0000', '0.0000', '0.0000', NULL, NULL, NULL, '2019-05-27 12:26:17', '2019-05-27 12:26:17'),
(214, 52, 18, 83, '1000.0000', '100.00', '0.00', '100.00', '116.00', '16.00', 1, '0.0000', '0.0000', '0.0000', NULL, NULL, NULL, '2019-05-27 12:26:17', '2019-05-27 12:26:17'),
(215, 53, 19, 84, '1000.0000', '100.00', '0.00', '100.00', '116.00', '16.00', 1, '0.0000', '0.0000', '0.0000', NULL, NULL, NULL, '2019-05-27 12:27:47', '2019-05-27 12:27:47'),
(216, 53, 19, 85, '1000.0000', '100.00', '0.00', '100.00', '116.00', '16.00', 1, '0.0000', '0.0000', '0.0000', NULL, NULL, NULL, '2019-05-27 12:27:47', '2019-05-27 12:27:47'),
(217, 53, 19, 86, '1000.0000', '100.00', '0.00', '100.00', '116.00', '16.00', 1, '0.0000', '0.0000', '0.0000', NULL, NULL, NULL, '2019-05-27 12:27:47', '2019-05-27 12:27:47'),
(218, 53, 19, 87, '1000.0000', '100.00', '0.00', '100.00', '116.00', '16.00', 1, '0.0000', '0.0000', '0.0000', NULL, NULL, NULL, '2019-05-27 12:27:47', '2019-05-27 12:27:47'),
(219, 54, 19, 84, '1000.0000', '100.00', '0.00', '100.00', '116.00', '16.00', 1, '0.0000', '0.0000', '0.0000', NULL, NULL, NULL, '2019-05-27 12:27:47', '2019-05-27 12:27:47'),
(220, 54, 19, 85, '1000.0000', '100.00', '0.00', '100.00', '116.00', '16.00', 1, '0.0000', '0.0000', '0.0000', NULL, NULL, NULL, '2019-05-27 12:27:47', '2019-05-27 12:27:47'),
(221, 54, 19, 86, '1000.0000', '100.00', '0.00', '100.00', '116.00', '16.00', 1, '0.0000', '0.0000', '0.0000', NULL, NULL, NULL, '2019-05-27 12:27:47', '2019-05-27 12:27:47'),
(222, 54, 19, 87, '1000.0000', '100.00', '0.00', '100.00', '116.00', '16.00', 1, '0.0000', '0.0000', '0.0000', NULL, NULL, NULL, '2019-05-27 12:27:47', '2019-05-27 12:27:47'),
(223, 55, 19, 84, '1000.0000', '100.00', '0.00', '100.00', '116.00', '16.00', 1, '0.0000', '0.0000', '0.0000', NULL, NULL, NULL, '2019-05-27 12:27:47', '2019-05-27 12:27:47'),
(224, 55, 19, 85, '1000.0000', '100.00', '0.00', '100.00', '116.00', '16.00', 1, '0.0000', '0.0000', '0.0000', NULL, NULL, NULL, '2019-05-27 12:27:47', '2019-05-27 12:27:47'),
(225, 55, 19, 86, '1000.0000', '100.00', '0.00', '100.00', '116.00', '16.00', 1, '0.0000', '0.0000', '0.0000', NULL, NULL, NULL, '2019-05-27 12:27:47', '2019-05-27 12:27:47'),
(226, 55, 19, 87, '1000.0000', '100.00', '0.00', '100.00', '116.00', '16.00', 1, '0.0000', '0.0000', '0.0000', NULL, NULL, NULL, '2019-05-27 12:27:47', '2019-05-27 12:27:47'),
(227, 56, 20, 88, '1000.0000', '100.00', '0.00', '100.00', '116.00', '16.00', 1, '0.0000', '0.0000', '0.0000', NULL, NULL, NULL, '2019-05-27 12:29:31', '2019-05-27 12:29:31'),
(228, 56, 20, 89, '1000.0000', '100.00', '0.00', '100.00', '116.00', '16.00', 1, '0.0000', '0.0000', '0.0000', NULL, NULL, NULL, '2019-05-27 12:29:31', '2019-05-27 12:29:31'),
(229, 56, 20, 90, '1000.0000', '100.00', '0.00', '100.00', '116.00', '16.00', 1, '0.0000', '0.0000', '0.0000', NULL, NULL, NULL, '2019-05-27 12:29:31', '2019-05-27 12:29:31'),
(230, 56, 20, 91, '1000.0000', '100.00', '0.00', '100.00', '116.00', '16.00', 1, '0.0000', '0.0000', '0.0000', NULL, NULL, NULL, '2019-05-27 12:29:31', '2019-05-27 12:29:31'),
(231, 57, 20, 88, '1000.0000', '100.00', '0.00', '100.00', '116.00', '16.00', 1, '0.0000', '0.0000', '0.0000', NULL, NULL, NULL, '2019-05-27 12:29:31', '2019-05-27 12:29:31'),
(232, 57, 20, 89, '1000.0000', '100.00', '0.00', '100.00', '116.00', '16.00', 1, '0.0000', '0.0000', '0.0000', NULL, NULL, NULL, '2019-05-27 12:29:31', '2019-05-27 12:29:31'),
(233, 57, 20, 90, '1000.0000', '100.00', '0.00', '100.00', '116.00', '16.00', 1, '0.0000', '0.0000', '0.0000', NULL, NULL, NULL, '2019-05-27 12:29:31', '2019-05-27 12:29:31'),
(234, 57, 20, 91, '1000.0000', '100.00', '0.00', '100.00', '116.00', '16.00', 1, '0.0000', '0.0000', '0.0000', NULL, NULL, NULL, '2019-05-27 12:29:31', '2019-05-27 12:29:31'),
(235, 58, 20, 88, '1000.0000', '100.00', '0.00', '100.00', '116.00', '16.00', 1, '0.0000', '0.0000', '0.0000', NULL, NULL, NULL, '2019-05-27 12:29:31', '2019-05-27 12:29:31'),
(236, 58, 20, 89, '1000.0000', '100.00', '0.00', '100.00', '116.00', '16.00', 1, '0.0000', '0.0000', '0.0000', NULL, NULL, NULL, '2019-05-27 12:29:31', '2019-05-27 12:29:31'),
(237, 58, 20, 90, '1000.0000', '100.00', '0.00', '100.00', '116.00', '16.00', 1, '0.0000', '0.0000', '0.0000', NULL, NULL, NULL, '2019-05-27 12:29:31', '2019-05-27 12:29:31'),
(238, 58, 20, 91, '1000.0000', '100.00', '0.00', '100.00', '116.00', '16.00', 1, '0.0000', '0.0000', '0.0000', NULL, NULL, NULL, '2019-05-27 12:29:31', '2019-05-27 12:29:31'),
(239, 59, 21, 92, '1000.0000', '100.00', '0.00', '100.00', '116.00', '16.00', 1, '0.0000', '0.0000', '0.0000', NULL, NULL, NULL, '2019-05-27 12:30:37', '2019-05-27 12:30:37'),
(240, 59, 21, 93, '1000.0000', '100.00', '0.00', '100.00', '116.00', '16.00', 1, '0.0000', '0.0000', '0.0000', NULL, NULL, NULL, '2019-05-27 12:30:37', '2019-05-27 12:30:37'),
(241, 59, 21, 94, '1000.0000', '100.00', '0.00', '100.00', '116.00', '16.00', 1, '0.0000', '0.0000', '0.0000', NULL, NULL, NULL, '2019-05-27 12:30:37', '2019-05-27 12:30:37'),
(242, 59, 21, 95, '1000.0000', '100.00', '0.00', '100.00', '116.00', '16.00', 1, '0.0000', '0.0000', '0.0000', NULL, NULL, NULL, '2019-05-27 12:30:37', '2019-05-27 12:30:37'),
(243, 60, 21, 92, '1000.0000', '100.00', '0.00', '100.00', '116.00', '16.00', 1, '0.0000', '0.0000', '0.0000', NULL, NULL, NULL, '2019-05-27 12:30:37', '2019-05-27 12:30:37'),
(244, 60, 21, 93, '1000.0000', '100.00', '0.00', '100.00', '116.00', '16.00', 1, '0.0000', '0.0000', '0.0000', NULL, NULL, NULL, '2019-05-27 12:30:37', '2019-05-27 12:30:37'),
(245, 60, 21, 94, '1000.0000', '100.00', '0.00', '100.00', '116.00', '16.00', 1, '0.0000', '0.0000', '0.0000', NULL, NULL, NULL, '2019-05-27 12:30:37', '2019-05-27 12:30:37'),
(246, 60, 21, 95, '1000.0000', '100.00', '0.00', '100.00', '116.00', '16.00', 1, '0.0000', '0.0000', '0.0000', NULL, NULL, NULL, '2019-05-27 12:30:37', '2019-05-27 12:30:37'),
(247, 61, 21, 92, '1000.0000', '100.00', '0.00', '100.00', '116.00', '16.00', 1, '0.0000', '0.0000', '0.0000', NULL, NULL, NULL, '2019-05-27 12:30:37', '2019-05-27 12:30:37'),
(248, 61, 21, 93, '1000.0000', '100.00', '0.00', '100.00', '116.00', '16.00', 1, '0.0000', '0.0000', '0.0000', NULL, NULL, NULL, '2019-05-27 12:30:37', '2019-05-27 12:30:37'),
(249, 61, 21, 94, '1000.0000', '100.00', '0.00', '100.00', '116.00', '16.00', 1, '0.0000', '0.0000', '0.0000', NULL, NULL, NULL, '2019-05-27 12:30:37', '2019-05-27 12:30:37'),
(250, 61, 21, 95, '1000.0000', '100.00', '0.00', '100.00', '116.00', '16.00', 1, '0.0000', '0.0000', '0.0000', NULL, NULL, NULL, '2019-05-27 12:30:37', '2019-05-27 12:30:37'),
(251, 62, 22, 96, '1000.0000', '100.00', '0.00', '100.00', '116.00', '16.00', 1, '0.0000', '0.0000', '0.0000', NULL, NULL, NULL, '2019-05-27 12:31:51', '2019-05-27 12:31:51'),
(252, 62, 22, 97, '1000.0000', '100.00', '0.00', '100.00', '116.00', '16.00', 1, '0.0000', '0.0000', '0.0000', NULL, NULL, NULL, '2019-05-27 12:31:51', '2019-05-27 12:31:51'),
(253, 62, 22, 98, '1000.0000', '100.00', '0.00', '100.00', '116.00', '16.00', 1, '0.0000', '0.0000', '0.0000', NULL, NULL, NULL, '2019-05-27 12:31:51', '2019-05-27 12:31:51'),
(254, 62, 22, 99, '1000.0000', '100.00', '0.00', '100.00', '116.00', '16.00', 1, '0.0000', '0.0000', '0.0000', NULL, NULL, NULL, '2019-05-27 12:31:51', '2019-05-27 12:31:51'),
(255, 63, 22, 96, '1000.0000', '100.00', '0.00', '100.00', '116.00', '16.00', 1, '0.0000', '0.0000', '0.0000', NULL, NULL, NULL, '2019-05-27 12:31:51', '2019-05-27 12:31:51'),
(256, 63, 22, 97, '1000.0000', '100.00', '0.00', '100.00', '116.00', '16.00', 1, '0.0000', '0.0000', '0.0000', NULL, NULL, NULL, '2019-05-27 12:31:51', '2019-05-27 12:31:51'),
(257, 63, 22, 98, '1000.0000', '100.00', '0.00', '100.00', '116.00', '16.00', 1, '0.0000', '0.0000', '0.0000', NULL, NULL, NULL, '2019-05-27 12:31:51', '2019-05-27 12:31:51'),
(258, 63, 22, 99, '1000.0000', '100.00', '0.00', '100.00', '116.00', '16.00', 1, '0.0000', '0.0000', '0.0000', NULL, NULL, NULL, '2019-05-27 12:31:51', '2019-05-27 12:31:51'),
(259, 64, 22, 96, '1000.0000', '100.00', '0.00', '100.00', '116.00', '16.00', 1, '0.0000', '0.0000', '0.0000', NULL, NULL, NULL, '2019-05-27 12:31:51', '2019-05-27 12:31:51'),
(260, 64, 22, 97, '1000.0000', '100.00', '0.00', '100.00', '116.00', '16.00', 1, '0.0000', '0.0000', '0.0000', NULL, NULL, NULL, '2019-05-27 12:31:51', '2019-05-27 12:31:51'),
(261, 64, 22, 98, '1000.0000', '100.00', '0.00', '100.00', '116.00', '16.00', 1, '0.0000', '0.0000', '0.0000', NULL, NULL, NULL, '2019-05-27 12:31:51', '2019-05-27 12:31:51'),
(262, 64, 22, 99, '1000.0000', '100.00', '0.00', '100.00', '116.00', '16.00', 1, '0.0000', '0.0000', '0.0000', NULL, NULL, NULL, '2019-05-27 12:31:51', '2019-05-27 12:31:51'),
(263, 65, 23, 100, '1000.0000', '100.00', '0.00', '100.00', '116.00', '16.00', 1, '0.0000', '0.0000', '0.0000', NULL, NULL, NULL, '2019-05-27 12:32:40', '2019-05-27 12:32:40'),
(264, 65, 23, 101, '1000.0000', '100.00', '0.00', '100.00', '116.00', '16.00', 1, '0.0000', '0.0000', '0.0000', NULL, NULL, NULL, '2019-05-27 12:32:40', '2019-05-27 12:32:40'),
(265, 65, 23, 102, '1000.0000', '100.00', '0.00', '100.00', '116.00', '16.00', 1, '0.0000', '0.0000', '0.0000', NULL, NULL, NULL, '2019-05-27 12:32:40', '2019-05-27 12:32:40'),
(266, 65, 23, 103, '1000.0000', '100.00', '0.00', '100.00', '116.00', '16.00', 1, '0.0000', '0.0000', '0.0000', NULL, NULL, NULL, '2019-05-27 12:32:40', '2019-05-27 12:32:40'),
(267, 66, 23, 100, '1000.0000', '100.00', '0.00', '100.00', '116.00', '16.00', 1, '0.0000', '0.0000', '0.0000', NULL, NULL, NULL, '2019-05-27 12:32:40', '2019-05-27 12:32:40'),
(268, 66, 23, 101, '1000.0000', '100.00', '0.00', '100.00', '116.00', '16.00', 1, '0.0000', '0.0000', '0.0000', NULL, NULL, NULL, '2019-05-27 12:32:40', '2019-05-27 12:32:40'),
(269, 66, 23, 102, '1000.0000', '100.00', '0.00', '100.00', '116.00', '16.00', 1, '0.0000', '0.0000', '0.0000', NULL, NULL, NULL, '2019-05-27 12:32:40', '2019-05-27 12:32:40'),
(270, 66, 23, 103, '1000.0000', '100.00', '0.00', '100.00', '116.00', '16.00', 1, '0.0000', '0.0000', '0.0000', NULL, NULL, NULL, '2019-05-27 12:32:40', '2019-05-27 12:32:40'),
(271, 67, 23, 100, '1000.0000', '100.00', '0.00', '100.00', '116.00', '16.00', 1, '0.0000', '0.0000', '0.0000', NULL, NULL, NULL, '2019-05-27 12:32:40', '2019-05-27 12:32:40'),
(272, 67, 23, 101, '1000.0000', '100.00', '0.00', '100.00', '116.00', '16.00', 1, '0.0000', '0.0000', '0.0000', NULL, NULL, NULL, '2019-05-27 12:32:40', '2019-05-27 12:32:40'),
(273, 67, 23, 102, '1000.0000', '100.00', '0.00', '100.00', '116.00', '16.00', 1, '0.0000', '0.0000', '0.0000', NULL, NULL, NULL, '2019-05-27 12:32:40', '2019-05-27 12:32:40'),
(274, 67, 23, 103, '1000.0000', '100.00', '0.00', '100.00', '116.00', '16.00', 1, '0.0000', '0.0000', '0.0000', NULL, NULL, NULL, '2019-05-27 12:32:40', '2019-05-27 12:32:40'),
(275, 68, 24, 104, '100.0000', '100.00', '0.00', '100.00', '100.00', '0.00', NULL, '0.0000', '0.0000', '0.0000', NULL, NULL, NULL, '2019-05-27 12:43:15', '2019-05-27 12:43:15'),
(276, 68, 24, 105, '100.0000', '100.00', '0.00', '100.00', '100.00', '0.00', NULL, '0.0000', '0.0000', '0.0000', NULL, NULL, NULL, '2019-05-27 12:43:15', '2019-05-27 12:43:15'),
(277, 69, 24, 104, '100.0000', '100.00', '0.00', '100.00', '100.00', '0.00', NULL, '0.0000', '0.0000', '0.0000', NULL, NULL, NULL, '2019-05-27 12:43:15', '2019-05-27 12:43:15'),
(278, 69, 24, 105, '100.0000', '100.00', '0.00', '100.00', '100.00', '0.00', NULL, '0.0000', '0.0000', '0.0000', NULL, NULL, NULL, '2019-05-27 12:43:15', '2019-05-27 12:43:15'),
(279, 70, 24, 104, '100.0000', '100.00', '0.00', '100.00', '100.00', '0.00', NULL, '0.0000', '0.0000', '0.0000', NULL, NULL, NULL, '2019-05-27 12:43:15', '2019-05-27 12:43:15'),
(280, 70, 24, 105, '100.0000', '100.00', '0.00', '100.00', '100.00', '0.00', NULL, '0.0000', '0.0000', '0.0000', NULL, NULL, NULL, '2019-05-27 12:43:15', '2019-05-27 12:43:15'),
(281, 71, 25, 106, '100.0000', '100.00', '0.00', '100.00', '116.00', '16.00', 1, '0.0000', '0.0000', '0.0000', NULL, NULL, NULL, '2019-05-27 12:46:29', '2019-05-27 12:46:29'),
(282, 71, 25, 107, '100.0000', '100.00', '0.00', '100.00', '116.00', '16.00', 1, '0.0000', '0.0000', '0.0000', NULL, NULL, NULL, '2019-05-27 12:46:29', '2019-05-27 12:46:29'),
(283, 72, 25, 106, '100.0000', '100.00', '0.00', '100.00', '116.00', '16.00', 1, '0.0000', '0.0000', '0.0000', NULL, NULL, NULL, '2019-05-27 12:46:29', '2019-05-27 12:46:29'),
(284, 72, 25, 107, '100.0000', '100.00', '0.00', '100.00', '116.00', '16.00', 1, '0.0000', '0.0000', '0.0000', NULL, NULL, NULL, '2019-05-27 12:46:29', '2019-05-27 12:46:29'),
(285, 73, 25, 106, '100.0000', '100.00', '0.00', '100.00', '116.00', '16.00', 1, '0.0000', '0.0000', '0.0000', NULL, NULL, NULL, '2019-05-27 12:46:29', '2019-05-27 12:46:29'),
(286, 73, 25, 107, '100.0000', '100.00', '0.00', '100.00', '116.00', '16.00', 1, '0.0000', '0.0000', '0.0000', NULL, NULL, NULL, '2019-05-27 12:46:29', '2019-05-27 12:46:29'),
(287, 74, 26, 108, '100.0000', '100.00', '0.00', '100.00', '116.00', '16.00', 1, '0.0000', '0.0000', '0.0000', NULL, NULL, NULL, '2019-05-27 12:47:38', '2019-05-27 12:47:38'),
(288, 75, 26, 108, '100.0000', '100.00', '0.00', '100.00', '116.00', '16.00', 1, '0.0000', '0.0000', '0.0000', NULL, NULL, NULL, '2019-05-27 12:47:38', '2019-05-27 12:47:38'),
(289, 76, 26, 108, '100.0000', '100.00', '0.00', '100.00', '116.00', '16.00', 1, '0.0000', '0.0000', '0.0000', NULL, NULL, NULL, '2019-05-27 12:47:38', '2019-05-27 12:47:38'),
(290, 77, 27, 109, '1000.0000', '100.00', '0.00', '100.00', '116.00', '16.00', 1, '0.0000', '0.0000', '0.0000', NULL, NULL, NULL, '2019-05-27 12:58:00', '2019-05-27 12:58:00'),
(291, 78, 27, 109, '1000.0000', '100.00', '0.00', '100.00', '116.00', '16.00', 1, '0.0000', '0.0000', '0.0000', NULL, NULL, NULL, '2019-05-27 12:58:00', '2019-05-27 12:58:00'),
(292, 79, 27, 109, '1000.0000', '100.00', '0.00', '100.00', '116.00', '16.00', 1, '0.0000', '0.0000', '0.0000', NULL, NULL, NULL, '2019-05-27 12:58:00', '2019-05-27 12:58:00'),
(293, 80, 28, 110, '100.0000', '100.00', '0.00', '100.00', '116.00', '16.00', 1, '0.0000', '0.0000', '0.0000', NULL, NULL, NULL, '2019-05-27 12:59:38', '2019-05-27 12:59:38'),
(294, 81, 28, 110, '100.0000', '100.00', '0.00', '100.00', '116.00', '16.00', 1, '0.0000', '0.0000', '0.0000', NULL, NULL, NULL, '2019-05-27 12:59:38', '2019-05-27 12:59:38'),
(295, 82, 28, 110, '100.0000', '100.00', '0.00', '100.00', '116.00', '16.00', 1, '0.0000', '0.0000', '0.0000', NULL, NULL, NULL, '2019-05-27 12:59:38', '2019-05-27 12:59:38'),
(296, 83, 29, 111, '100.0000', '100.00', '0.00', '100.00', '116.00', '16.00', 1, '0.0000', '0.0000', '0.0000', NULL, NULL, NULL, '2019-05-27 13:01:46', '2019-05-27 13:01:46');
INSERT INTO `purchase_lines` (`id`, `transaction_id`, `product_id`, `variation_id`, `quantity`, `pp_without_discount`, `discount_percent`, `purchase_price`, `purchase_price_inc_tax`, `item_tax`, `tax_id`, `quantity_sold`, `quantity_adjusted`, `quantity_returned`, `mfg_date`, `exp_date`, `lot_number`, `created_at`, `updated_at`) VALUES
(297, 84, 29, 111, '100.0000', '100.00', '0.00', '100.00', '116.00', '16.00', 1, '0.0000', '0.0000', '0.0000', NULL, NULL, NULL, '2019-05-27 13:01:46', '2019-05-27 13:01:46'),
(298, 85, 29, 111, '100.0000', '100.00', '0.00', '100.00', '116.00', '16.00', 1, '0.0000', '0.0000', '0.0000', NULL, NULL, NULL, '2019-05-27 13:01:46', '2019-05-27 13:01:46'),
(299, 86, 30, 112, '100.0000', '100.00', '0.00', '100.00', '116.00', '16.00', 1, '0.0000', '0.0000', '0.0000', NULL, NULL, NULL, '2019-05-27 13:02:56', '2019-05-27 13:02:56'),
(300, 87, 30, 112, '100.0000', '100.00', '0.00', '100.00', '116.00', '16.00', 1, '0.0000', '0.0000', '0.0000', NULL, NULL, NULL, '2019-05-27 13:02:56', '2019-05-27 13:02:56'),
(301, 88, 30, 112, '100.0000', '100.00', '0.00', '100.00', '116.00', '16.00', 1, '0.0000', '0.0000', '0.0000', NULL, NULL, NULL, '2019-05-27 13:02:56', '2019-05-27 13:02:56'),
(302, 89, 31, 113, '100.0000', '100.00', '0.00', '100.00', '116.00', '16.00', 1, '0.0000', '0.0000', '0.0000', NULL, NULL, NULL, '2019-05-27 13:04:37', '2019-05-27 13:04:37'),
(303, 90, 31, 113, '100.0000', '100.00', '0.00', '100.00', '116.00', '16.00', 1, '0.0000', '0.0000', '0.0000', NULL, NULL, NULL, '2019-05-27 13:04:37', '2019-05-27 13:04:37'),
(304, 91, 31, 113, '100.0000', '100.00', '0.00', '100.00', '116.00', '16.00', 1, '0.0000', '0.0000', '0.0000', NULL, NULL, NULL, '2019-05-27 13:04:37', '2019-05-27 13:04:37'),
(305, 92, 32, 114, '100.0000', '100.00', '0.00', '100.00', '116.00', '16.00', 1, '0.0000', '0.0000', '0.0000', NULL, NULL, NULL, '2019-05-27 13:08:00', '2019-05-27 13:08:00'),
(306, 92, 32, 115, '100.0000', '100.00', '0.00', '100.00', '116.00', '16.00', 1, '0.0000', '0.0000', '0.0000', NULL, NULL, NULL, '2019-05-27 13:08:00', '2019-05-27 13:08:00'),
(307, 92, 32, 116, '100.0000', '100.00', '0.00', '100.00', '116.00', '16.00', 1, '0.0000', '0.0000', '0.0000', NULL, NULL, NULL, '2019-05-27 13:08:00', '2019-05-27 13:08:00'),
(308, 92, 32, 117, '100.0000', '100.00', '0.00', '100.00', '116.00', '16.00', 1, '0.0000', '0.0000', '0.0000', NULL, NULL, NULL, '2019-05-27 13:08:00', '2019-05-27 13:08:00'),
(309, 92, 32, 118, '100.0000', '100.00', '0.00', '100.00', '116.00', '16.00', 1, '0.0000', '0.0000', '0.0000', NULL, NULL, NULL, '2019-05-27 13:08:00', '2019-05-27 13:08:00'),
(310, 92, 32, 119, '100.0000', '100.00', '0.00', '100.00', '116.00', '16.00', 1, '0.0000', '0.0000', '0.0000', NULL, NULL, NULL, '2019-05-27 13:08:00', '2019-05-27 13:08:00'),
(311, 92, 32, 120, '100.0000', '100.00', '0.00', '100.00', '116.00', '16.00', 1, '0.0000', '0.0000', '0.0000', NULL, NULL, NULL, '2019-05-27 13:08:00', '2019-05-27 13:08:00'),
(312, 92, 32, 121, '100.0000', '100.00', '0.00', '100.00', '116.00', '16.00', 1, '0.0000', '0.0000', '0.0000', NULL, NULL, NULL, '2019-05-27 13:08:00', '2019-05-27 13:08:00'),
(313, 92, 32, 122, '100.0000', '100.00', '0.00', '100.00', '116.00', '16.00', 1, '0.0000', '0.0000', '0.0000', NULL, NULL, NULL, '2019-05-27 13:08:00', '2019-05-27 13:08:00'),
(314, 92, 32, 123, '100.0000', '100.00', '0.00', '100.00', '116.00', '16.00', 1, '0.0000', '0.0000', '0.0000', NULL, NULL, NULL, '2019-05-27 13:08:00', '2019-05-27 13:08:00'),
(315, 93, 32, 114, '100.0000', '100.00', '0.00', '100.00', '116.00', '16.00', 1, '0.0000', '0.0000', '0.0000', NULL, NULL, NULL, '2019-05-27 13:08:00', '2019-05-27 13:08:00'),
(316, 93, 32, 115, '100.0000', '100.00', '0.00', '100.00', '116.00', '16.00', 1, '0.0000', '0.0000', '0.0000', NULL, NULL, NULL, '2019-05-27 13:08:00', '2019-05-27 13:08:00'),
(317, 93, 32, 116, '100.0000', '100.00', '0.00', '100.00', '116.00', '16.00', 1, '0.0000', '0.0000', '0.0000', NULL, NULL, NULL, '2019-05-27 13:08:00', '2019-05-27 13:08:00'),
(318, 93, 32, 117, '100.0000', '100.00', '0.00', '100.00', '116.00', '16.00', 1, '0.0000', '0.0000', '0.0000', NULL, NULL, NULL, '2019-05-27 13:08:00', '2019-05-27 13:08:00'),
(319, 93, 32, 118, '100.0000', '100.00', '0.00', '100.00', '116.00', '16.00', 1, '0.0000', '0.0000', '0.0000', NULL, NULL, NULL, '2019-05-27 13:08:00', '2019-05-27 13:08:00'),
(320, 93, 32, 119, '100.0000', '100.00', '0.00', '100.00', '116.00', '16.00', 1, '0.0000', '0.0000', '0.0000', NULL, NULL, NULL, '2019-05-27 13:08:00', '2019-05-27 13:08:00'),
(321, 93, 32, 120, '100.0000', '100.00', '0.00', '100.00', '116.00', '16.00', 1, '0.0000', '0.0000', '0.0000', NULL, NULL, NULL, '2019-05-27 13:08:00', '2019-05-27 13:08:00'),
(322, 93, 32, 121, '100.0000', '100.00', '0.00', '100.00', '116.00', '16.00', 1, '0.0000', '0.0000', '0.0000', NULL, NULL, NULL, '2019-05-27 13:08:00', '2019-05-27 13:08:00'),
(323, 93, 32, 122, '100.0000', '100.00', '0.00', '100.00', '116.00', '16.00', 1, '0.0000', '0.0000', '0.0000', NULL, NULL, NULL, '2019-05-27 13:08:00', '2019-05-27 13:08:00'),
(324, 93, 32, 123, '100.0000', '100.00', '0.00', '100.00', '116.00', '16.00', 1, '0.0000', '0.0000', '0.0000', NULL, NULL, NULL, '2019-05-27 13:08:00', '2019-05-27 13:08:00'),
(325, 94, 32, 114, '100.0000', '100.00', '0.00', '100.00', '116.00', '16.00', 1, '0.0000', '0.0000', '0.0000', NULL, NULL, NULL, '2019-05-27 13:08:00', '2019-05-27 13:08:00'),
(326, 94, 32, 115, '100.0000', '100.00', '0.00', '100.00', '116.00', '16.00', 1, '0.0000', '0.0000', '0.0000', NULL, NULL, NULL, '2019-05-27 13:08:00', '2019-05-27 13:08:00'),
(327, 94, 32, 116, '100.0000', '100.00', '0.00', '100.00', '116.00', '16.00', 1, '0.0000', '0.0000', '0.0000', NULL, NULL, NULL, '2019-05-27 13:08:00', '2019-05-27 13:08:00'),
(328, 94, 32, 117, '100.0000', '100.00', '0.00', '100.00', '116.00', '16.00', 1, '0.0000', '0.0000', '0.0000', NULL, NULL, NULL, '2019-05-27 13:08:00', '2019-05-27 13:08:00'),
(329, 94, 32, 118, '100.0000', '100.00', '0.00', '100.00', '116.00', '16.00', 1, '0.0000', '0.0000', '0.0000', NULL, NULL, NULL, '2019-05-27 13:08:00', '2019-05-27 13:08:00'),
(330, 94, 32, 119, '100.0000', '100.00', '0.00', '100.00', '116.00', '16.00', 1, '0.0000', '0.0000', '0.0000', NULL, NULL, NULL, '2019-05-27 13:08:00', '2019-05-27 13:08:00'),
(331, 94, 32, 120, '100.0000', '100.00', '0.00', '100.00', '116.00', '16.00', 1, '0.0000', '0.0000', '0.0000', NULL, NULL, NULL, '2019-05-27 13:08:00', '2019-05-27 13:08:00'),
(332, 94, 32, 121, '100.0000', '100.00', '0.00', '100.00', '116.00', '16.00', 1, '0.0000', '0.0000', '0.0000', NULL, NULL, NULL, '2019-05-27 13:08:00', '2019-05-27 13:08:00'),
(333, 94, 32, 122, '100.0000', '100.00', '0.00', '100.00', '116.00', '16.00', 1, '0.0000', '0.0000', '0.0000', NULL, NULL, NULL, '2019-05-27 13:08:00', '2019-05-27 13:08:00'),
(334, 94, 32, 123, '100.0000', '100.00', '0.00', '100.00', '116.00', '16.00', 1, '0.0000', '0.0000', '0.0000', NULL, NULL, NULL, '2019-05-27 13:08:00', '2019-05-27 13:08:00'),
(335, 95, 33, 124, '1000.0000', '100.00', '0.00', '100.00', '116.00', '16.00', 1, '0.0000', '0.0000', '0.0000', NULL, NULL, NULL, '2019-05-31 14:27:17', '2019-05-31 14:27:17'),
(336, 95, 33, 125, '1000.0000', '100.00', '0.00', '100.00', '116.00', '16.00', 1, '0.0000', '0.0000', '0.0000', NULL, NULL, NULL, '2019-05-31 14:27:17', '2019-05-31 14:27:17'),
(337, 95, 33, 126, '1000.0000', '100.00', '0.00', '100.00', '116.00', '16.00', 1, '0.0000', '0.0000', '0.0000', NULL, NULL, NULL, '2019-05-31 14:27:17', '2019-05-31 14:27:17'),
(338, 95, 33, 127, '1000.0000', '100.00', '0.00', '100.00', '116.00', '16.00', 1, '0.0000', '0.0000', '0.0000', NULL, NULL, NULL, '2019-05-31 14:27:17', '2019-05-31 14:27:17'),
(339, 95, 33, 128, '1000.0000', '100.00', '0.00', '100.00', '116.00', '16.00', 1, '0.0000', '0.0000', '0.0000', NULL, NULL, NULL, '2019-05-31 14:27:17', '2019-05-31 14:27:17'),
(340, 95, 33, 129, '1000.0000', '100.00', '0.00', '100.00', '116.00', '16.00', 1, '0.0000', '0.0000', '0.0000', NULL, NULL, NULL, '2019-05-31 14:27:17', '2019-05-31 14:27:17'),
(341, 95, 33, 130, '1000.0000', '100.00', '0.00', '100.00', '116.00', '16.00', 1, '0.0000', '0.0000', '0.0000', NULL, NULL, NULL, '2019-05-31 14:27:17', '2019-05-31 14:27:17'),
(342, 95, 33, 131, '1000.0000', '100.00', '0.00', '100.00', '116.00', '16.00', 1, '0.0000', '0.0000', '0.0000', NULL, NULL, NULL, '2019-05-31 14:27:17', '2019-05-31 14:27:17'),
(343, 95, 33, 132, '1000.0000', '100.00', '0.00', '100.00', '116.00', '16.00', 1, '0.0000', '0.0000', '0.0000', NULL, NULL, NULL, '2019-05-31 14:27:17', '2019-05-31 14:27:17'),
(344, 95, 33, 133, '1000.0000', '100.00', '0.00', '100.00', '116.00', '16.00', 1, '0.0000', '0.0000', '0.0000', NULL, NULL, NULL, '2019-05-31 14:27:17', '2019-05-31 14:27:17'),
(345, 96, 33, 124, '1000.0000', '100.00', '0.00', '100.00', '116.00', '16.00', 1, '0.0000', '0.0000', '0.0000', NULL, NULL, NULL, '2019-05-31 14:27:17', '2019-05-31 14:27:17'),
(346, 96, 33, 125, '1000.0000', '100.00', '0.00', '100.00', '116.00', '16.00', 1, '0.0000', '0.0000', '0.0000', NULL, NULL, NULL, '2019-05-31 14:27:17', '2019-05-31 14:27:17'),
(347, 96, 33, 126, '1000.0000', '100.00', '0.00', '100.00', '116.00', '16.00', 1, '0.0000', '0.0000', '0.0000', NULL, NULL, NULL, '2019-05-31 14:27:17', '2019-05-31 14:27:17'),
(348, 96, 33, 127, '1000.0000', '100.00', '0.00', '100.00', '116.00', '16.00', 1, '0.0000', '0.0000', '0.0000', NULL, NULL, NULL, '2019-05-31 14:27:17', '2019-05-31 14:27:17'),
(349, 96, 33, 128, '1000.0000', '100.00', '0.00', '100.00', '116.00', '16.00', 1, '0.0000', '0.0000', '0.0000', NULL, NULL, NULL, '2019-05-31 14:27:17', '2019-05-31 14:27:17'),
(350, 96, 33, 129, '1000.0000', '100.00', '0.00', '100.00', '116.00', '16.00', 1, '0.0000', '0.0000', '0.0000', NULL, NULL, NULL, '2019-05-31 14:27:17', '2019-05-31 14:27:17'),
(351, 96, 33, 130, '1000.0000', '100.00', '0.00', '100.00', '116.00', '16.00', 1, '0.0000', '0.0000', '0.0000', NULL, NULL, NULL, '2019-05-31 14:27:17', '2019-05-31 14:27:17'),
(352, 96, 33, 131, '1000.0000', '100.00', '0.00', '100.00', '116.00', '16.00', 1, '0.0000', '0.0000', '0.0000', NULL, NULL, NULL, '2019-05-31 14:27:17', '2019-05-31 14:27:17'),
(353, 96, 33, 132, '1000.0000', '100.00', '0.00', '100.00', '116.00', '16.00', 1, '0.0000', '0.0000', '0.0000', NULL, NULL, NULL, '2019-05-31 14:27:17', '2019-05-31 14:27:17'),
(354, 96, 33, 133, '1000.0000', '100.00', '0.00', '100.00', '116.00', '16.00', 1, '0.0000', '0.0000', '0.0000', NULL, NULL, NULL, '2019-05-31 14:27:17', '2019-05-31 14:27:17'),
(355, 97, 33, 124, '1000.0000', '100.00', '0.00', '100.00', '116.00', '16.00', 1, '0.0000', '0.0000', '0.0000', NULL, NULL, NULL, '2019-05-31 14:27:17', '2019-05-31 14:27:17'),
(356, 97, 33, 125, '1000.0000', '100.00', '0.00', '100.00', '116.00', '16.00', 1, '0.0000', '0.0000', '0.0000', NULL, NULL, NULL, '2019-05-31 14:27:17', '2019-05-31 14:27:17'),
(357, 97, 33, 126, '1000.0000', '100.00', '0.00', '100.00', '116.00', '16.00', 1, '0.0000', '0.0000', '0.0000', NULL, NULL, NULL, '2019-05-31 14:27:17', '2019-05-31 14:27:17'),
(358, 97, 33, 127, '1000.0000', '100.00', '0.00', '100.00', '116.00', '16.00', 1, '0.0000', '0.0000', '0.0000', NULL, NULL, NULL, '2019-05-31 14:27:17', '2019-05-31 14:27:17'),
(359, 97, 33, 128, '1000.0000', '100.00', '0.00', '100.00', '116.00', '16.00', 1, '0.0000', '0.0000', '0.0000', NULL, NULL, NULL, '2019-05-31 14:27:17', '2019-05-31 14:27:17'),
(360, 97, 33, 129, '1000.0000', '100.00', '0.00', '100.00', '116.00', '16.00', 1, '0.0000', '0.0000', '0.0000', NULL, NULL, NULL, '2019-05-31 14:27:17', '2019-05-31 14:27:17'),
(361, 97, 33, 130, '1000.0000', '100.00', '0.00', '100.00', '116.00', '16.00', 1, '0.0000', '0.0000', '0.0000', NULL, NULL, NULL, '2019-05-31 14:27:17', '2019-05-31 14:27:17'),
(362, 97, 33, 131, '1000.0000', '100.00', '0.00', '100.00', '116.00', '16.00', 1, '0.0000', '0.0000', '0.0000', NULL, NULL, NULL, '2019-05-31 14:27:17', '2019-05-31 14:27:17'),
(363, 97, 33, 132, '1000.0000', '100.00', '0.00', '100.00', '116.00', '16.00', 1, '0.0000', '0.0000', '0.0000', NULL, NULL, NULL, '2019-05-31 14:27:17', '2019-05-31 14:27:17'),
(364, 97, 33, 133, '1000.0000', '100.00', '0.00', '100.00', '116.00', '16.00', 1, '0.0000', '0.0000', '0.0000', NULL, NULL, NULL, '2019-05-31 14:27:17', '2019-05-31 14:27:17'),
(365, 98, 34, 134, '1000.0000', '100.00', '0.00', '100.00', '116.00', '16.00', 1, '0.0000', '0.0000', '0.0000', NULL, NULL, NULL, '2019-05-31 14:30:51', '2019-05-31 14:30:51'),
(366, 98, 34, 135, '1000.0000', '100.00', '0.00', '100.00', '116.00', '16.00', 1, '0.0000', '0.0000', '0.0000', NULL, NULL, NULL, '2019-05-31 14:30:51', '2019-05-31 14:30:51'),
(367, 98, 34, 136, '1000.0000', '100.00', '0.00', '100.00', '116.00', '16.00', 1, '0.0000', '0.0000', '0.0000', NULL, NULL, NULL, '2019-05-31 14:30:51', '2019-05-31 14:30:51'),
(368, 98, 34, 137, '1000.0000', '100.00', '0.00', '100.00', '116.00', '16.00', 1, '0.0000', '0.0000', '0.0000', NULL, NULL, NULL, '2019-05-31 14:30:51', '2019-05-31 14:30:51'),
(369, 98, 34, 138, '1000.0000', '100.00', '0.00', '100.00', '116.00', '16.00', 1, '0.0000', '0.0000', '0.0000', NULL, NULL, NULL, '2019-05-31 14:30:51', '2019-05-31 14:30:51'),
(370, 98, 34, 139, '1000.0000', '100.00', '0.00', '100.00', '116.00', '16.00', 1, '0.0000', '0.0000', '0.0000', NULL, NULL, NULL, '2019-05-31 14:30:51', '2019-05-31 14:30:51'),
(371, 98, 34, 140, '1000.0000', '100.00', '0.00', '100.00', '116.00', '16.00', 1, '0.0000', '0.0000', '0.0000', NULL, NULL, NULL, '2019-05-31 14:30:51', '2019-05-31 14:30:51'),
(372, 98, 34, 141, '1000.0000', '100.00', '0.00', '100.00', '116.00', '16.00', 1, '0.0000', '0.0000', '0.0000', NULL, NULL, NULL, '2019-05-31 14:30:51', '2019-05-31 14:30:51'),
(373, 98, 34, 142, '1000.0000', '100.00', '0.00', '100.00', '116.00', '16.00', 1, '0.0000', '0.0000', '0.0000', NULL, NULL, NULL, '2019-05-31 14:30:51', '2019-05-31 14:30:51'),
(374, 98, 34, 143, '1000.0000', '100.00', '0.00', '100.00', '116.00', '16.00', 1, '0.0000', '0.0000', '0.0000', NULL, NULL, NULL, '2019-05-31 14:30:51', '2019-05-31 14:30:51'),
(375, 99, 34, 134, '1000.0000', '100.00', '0.00', '100.00', '116.00', '16.00', 1, '0.0000', '0.0000', '0.0000', NULL, NULL, NULL, '2019-05-31 14:30:51', '2019-05-31 14:30:51'),
(376, 99, 34, 135, '1000.0000', '100.00', '0.00', '100.00', '116.00', '16.00', 1, '0.0000', '0.0000', '0.0000', NULL, NULL, NULL, '2019-05-31 14:30:51', '2019-05-31 14:30:51'),
(377, 99, 34, 136, '1000.0000', '100.00', '0.00', '100.00', '116.00', '16.00', 1, '0.0000', '0.0000', '0.0000', NULL, NULL, NULL, '2019-05-31 14:30:51', '2019-05-31 14:30:51'),
(378, 99, 34, 137, '1000.0000', '100.00', '0.00', '100.00', '116.00', '16.00', 1, '0.0000', '0.0000', '0.0000', NULL, NULL, NULL, '2019-05-31 14:30:51', '2019-05-31 14:30:51'),
(379, 99, 34, 138, '1000.0000', '100.00', '0.00', '100.00', '116.00', '16.00', 1, '0.0000', '0.0000', '0.0000', NULL, NULL, NULL, '2019-05-31 14:30:51', '2019-05-31 14:30:51'),
(380, 99, 34, 139, '1000.0000', '100.00', '0.00', '100.00', '116.00', '16.00', 1, '0.0000', '0.0000', '0.0000', NULL, NULL, NULL, '2019-05-31 14:30:51', '2019-05-31 14:30:51'),
(381, 99, 34, 140, '1000.0000', '100.00', '0.00', '100.00', '116.00', '16.00', 1, '0.0000', '0.0000', '0.0000', NULL, NULL, NULL, '2019-05-31 14:30:51', '2019-05-31 14:30:51'),
(382, 99, 34, 141, '1000.0000', '100.00', '0.00', '100.00', '116.00', '16.00', 1, '0.0000', '0.0000', '0.0000', NULL, NULL, NULL, '2019-05-31 14:30:51', '2019-05-31 14:30:51'),
(383, 99, 34, 142, '1000.0000', '100.00', '0.00', '100.00', '116.00', '16.00', 1, '0.0000', '0.0000', '0.0000', NULL, NULL, NULL, '2019-05-31 14:30:51', '2019-05-31 14:30:51'),
(384, 99, 34, 143, '1000.0000', '100.00', '0.00', '100.00', '116.00', '16.00', 1, '0.0000', '0.0000', '0.0000', NULL, NULL, NULL, '2019-05-31 14:30:51', '2019-05-31 14:30:51'),
(385, 100, 34, 134, '1000.0000', '100.00', '0.00', '100.00', '116.00', '16.00', 1, '0.0000', '0.0000', '0.0000', NULL, NULL, NULL, '2019-05-31 14:30:51', '2019-05-31 14:30:51'),
(386, 100, 34, 135, '1000.0000', '100.00', '0.00', '100.00', '116.00', '16.00', 1, '0.0000', '0.0000', '0.0000', NULL, NULL, NULL, '2019-05-31 14:30:51', '2019-05-31 14:30:51'),
(387, 100, 34, 136, '1000.0000', '100.00', '0.00', '100.00', '116.00', '16.00', 1, '0.0000', '0.0000', '0.0000', NULL, NULL, NULL, '2019-05-31 14:30:51', '2019-05-31 14:30:51'),
(388, 100, 34, 137, '1000.0000', '100.00', '0.00', '100.00', '116.00', '16.00', 1, '0.0000', '0.0000', '0.0000', NULL, NULL, NULL, '2019-05-31 14:30:51', '2019-05-31 14:30:51'),
(389, 100, 34, 138, '1000.0000', '100.00', '0.00', '100.00', '116.00', '16.00', 1, '0.0000', '0.0000', '0.0000', NULL, NULL, NULL, '2019-05-31 14:30:51', '2019-05-31 14:30:51'),
(390, 100, 34, 139, '1000.0000', '100.00', '0.00', '100.00', '116.00', '16.00', 1, '0.0000', '0.0000', '0.0000', NULL, NULL, NULL, '2019-05-31 14:30:51', '2019-05-31 14:30:51'),
(391, 100, 34, 140, '1000.0000', '100.00', '0.00', '100.00', '116.00', '16.00', 1, '0.0000', '0.0000', '0.0000', NULL, NULL, NULL, '2019-05-31 14:30:51', '2019-05-31 14:30:51'),
(392, 100, 34, 141, '1000.0000', '100.00', '0.00', '100.00', '116.00', '16.00', 1, '0.0000', '0.0000', '0.0000', NULL, NULL, NULL, '2019-05-31 14:30:51', '2019-05-31 14:30:51'),
(393, 100, 34, 142, '1000.0000', '100.00', '0.00', '100.00', '116.00', '16.00', 1, '0.0000', '0.0000', '0.0000', NULL, NULL, NULL, '2019-05-31 14:30:51', '2019-05-31 14:30:51'),
(394, 100, 34, 143, '1000.0000', '100.00', '0.00', '100.00', '116.00', '16.00', 1, '0.0000', '0.0000', '0.0000', NULL, NULL, NULL, '2019-05-31 14:30:51', '2019-05-31 14:30:51'),
(395, 101, 35, 144, '1000.0000', '100.00', '0.00', '100.00', '116.00', '16.00', 1, '0.0000', '0.0000', '0.0000', NULL, NULL, NULL, '2019-05-31 14:48:38', '2019-05-31 14:48:38'),
(396, 101, 35, 145, '1000.0000', '100.00', '0.00', '100.00', '116.00', '16.00', 1, '0.0000', '0.0000', '0.0000', NULL, NULL, NULL, '2019-05-31 14:48:38', '2019-05-31 14:48:38'),
(397, 101, 35, 146, '1000.0000', '100.00', '0.00', '100.00', '116.00', '16.00', 1, '0.0000', '0.0000', '0.0000', NULL, NULL, NULL, '2019-05-31 14:48:38', '2019-05-31 14:48:38'),
(398, 101, 35, 147, '1000.0000', '100.00', '0.00', '100.00', '116.00', '16.00', 1, '0.0000', '0.0000', '0.0000', NULL, NULL, NULL, '2019-05-31 14:48:38', '2019-05-31 14:48:38'),
(399, 101, 35, 148, '1000.0000', '100.00', '0.00', '100.00', '116.00', '16.00', 1, '0.0000', '0.0000', '0.0000', NULL, NULL, NULL, '2019-05-31 14:48:38', '2019-05-31 14:48:38'),
(400, 101, 35, 149, '1000.0000', '100.00', '0.00', '100.00', '116.00', '16.00', 1, '0.0000', '0.0000', '0.0000', NULL, NULL, NULL, '2019-05-31 14:48:38', '2019-05-31 14:48:38'),
(401, 102, 35, 144, '1000.0000', '100.00', '0.00', '100.00', '116.00', '16.00', 1, '0.0000', '0.0000', '0.0000', NULL, NULL, NULL, '2019-05-31 14:48:38', '2019-05-31 14:48:38'),
(402, 102, 35, 145, '1000.0000', '100.00', '0.00', '100.00', '116.00', '16.00', 1, '0.0000', '0.0000', '0.0000', NULL, NULL, NULL, '2019-05-31 14:48:38', '2019-05-31 14:48:38'),
(403, 102, 35, 146, '1000.0000', '100.00', '0.00', '100.00', '116.00', '16.00', 1, '0.0000', '0.0000', '0.0000', NULL, NULL, NULL, '2019-05-31 14:48:38', '2019-05-31 14:48:38'),
(404, 102, 35, 147, '1000.0000', '100.00', '0.00', '100.00', '116.00', '16.00', 1, '0.0000', '0.0000', '0.0000', NULL, NULL, NULL, '2019-05-31 14:48:38', '2019-05-31 14:48:38'),
(405, 102, 35, 148, '1000.0000', '100.00', '0.00', '100.00', '116.00', '16.00', 1, '0.0000', '0.0000', '0.0000', NULL, NULL, NULL, '2019-05-31 14:48:38', '2019-05-31 14:48:38'),
(406, 102, 35, 149, '1000.0000', '100.00', '0.00', '100.00', '116.00', '16.00', 1, '0.0000', '0.0000', '0.0000', NULL, NULL, NULL, '2019-05-31 14:48:38', '2019-05-31 14:48:38'),
(407, 103, 35, 144, '1000.0000', '100.00', '0.00', '100.00', '116.00', '16.00', 1, '0.0000', '0.0000', '0.0000', NULL, NULL, NULL, '2019-05-31 14:48:38', '2019-05-31 14:48:38'),
(408, 103, 35, 145, '1000.0000', '100.00', '0.00', '100.00', '116.00', '16.00', 1, '0.0000', '0.0000', '0.0000', NULL, NULL, NULL, '2019-05-31 14:48:38', '2019-05-31 14:48:38'),
(409, 103, 35, 146, '1000.0000', '100.00', '0.00', '100.00', '116.00', '16.00', 1, '0.0000', '0.0000', '0.0000', NULL, NULL, NULL, '2019-05-31 14:48:38', '2019-05-31 14:48:38'),
(410, 103, 35, 147, '1000.0000', '100.00', '0.00', '100.00', '116.00', '16.00', 1, '0.0000', '0.0000', '0.0000', NULL, NULL, NULL, '2019-05-31 14:48:38', '2019-05-31 14:48:38'),
(411, 103, 35, 148, '1000.0000', '100.00', '0.00', '100.00', '116.00', '16.00', 1, '0.0000', '0.0000', '0.0000', NULL, NULL, NULL, '2019-05-31 14:48:38', '2019-05-31 14:48:38'),
(412, 103, 35, 149, '1000.0000', '100.00', '0.00', '100.00', '116.00', '16.00', 1, '0.0000', '0.0000', '0.0000', NULL, NULL, NULL, '2019-05-31 14:48:38', '2019-05-31 14:48:38'),
(413, 104, 36, 150, '1000.0000', '100.00', '0.00', '100.00', '116.00', '16.00', 1, '0.0000', '0.0000', '0.0000', NULL, NULL, NULL, '2019-05-31 14:54:32', '2019-05-31 14:54:32'),
(414, 104, 36, 151, '1000.0000', '100.00', '0.00', '100.00', '116.00', '16.00', 1, '0.0000', '0.0000', '0.0000', NULL, NULL, NULL, '2019-05-31 14:54:32', '2019-05-31 14:54:32'),
(415, 104, 36, 152, '1000.0000', '100.00', '0.00', '100.00', '116.00', '16.00', 1, '0.0000', '0.0000', '0.0000', NULL, NULL, NULL, '2019-05-31 14:54:32', '2019-05-31 14:54:32'),
(416, 104, 36, 153, '1000.0000', '100.00', '0.00', '100.00', '116.00', '16.00', 1, '0.0000', '0.0000', '0.0000', NULL, NULL, NULL, '2019-05-31 14:54:32', '2019-05-31 14:54:32'),
(417, 104, 36, 154, '1000.0000', '100.00', '0.00', '100.00', '116.00', '16.00', 1, '0.0000', '0.0000', '0.0000', NULL, NULL, NULL, '2019-05-31 14:54:32', '2019-05-31 14:54:32'),
(418, 105, 36, 150, '1000.0000', '100.00', '0.00', '100.00', '116.00', '16.00', 1, '0.0000', '0.0000', '0.0000', NULL, NULL, NULL, '2019-05-31 14:54:32', '2019-05-31 14:54:32'),
(419, 105, 36, 151, '1000.0000', '100.00', '0.00', '100.00', '116.00', '16.00', 1, '0.0000', '0.0000', '0.0000', NULL, NULL, NULL, '2019-05-31 14:54:32', '2019-05-31 14:54:32'),
(420, 105, 36, 152, '1000.0000', '100.00', '0.00', '100.00', '116.00', '16.00', 1, '0.0000', '0.0000', '0.0000', NULL, NULL, NULL, '2019-05-31 14:54:32', '2019-05-31 14:54:32'),
(421, 105, 36, 153, '1000.0000', '100.00', '0.00', '100.00', '116.00', '16.00', 1, '0.0000', '0.0000', '0.0000', NULL, NULL, NULL, '2019-05-31 14:54:32', '2019-05-31 14:54:32'),
(422, 105, 36, 154, '1000.0000', '100.00', '0.00', '100.00', '116.00', '16.00', 1, '0.0000', '0.0000', '0.0000', NULL, NULL, NULL, '2019-05-31 14:54:32', '2019-05-31 14:54:32'),
(423, 106, 36, 150, '1000.0000', '100.00', '0.00', '100.00', '116.00', '16.00', 1, '0.0000', '0.0000', '0.0000', NULL, NULL, NULL, '2019-05-31 14:54:32', '2019-05-31 14:54:32'),
(424, 106, 36, 151, '1000.0000', '100.00', '0.00', '100.00', '116.00', '16.00', 1, '0.0000', '0.0000', '0.0000', NULL, NULL, NULL, '2019-05-31 14:54:32', '2019-05-31 14:54:32'),
(425, 106, 36, 152, '1000.0000', '100.00', '0.00', '100.00', '116.00', '16.00', 1, '0.0000', '0.0000', '0.0000', NULL, NULL, NULL, '2019-05-31 14:54:32', '2019-05-31 14:54:32'),
(426, 106, 36, 153, '1000.0000', '100.00', '0.00', '100.00', '116.00', '16.00', 1, '0.0000', '0.0000', '0.0000', NULL, NULL, NULL, '2019-05-31 14:54:32', '2019-05-31 14:54:32'),
(427, 106, 36, 154, '1000.0000', '100.00', '0.00', '100.00', '116.00', '16.00', 1, '0.0000', '0.0000', '0.0000', NULL, NULL, NULL, '2019-05-31 14:54:32', '2019-05-31 14:54:32'),
(428, 107, 37, 155, '1000.0000', '100.00', '0.00', '100.00', '116.00', '16.00', 1, '0.0000', '0.0000', '0.0000', NULL, NULL, NULL, '2019-05-31 14:58:40', '2019-05-31 14:58:40'),
(429, 107, 37, 156, '1000.0000', '100.00', '0.00', '100.00', '116.00', '16.00', 1, '0.0000', '0.0000', '0.0000', NULL, NULL, NULL, '2019-05-31 14:58:40', '2019-05-31 14:58:40'),
(430, 107, 37, 157, '1000.0000', '100.00', '0.00', '100.00', '116.00', '16.00', 1, '0.0000', '0.0000', '0.0000', NULL, NULL, NULL, '2019-05-31 14:58:40', '2019-05-31 14:58:40'),
(431, 107, 37, 158, '1000.0000', '100.00', '0.00', '100.00', '116.00', '16.00', 1, '0.0000', '0.0000', '0.0000', NULL, NULL, NULL, '2019-05-31 14:58:40', '2019-05-31 14:58:40'),
(432, 107, 37, 159, '1000.0000', '100.00', '0.00', '100.00', '116.00', '16.00', 1, '0.0000', '0.0000', '0.0000', NULL, NULL, NULL, '2019-05-31 14:58:40', '2019-05-31 14:58:40'),
(433, 107, 37, 160, '1000.0000', '100.00', '0.00', '100.00', '116.00', '16.00', 1, '0.0000', '0.0000', '0.0000', NULL, NULL, NULL, '2019-05-31 14:58:40', '2019-05-31 14:58:40'),
(434, 107, 37, 161, '1000.0000', '100.00', '0.00', '100.00', '116.00', '16.00', 1, '0.0000', '0.0000', '0.0000', NULL, NULL, NULL, '2019-05-31 14:58:40', '2019-05-31 14:58:40'),
(435, 108, 37, 155, '1000.0000', '100.00', '0.00', '100.00', '116.00', '16.00', 1, '0.0000', '0.0000', '0.0000', NULL, NULL, NULL, '2019-05-31 14:58:40', '2019-05-31 14:58:40'),
(436, 108, 37, 156, '1000.0000', '100.00', '0.00', '100.00', '116.00', '16.00', 1, '0.0000', '0.0000', '0.0000', NULL, NULL, NULL, '2019-05-31 14:58:40', '2019-05-31 14:58:40'),
(437, 108, 37, 157, '1000.0000', '100.00', '0.00', '100.00', '116.00', '16.00', 1, '0.0000', '0.0000', '0.0000', NULL, NULL, NULL, '2019-05-31 14:58:40', '2019-05-31 14:58:40'),
(438, 108, 37, 158, '1000.0000', '100.00', '0.00', '100.00', '116.00', '16.00', 1, '0.0000', '0.0000', '0.0000', NULL, NULL, NULL, '2019-05-31 14:58:40', '2019-05-31 14:58:40'),
(439, 108, 37, 159, '1000.0000', '100.00', '0.00', '100.00', '116.00', '16.00', 1, '0.0000', '0.0000', '0.0000', NULL, NULL, NULL, '2019-05-31 14:58:40', '2019-05-31 14:58:40'),
(440, 108, 37, 160, '1000.0000', '100.00', '0.00', '100.00', '116.00', '16.00', 1, '0.0000', '0.0000', '0.0000', NULL, NULL, NULL, '2019-05-31 14:58:40', '2019-05-31 14:58:40'),
(441, 108, 37, 161, '1000.0000', '100.00', '0.00', '100.00', '116.00', '16.00', 1, '0.0000', '0.0000', '0.0000', NULL, NULL, NULL, '2019-05-31 14:58:40', '2019-05-31 14:58:40'),
(442, 109, 37, 155, '1000.0000', '100.00', '0.00', '100.00', '116.00', '16.00', 1, '0.0000', '0.0000', '0.0000', NULL, NULL, NULL, '2019-05-31 14:58:40', '2019-05-31 14:58:40'),
(443, 109, 37, 156, '1000.0000', '100.00', '0.00', '100.00', '116.00', '16.00', 1, '0.0000', '0.0000', '0.0000', NULL, NULL, NULL, '2019-05-31 14:58:40', '2019-05-31 14:58:40'),
(444, 109, 37, 157, '1000.0000', '100.00', '0.00', '100.00', '116.00', '16.00', 1, '0.0000', '0.0000', '0.0000', NULL, NULL, NULL, '2019-05-31 14:58:40', '2019-05-31 14:58:40'),
(445, 109, 37, 158, '1000.0000', '100.00', '0.00', '100.00', '116.00', '16.00', 1, '0.0000', '0.0000', '0.0000', NULL, NULL, NULL, '2019-05-31 14:58:40', '2019-05-31 14:58:40'),
(446, 109, 37, 159, '1000.0000', '100.00', '0.00', '100.00', '116.00', '16.00', 1, '0.0000', '0.0000', '0.0000', NULL, NULL, NULL, '2019-05-31 14:58:40', '2019-05-31 14:58:40'),
(447, 109, 37, 160, '1000.0000', '100.00', '0.00', '100.00', '116.00', '16.00', 1, '0.0000', '0.0000', '0.0000', NULL, NULL, NULL, '2019-05-31 14:58:40', '2019-05-31 14:58:40'),
(448, 109, 37, 161, '1000.0000', '100.00', '0.00', '100.00', '116.00', '16.00', 1, '0.0000', '0.0000', '0.0000', NULL, NULL, NULL, '2019-05-31 14:58:40', '2019-05-31 14:58:40'),
(449, 110, 38, 162, '1000.0000', '100.00', '0.00', '100.00', '116.00', '16.00', 1, '0.0000', '0.0000', '0.0000', NULL, NULL, NULL, '2019-05-31 15:10:13', '2019-05-31 15:10:13'),
(450, 110, 38, 163, '1000.0000', '100.00', '0.00', '100.00', '116.00', '16.00', 1, '0.0000', '0.0000', '0.0000', NULL, NULL, NULL, '2019-05-31 15:10:13', '2019-05-31 15:10:13'),
(451, 110, 38, 164, '1000.0000', '100.00', '0.00', '100.00', '116.00', '16.00', 1, '0.0000', '0.0000', '0.0000', NULL, NULL, NULL, '2019-05-31 15:10:13', '2019-05-31 15:10:13'),
(452, 110, 38, 165, '1000.0000', '100.00', '0.00', '100.00', '116.00', '16.00', 1, '0.0000', '0.0000', '0.0000', NULL, NULL, NULL, '2019-05-31 15:10:13', '2019-05-31 15:10:13'),
(453, 110, 38, 166, '1000.0000', '100.00', '0.00', '100.00', '116.00', '16.00', 1, '0.0000', '0.0000', '0.0000', NULL, NULL, NULL, '2019-05-31 15:10:13', '2019-05-31 15:10:13'),
(454, 111, 38, 162, '1000.0000', '100.00', '0.00', '100.00', '116.00', '16.00', 1, '0.0000', '0.0000', '0.0000', NULL, NULL, NULL, '2019-05-31 15:10:13', '2019-05-31 15:10:13'),
(455, 111, 38, 163, '1000.0000', '100.00', '0.00', '100.00', '116.00', '16.00', 1, '0.0000', '0.0000', '0.0000', NULL, NULL, NULL, '2019-05-31 15:10:13', '2019-05-31 15:10:13'),
(456, 111, 38, 164, '1000.0000', '100.00', '0.00', '100.00', '116.00', '16.00', 1, '0.0000', '0.0000', '0.0000', NULL, NULL, NULL, '2019-05-31 15:10:13', '2019-05-31 15:10:13'),
(457, 111, 38, 165, '1000.0000', '100.00', '0.00', '100.00', '116.00', '16.00', 1, '0.0000', '0.0000', '0.0000', NULL, NULL, NULL, '2019-05-31 15:10:13', '2019-05-31 15:10:13'),
(458, 111, 38, 166, '1000.0000', '100.00', '0.00', '100.00', '116.00', '16.00', 1, '0.0000', '0.0000', '0.0000', NULL, NULL, NULL, '2019-05-31 15:10:13', '2019-05-31 15:10:13'),
(459, 112, 38, 162, '1000.0000', '100.00', '0.00', '100.00', '116.00', '16.00', 1, '0.0000', '0.0000', '0.0000', NULL, NULL, NULL, '2019-05-31 15:10:13', '2019-05-31 15:10:13'),
(460, 112, 38, 163, '1000.0000', '100.00', '0.00', '100.00', '116.00', '16.00', 1, '0.0000', '0.0000', '0.0000', NULL, NULL, NULL, '2019-05-31 15:10:13', '2019-05-31 15:10:13'),
(461, 112, 38, 164, '1000.0000', '100.00', '0.00', '100.00', '116.00', '16.00', 1, '0.0000', '0.0000', '0.0000', NULL, NULL, NULL, '2019-05-31 15:10:13', '2019-05-31 15:10:13'),
(462, 112, 38, 165, '1000.0000', '100.00', '0.00', '100.00', '116.00', '16.00', 1, '0.0000', '0.0000', '0.0000', NULL, NULL, NULL, '2019-05-31 15:10:13', '2019-05-31 15:10:13'),
(463, 112, 38, 166, '1000.0000', '100.00', '0.00', '100.00', '116.00', '16.00', 1, '0.0000', '0.0000', '0.0000', NULL, NULL, NULL, '2019-05-31 15:10:13', '2019-05-31 15:10:13'),
(464, 113, 39, 167, '1000.0000', '100.00', '0.00', '100.00', '116.00', '16.00', 1, '0.0000', '0.0000', '0.0000', NULL, NULL, NULL, '2019-05-31 15:12:31', '2019-05-31 15:12:31'),
(465, 113, 39, 168, '1000.0000', '100.00', '0.00', '100.00', '116.00', '16.00', 1, '0.0000', '0.0000', '0.0000', NULL, NULL, NULL, '2019-05-31 15:12:31', '2019-05-31 15:12:31'),
(466, 113, 39, 169, '1000.0000', '100.00', '0.00', '100.00', '116.00', '16.00', 1, '0.0000', '0.0000', '0.0000', NULL, NULL, NULL, '2019-05-31 15:12:31', '2019-05-31 15:12:31'),
(467, 114, 39, 167, '1000.0000', '100.00', '0.00', '100.00', '116.00', '16.00', 1, '0.0000', '0.0000', '0.0000', NULL, NULL, NULL, '2019-05-31 15:12:31', '2019-05-31 15:12:31'),
(468, 114, 39, 168, '1000.0000', '100.00', '0.00', '100.00', '116.00', '16.00', 1, '0.0000', '0.0000', '0.0000', NULL, NULL, NULL, '2019-05-31 15:12:31', '2019-05-31 15:12:31'),
(469, 114, 39, 169, '1000.0000', '100.00', '0.00', '100.00', '116.00', '16.00', 1, '0.0000', '0.0000', '0.0000', NULL, NULL, NULL, '2019-05-31 15:12:31', '2019-05-31 15:12:31'),
(470, 115, 39, 167, '1000.0000', '100.00', '0.00', '100.00', '116.00', '16.00', 1, '0.0000', '0.0000', '0.0000', NULL, NULL, NULL, '2019-05-31 15:12:31', '2019-05-31 15:12:31'),
(471, 115, 39, 168, '1000.0000', '100.00', '0.00', '100.00', '116.00', '16.00', 1, '0.0000', '0.0000', '0.0000', NULL, NULL, NULL, '2019-05-31 15:12:31', '2019-05-31 15:12:31'),
(472, 115, 39, 169, '1000.0000', '100.00', '0.00', '100.00', '116.00', '16.00', 1, '0.0000', '0.0000', '0.0000', NULL, NULL, NULL, '2019-05-31 15:12:31', '2019-05-31 15:12:31'),
(473, 116, 40, 170, '1000.0000', '100.00', '0.00', '100.00', '116.00', '16.00', 1, '0.0000', '0.0000', '0.0000', NULL, NULL, NULL, '2019-05-31 15:16:48', '2019-05-31 15:16:48'),
(474, 116, 40, 171, '1000.0000', '100.00', '0.00', '100.00', '116.00', '16.00', 1, '0.0000', '0.0000', '0.0000', NULL, NULL, NULL, '2019-05-31 15:16:48', '2019-05-31 15:16:48'),
(475, 116, 40, 172, '1000.0000', '100.00', '0.00', '100.00', '116.00', '16.00', 1, '0.0000', '0.0000', '0.0000', NULL, NULL, NULL, '2019-05-31 15:16:48', '2019-05-31 15:16:48'),
(476, 116, 40, 173, '1000.0000', '100.00', '0.00', '100.00', '116.00', '16.00', 1, '0.0000', '0.0000', '0.0000', NULL, NULL, NULL, '2019-05-31 15:16:48', '2019-05-31 15:16:48'),
(477, 117, 40, 170, '1000.0000', '100.00', '0.00', '100.00', '116.00', '16.00', 1, '0.0000', '0.0000', '0.0000', NULL, NULL, NULL, '2019-05-31 15:16:48', '2019-05-31 15:16:48'),
(478, 117, 40, 171, '1000.0000', '100.00', '0.00', '100.00', '116.00', '16.00', 1, '0.0000', '0.0000', '0.0000', NULL, NULL, NULL, '2019-05-31 15:16:48', '2019-05-31 15:16:48'),
(479, 117, 40, 172, '1000.0000', '100.00', '0.00', '100.00', '116.00', '16.00', 1, '0.0000', '0.0000', '0.0000', NULL, NULL, NULL, '2019-05-31 15:16:48', '2019-05-31 15:16:48'),
(480, 117, 40, 173, '1000.0000', '100.00', '0.00', '100.00', '116.00', '16.00', 1, '0.0000', '0.0000', '0.0000', NULL, NULL, NULL, '2019-05-31 15:16:48', '2019-05-31 15:16:48'),
(481, 118, 40, 170, '1000.0000', '100.00', '0.00', '100.00', '116.00', '16.00', 1, '0.0000', '0.0000', '0.0000', NULL, NULL, NULL, '2019-05-31 15:16:48', '2019-05-31 15:16:48'),
(482, 118, 40, 171, '1000.0000', '100.00', '0.00', '100.00', '116.00', '16.00', 1, '0.0000', '0.0000', '0.0000', NULL, NULL, NULL, '2019-05-31 15:16:48', '2019-05-31 15:16:48'),
(483, 118, 40, 172, '1000.0000', '100.00', '0.00', '100.00', '116.00', '16.00', 1, '0.0000', '0.0000', '0.0000', NULL, NULL, NULL, '2019-05-31 15:16:48', '2019-05-31 15:16:48'),
(484, 118, 40, 173, '1000.0000', '100.00', '0.00', '100.00', '116.00', '16.00', 1, '0.0000', '0.0000', '0.0000', NULL, NULL, NULL, '2019-05-31 15:16:48', '2019-05-31 15:16:48'),
(485, 119, 41, 174, '1000.0000', '100.00', '0.00', '100.00', '116.00', '16.00', 1, '0.0000', '0.0000', '0.0000', NULL, NULL, NULL, '2019-05-31 15:19:53', '2019-05-31 15:19:53'),
(486, 119, 41, 175, '1000.0000', '100.00', '0.00', '100.00', '116.00', '16.00', 1, '0.0000', '0.0000', '0.0000', NULL, NULL, NULL, '2019-05-31 15:19:53', '2019-05-31 15:19:53'),
(487, 120, 41, 174, '1000.0000', '100.00', '0.00', '100.00', '116.00', '16.00', 1, '0.0000', '0.0000', '0.0000', NULL, NULL, NULL, '2019-05-31 15:19:53', '2019-05-31 15:19:53'),
(488, 120, 41, 175, '1000.0000', '100.00', '0.00', '100.00', '116.00', '16.00', 1, '0.0000', '0.0000', '0.0000', NULL, NULL, NULL, '2019-05-31 15:19:53', '2019-05-31 15:19:53'),
(489, 121, 41, 174, '1000.0000', '100.00', '0.00', '100.00', '116.00', '16.00', 1, '0.0000', '0.0000', '0.0000', NULL, NULL, NULL, '2019-05-31 15:19:53', '2019-05-31 15:19:53'),
(490, 121, 41, 175, '1000.0000', '100.00', '0.00', '100.00', '116.00', '16.00', 1, '0.0000', '0.0000', '0.0000', NULL, NULL, NULL, '2019-05-31 15:19:53', '2019-05-31 15:19:53'),
(491, 122, 42, 176, '1000.0000', '100.00', '0.00', '100.00', '116.00', '16.00', 1, '0.0000', '0.0000', '0.0000', NULL, NULL, NULL, '2019-05-31 15:23:07', '2019-05-31 15:23:07'),
(492, 122, 42, 177, '1000.0000', '100.00', '0.00', '100.00', '116.00', '16.00', 1, '0.0000', '0.0000', '0.0000', NULL, NULL, NULL, '2019-05-31 15:23:07', '2019-05-31 15:23:07'),
(493, 123, 42, 176, '1000.0000', '100.00', '0.00', '100.00', '116.00', '16.00', 1, '0.0000', '0.0000', '0.0000', NULL, NULL, NULL, '2019-05-31 15:23:07', '2019-05-31 15:23:07'),
(494, 123, 42, 177, '1000.0000', '100.00', '0.00', '100.00', '116.00', '16.00', 1, '0.0000', '0.0000', '0.0000', NULL, NULL, NULL, '2019-05-31 15:23:07', '2019-05-31 15:23:07'),
(495, 124, 42, 176, '1000.0000', '100.00', '0.00', '100.00', '116.00', '16.00', 1, '0.0000', '0.0000', '0.0000', NULL, NULL, NULL, '2019-05-31 15:23:07', '2019-05-31 15:23:07'),
(496, 124, 42, 177, '1000.0000', '100.00', '0.00', '100.00', '116.00', '16.00', 1, '0.0000', '0.0000', '0.0000', NULL, NULL, NULL, '2019-05-31 15:23:07', '2019-05-31 15:23:07'),
(497, 125, 43, 178, '1000.0000', '100.00', '0.00', '100.00', '116.00', '16.00', 1, '0.0000', '0.0000', '0.0000', NULL, NULL, NULL, '2019-05-31 15:27:12', '2019-05-31 15:27:12'),
(498, 125, 43, 179, '1000.0000', '100.00', '0.00', '100.00', '116.00', '16.00', 1, '0.0000', '0.0000', '0.0000', NULL, NULL, NULL, '2019-05-31 15:27:12', '2019-05-31 15:27:12'),
(499, 126, 43, 178, '1000.0000', '100.00', '0.00', '100.00', '116.00', '16.00', 1, '0.0000', '0.0000', '0.0000', NULL, NULL, NULL, '2019-05-31 15:27:12', '2019-05-31 15:27:12'),
(500, 126, 43, 179, '1000.0000', '100.00', '0.00', '100.00', '116.00', '16.00', 1, '0.0000', '0.0000', '0.0000', NULL, NULL, NULL, '2019-05-31 15:27:12', '2019-05-31 15:27:12'),
(501, 127, 43, 178, '1000.0000', '100.00', '0.00', '100.00', '116.00', '16.00', 1, '0.0000', '0.0000', '0.0000', NULL, NULL, NULL, '2019-05-31 15:27:12', '2019-05-31 15:27:12'),
(502, 127, 43, 179, '1000.0000', '100.00', '0.00', '100.00', '116.00', '16.00', 1, '0.0000', '0.0000', '0.0000', NULL, NULL, NULL, '2019-05-31 15:27:12', '2019-05-31 15:27:12'),
(503, 128, 44, 180, '1000.0000', '100.00', '0.00', '100.00', '100.00', '0.00', NULL, '0.0000', '0.0000', '0.0000', NULL, NULL, NULL, '2019-05-31 17:31:33', '2019-05-31 17:31:33'),
(504, 128, 44, 181, '1000.0000', '100.00', '0.00', '100.00', '100.00', '0.00', NULL, '0.0000', '0.0000', '0.0000', NULL, NULL, NULL, '2019-05-31 17:31:33', '2019-05-31 17:31:33'),
(505, 128, 44, 182, '1000.0000', '100.00', '0.00', '100.00', '100.00', '0.00', NULL, '0.0000', '0.0000', '0.0000', NULL, NULL, NULL, '2019-05-31 17:31:33', '2019-05-31 17:31:33'),
(506, 128, 44, 183, '1000.0000', '100.00', '0.00', '100.00', '100.00', '0.00', NULL, '0.0000', '0.0000', '0.0000', NULL, NULL, NULL, '2019-05-31 17:31:33', '2019-05-31 17:31:33'),
(507, 128, 44, 184, '1000.0000', '100.00', '0.00', '100.00', '100.00', '0.00', NULL, '0.0000', '0.0000', '0.0000', NULL, NULL, NULL, '2019-05-31 17:31:33', '2019-05-31 17:31:33'),
(508, 128, 44, 185, '1000.0000', '100.00', '0.00', '100.00', '100.00', '0.00', NULL, '0.0000', '0.0000', '0.0000', NULL, NULL, NULL, '2019-05-31 17:31:33', '2019-05-31 17:31:33'),
(509, 128, 44, 186, '1000.0000', '100.00', '0.00', '100.00', '100.00', '0.00', NULL, '0.0000', '0.0000', '0.0000', NULL, NULL, NULL, '2019-05-31 17:31:33', '2019-05-31 17:31:33'),
(510, 128, 44, 187, '1000.0000', '100.00', '0.00', '100.00', '100.00', '0.00', NULL, '0.0000', '0.0000', '0.0000', NULL, NULL, NULL, '2019-05-31 17:31:33', '2019-05-31 17:31:33'),
(511, 129, 44, 180, '1000.0000', '100.00', '0.00', '100.00', '100.00', '0.00', NULL, '0.0000', '0.0000', '0.0000', NULL, NULL, NULL, '2019-05-31 17:31:33', '2019-05-31 17:31:33'),
(512, 129, 44, 181, '1000.0000', '100.00', '0.00', '100.00', '100.00', '0.00', NULL, '0.0000', '0.0000', '0.0000', NULL, NULL, NULL, '2019-05-31 17:31:33', '2019-05-31 17:31:33'),
(513, 129, 44, 182, '1000.0000', '100.00', '0.00', '100.00', '100.00', '0.00', NULL, '0.0000', '0.0000', '0.0000', NULL, NULL, NULL, '2019-05-31 17:31:33', '2019-05-31 17:31:33'),
(514, 129, 44, 183, '1000.0000', '100.00', '0.00', '100.00', '100.00', '0.00', NULL, '0.0000', '0.0000', '0.0000', NULL, NULL, NULL, '2019-05-31 17:31:33', '2019-05-31 17:31:33'),
(515, 129, 44, 184, '1000.0000', '100.00', '0.00', '100.00', '100.00', '0.00', NULL, '0.0000', '0.0000', '0.0000', NULL, NULL, NULL, '2019-05-31 17:31:33', '2019-05-31 17:31:33'),
(516, 129, 44, 185, '1000.0000', '100.00', '0.00', '100.00', '100.00', '0.00', NULL, '0.0000', '0.0000', '0.0000', NULL, NULL, NULL, '2019-05-31 17:31:33', '2019-05-31 17:31:33'),
(517, 129, 44, 186, '1000.0000', '100.00', '0.00', '100.00', '100.00', '0.00', NULL, '0.0000', '0.0000', '0.0000', NULL, NULL, NULL, '2019-05-31 17:31:33', '2019-05-31 17:31:33'),
(518, 129, 44, 187, '1000.0000', '100.00', '0.00', '100.00', '100.00', '0.00', NULL, '0.0000', '0.0000', '0.0000', NULL, NULL, NULL, '2019-05-31 17:31:33', '2019-05-31 17:31:33'),
(519, 130, 44, 180, '1000.0000', '100.00', '0.00', '100.00', '100.00', '0.00', NULL, '0.0000', '0.0000', '0.0000', NULL, NULL, NULL, '2019-05-31 17:31:33', '2019-05-31 17:31:33'),
(520, 130, 44, 181, '1000.0000', '100.00', '0.00', '100.00', '100.00', '0.00', NULL, '0.0000', '0.0000', '0.0000', NULL, NULL, NULL, '2019-05-31 17:31:33', '2019-05-31 17:31:33'),
(521, 130, 44, 182, '1000.0000', '100.00', '0.00', '100.00', '100.00', '0.00', NULL, '0.0000', '0.0000', '0.0000', NULL, NULL, NULL, '2019-05-31 17:31:33', '2019-05-31 17:31:33'),
(522, 130, 44, 183, '1000.0000', '100.00', '0.00', '100.00', '100.00', '0.00', NULL, '0.0000', '0.0000', '0.0000', NULL, NULL, NULL, '2019-05-31 17:31:33', '2019-05-31 17:31:33'),
(523, 130, 44, 184, '1000.0000', '100.00', '0.00', '100.00', '100.00', '0.00', NULL, '0.0000', '0.0000', '0.0000', NULL, NULL, NULL, '2019-05-31 17:31:33', '2019-05-31 17:31:33'),
(524, 130, 44, 185, '1000.0000', '100.00', '0.00', '100.00', '100.00', '0.00', NULL, '0.0000', '0.0000', '0.0000', NULL, NULL, NULL, '2019-05-31 17:31:33', '2019-05-31 17:31:33'),
(525, 130, 44, 186, '1000.0000', '100.00', '0.00', '100.00', '100.00', '0.00', NULL, '0.0000', '0.0000', '0.0000', NULL, NULL, NULL, '2019-05-31 17:31:33', '2019-05-31 17:31:33'),
(526, 130, 44, 187, '1000.0000', '100.00', '0.00', '100.00', '100.00', '0.00', NULL, '0.0000', '0.0000', '0.0000', NULL, NULL, NULL, '2019-05-31 17:31:33', '2019-05-31 17:31:33'),
(527, 131, 45, 188, '100.0000', '100.00', '0.00', '100.00', '100.00', '0.00', NULL, '0.0000', '0.0000', '0.0000', NULL, NULL, NULL, '2019-05-31 17:42:24', '2019-05-31 17:42:24'),
(528, 131, 45, 189, '100.0000', '100.00', '0.00', '100.00', '100.00', '0.00', NULL, '0.0000', '0.0000', '0.0000', NULL, NULL, NULL, '2019-05-31 17:42:24', '2019-05-31 17:42:24'),
(529, 131, 45, 190, '100.0000', '100.00', '0.00', '100.00', '100.00', '0.00', NULL, '0.0000', '0.0000', '0.0000', NULL, NULL, NULL, '2019-05-31 17:42:24', '2019-05-31 17:42:24'),
(530, 131, 45, 191, '100.0000', '100.00', '0.00', '100.00', '100.00', '0.00', NULL, '0.0000', '0.0000', '0.0000', NULL, NULL, NULL, '2019-05-31 17:42:24', '2019-05-31 17:42:24'),
(531, 131, 45, 192, '100.0000', '100.00', '0.00', '100.00', '100.00', '0.00', NULL, '0.0000', '0.0000', '0.0000', NULL, NULL, NULL, '2019-05-31 17:42:24', '2019-05-31 17:42:24'),
(532, 131, 45, 193, '100.0000', '100.00', '0.00', '100.00', '100.00', '0.00', NULL, '0.0000', '0.0000', '0.0000', NULL, NULL, NULL, '2019-05-31 17:42:24', '2019-05-31 17:42:24'),
(533, 131, 45, 194, '100.0000', '100.00', '0.00', '100.00', '100.00', '0.00', NULL, '0.0000', '0.0000', '0.0000', NULL, NULL, NULL, '2019-05-31 17:42:24', '2019-05-31 17:42:24'),
(534, 132, 45, 188, '100.0000', '100.00', '0.00', '100.00', '100.00', '0.00', NULL, '0.0000', '0.0000', '0.0000', NULL, NULL, NULL, '2019-05-31 17:42:24', '2019-05-31 17:42:24'),
(535, 132, 45, 189, '100.0000', '100.00', '0.00', '100.00', '100.00', '0.00', NULL, '0.0000', '0.0000', '0.0000', NULL, NULL, NULL, '2019-05-31 17:42:24', '2019-05-31 17:42:24'),
(536, 132, 45, 190, '100.0000', '100.00', '0.00', '100.00', '100.00', '0.00', NULL, '0.0000', '0.0000', '0.0000', NULL, NULL, NULL, '2019-05-31 17:42:24', '2019-05-31 17:42:24'),
(537, 132, 45, 191, '100.0000', '100.00', '0.00', '100.00', '100.00', '0.00', NULL, '0.0000', '0.0000', '0.0000', NULL, NULL, NULL, '2019-05-31 17:42:24', '2019-05-31 17:42:24'),
(538, 132, 45, 192, '100.0000', '100.00', '0.00', '100.00', '100.00', '0.00', NULL, '0.0000', '0.0000', '0.0000', NULL, NULL, NULL, '2019-05-31 17:42:24', '2019-05-31 17:42:24'),
(539, 132, 45, 193, '100.0000', '100.00', '0.00', '100.00', '100.00', '0.00', NULL, '0.0000', '0.0000', '0.0000', NULL, NULL, NULL, '2019-05-31 17:42:24', '2019-05-31 17:42:24'),
(540, 132, 45, 194, '100.0000', '100.00', '0.00', '100.00', '100.00', '0.00', NULL, '0.0000', '0.0000', '0.0000', NULL, NULL, NULL, '2019-05-31 17:42:24', '2019-05-31 17:42:24'),
(541, 133, 45, 188, '100.0000', '100.00', '0.00', '100.00', '100.00', '0.00', NULL, '0.0000', '0.0000', '0.0000', NULL, NULL, NULL, '2019-05-31 17:42:24', '2019-05-31 17:42:24'),
(542, 133, 45, 189, '100.0000', '100.00', '0.00', '100.00', '100.00', '0.00', NULL, '0.0000', '0.0000', '0.0000', NULL, NULL, NULL, '2019-05-31 17:42:24', '2019-05-31 17:42:24'),
(543, 133, 45, 190, '100.0000', '100.00', '0.00', '100.00', '100.00', '0.00', NULL, '0.0000', '0.0000', '0.0000', NULL, NULL, NULL, '2019-05-31 17:42:24', '2019-05-31 17:42:24'),
(544, 133, 45, 191, '100.0000', '100.00', '0.00', '100.00', '100.00', '0.00', NULL, '0.0000', '0.0000', '0.0000', NULL, NULL, NULL, '2019-05-31 17:42:24', '2019-05-31 17:42:24'),
(545, 133, 45, 192, '100.0000', '100.00', '0.00', '100.00', '100.00', '0.00', NULL, '0.0000', '0.0000', '0.0000', NULL, NULL, NULL, '2019-05-31 17:42:24', '2019-05-31 17:42:24'),
(546, 133, 45, 193, '100.0000', '100.00', '0.00', '100.00', '100.00', '0.00', NULL, '0.0000', '0.0000', '0.0000', NULL, NULL, NULL, '2019-05-31 17:42:24', '2019-05-31 17:42:24'),
(547, 133, 45, 194, '100.0000', '100.00', '0.00', '100.00', '100.00', '0.00', NULL, '0.0000', '0.0000', '0.0000', NULL, NULL, NULL, '2019-05-31 17:42:24', '2019-05-31 17:42:24'),
(548, 134, 46, 195, '1000.0000', '100.00', '0.00', '100.00', '100.00', '0.00', NULL, '0.0000', '0.0000', '0.0000', NULL, NULL, NULL, '2019-05-31 17:55:40', '2019-05-31 17:55:40'),
(549, 134, 46, 196, '1000.0000', '100.00', '0.00', '100.00', '100.00', '0.00', NULL, '0.0000', '0.0000', '0.0000', NULL, NULL, NULL, '2019-05-31 17:55:40', '2019-05-31 17:55:40'),
(550, 134, 46, 197, '1000.0000', '100.00', '0.00', '100.00', '100.00', '0.00', NULL, '0.0000', '0.0000', '0.0000', NULL, NULL, NULL, '2019-05-31 17:55:40', '2019-05-31 17:55:40'),
(551, 134, 46, 198, '1000.0000', '100.00', '0.00', '100.00', '100.00', '0.00', NULL, '0.0000', '0.0000', '0.0000', NULL, NULL, NULL, '2019-05-31 17:55:40', '2019-05-31 17:55:40'),
(552, 134, 46, 199, '1000.0000', '100.00', '0.00', '100.00', '100.00', '0.00', NULL, '0.0000', '0.0000', '0.0000', NULL, NULL, NULL, '2019-05-31 17:55:40', '2019-05-31 17:55:40'),
(553, 134, 46, 200, '1000.0000', '100.00', '0.00', '100.00', '100.00', '0.00', NULL, '0.0000', '0.0000', '0.0000', NULL, NULL, NULL, '2019-05-31 17:55:40', '2019-05-31 17:55:40'),
(554, 135, 46, 195, '1000.0000', '100.00', '0.00', '100.00', '100.00', '0.00', NULL, '0.0000', '0.0000', '0.0000', NULL, NULL, NULL, '2019-05-31 17:55:40', '2019-05-31 17:55:40'),
(555, 135, 46, 196, '1000.0000', '100.00', '0.00', '100.00', '100.00', '0.00', NULL, '0.0000', '0.0000', '0.0000', NULL, NULL, NULL, '2019-05-31 17:55:40', '2019-05-31 17:55:40'),
(556, 135, 46, 197, '1000.0000', '100.00', '0.00', '100.00', '100.00', '0.00', NULL, '0.0000', '0.0000', '0.0000', NULL, NULL, NULL, '2019-05-31 17:55:40', '2019-05-31 17:55:40'),
(557, 135, 46, 198, '1000.0000', '100.00', '0.00', '100.00', '100.00', '0.00', NULL, '0.0000', '0.0000', '0.0000', NULL, NULL, NULL, '2019-05-31 17:55:40', '2019-05-31 17:55:40'),
(558, 135, 46, 199, '1000.0000', '100.00', '0.00', '100.00', '100.00', '0.00', NULL, '0.0000', '0.0000', '0.0000', NULL, NULL, NULL, '2019-05-31 17:55:40', '2019-05-31 17:55:40'),
(559, 135, 46, 200, '1000.0000', '100.00', '0.00', '100.00', '100.00', '0.00', NULL, '0.0000', '0.0000', '0.0000', NULL, NULL, NULL, '2019-05-31 17:55:40', '2019-05-31 17:55:40'),
(560, 136, 46, 195, '1000.0000', '100.00', '0.00', '100.00', '100.00', '0.00', NULL, '0.0000', '0.0000', '0.0000', NULL, NULL, NULL, '2019-05-31 17:55:40', '2019-05-31 17:55:40'),
(561, 136, 46, 196, '1000.0000', '100.00', '0.00', '100.00', '100.00', '0.00', NULL, '0.0000', '0.0000', '0.0000', NULL, NULL, NULL, '2019-05-31 17:55:40', '2019-05-31 17:55:40'),
(562, 136, 46, 197, '1000.0000', '100.00', '0.00', '100.00', '100.00', '0.00', NULL, '0.0000', '0.0000', '0.0000', NULL, NULL, NULL, '2019-05-31 17:55:40', '2019-05-31 17:55:40'),
(563, 136, 46, 198, '1000.0000', '100.00', '0.00', '100.00', '100.00', '0.00', NULL, '0.0000', '0.0000', '0.0000', NULL, NULL, NULL, '2019-05-31 17:55:40', '2019-05-31 17:55:40'),
(564, 136, 46, 199, '1000.0000', '100.00', '0.00', '100.00', '100.00', '0.00', NULL, '0.0000', '0.0000', '0.0000', NULL, NULL, NULL, '2019-05-31 17:55:40', '2019-05-31 17:55:40'),
(565, 136, 46, 200, '1000.0000', '100.00', '0.00', '100.00', '100.00', '0.00', NULL, '0.0000', '0.0000', '0.0000', NULL, NULL, NULL, '2019-05-31 17:55:40', '2019-05-31 17:55:40');

-- --------------------------------------------------------

--
-- Table structure for table `reference_counts`
--

CREATE TABLE `reference_counts` (
  `id` int(10) UNSIGNED NOT NULL,
  `ref_type` varchar(191) COLLATE utf8mb4_unicode_ci NOT NULL,
  `ref_count` int(11) NOT NULL,
  `business_id` int(11) NOT NULL,
  `created_at` timestamp NULL DEFAULT NULL,
  `updated_at` timestamp NULL DEFAULT NULL
) ENGINE=InnoDB DEFAULT CHARSET=utf8mb4 COLLATE=utf8mb4_unicode_ci;

--
-- Dumping data for table `reference_counts`
--

INSERT INTO `reference_counts` (`id`, `ref_type`, `ref_count`, `business_id`, `created_at`, `updated_at`) VALUES
(1, 'contacts', 1, 1, '2019-05-24 21:02:28', '2019-05-24 21:02:28'),
(2, 'business_location', 3, 1, '2019-05-24 21:02:29', '2019-05-26 12:40:15');

-- --------------------------------------------------------

--
-- Table structure for table `res_product_modifier_sets`
--

CREATE TABLE `res_product_modifier_sets` (
  `modifier_set_id` int(10) UNSIGNED NOT NULL,
  `product_id` int(10) UNSIGNED NOT NULL COMMENT 'Table use to store the modifier sets applicable for a product'
) ENGINE=InnoDB DEFAULT CHARSET=utf8mb4 COLLATE=utf8mb4_unicode_ci;

-- --------------------------------------------------------

--
-- Table structure for table `res_tables`
--

CREATE TABLE `res_tables` (
  `id` int(10) UNSIGNED NOT NULL,
  `business_id` int(10) UNSIGNED NOT NULL,
  `location_id` int(10) UNSIGNED NOT NULL,
  `name` varchar(191) COLLATE utf8mb4_unicode_ci NOT NULL,
  `description` text COLLATE utf8mb4_unicode_ci DEFAULT NULL,
  `created_by` int(10) UNSIGNED NOT NULL,
  `deleted_at` timestamp NULL DEFAULT NULL,
  `created_at` timestamp NULL DEFAULT NULL,
  `updated_at` timestamp NULL DEFAULT NULL
) ENGINE=InnoDB DEFAULT CHARSET=utf8mb4 COLLATE=utf8mb4_unicode_ci;

-- --------------------------------------------------------

--
-- Table structure for table `roles`
--

CREATE TABLE `roles` (
  `id` int(10) UNSIGNED NOT NULL,
  `name` varchar(191) COLLATE utf8mb4_unicode_ci NOT NULL,
  `guard_name` varchar(191) COLLATE utf8mb4_unicode_ci NOT NULL,
  `business_id` int(10) UNSIGNED NOT NULL,
  `is_default` tinyint(1) NOT NULL DEFAULT 0,
  `is_service_staff` tinyint(1) NOT NULL DEFAULT 0,
  `created_at` timestamp NULL DEFAULT NULL,
  `updated_at` timestamp NULL DEFAULT NULL
) ENGINE=InnoDB DEFAULT CHARSET=utf8mb4 COLLATE=utf8mb4_unicode_ci;

--
-- Dumping data for table `roles`
--

INSERT INTO `roles` (`id`, `name`, `guard_name`, `business_id`, `is_default`, `is_service_staff`, `created_at`, `updated_at`) VALUES
(1, 'Admin#1', 'web', 1, 1, 0, '2019-05-24 21:02:28', '2019-05-24 21:02:28'),
(2, 'Cashier#1', 'web', 1, 0, 0, '2019-05-24 21:02:28', '2019-05-24 21:02:28'),
(3, 'Manager#1', 'web', 1, 0, 0, '2019-05-24 18:53:45', '2019-05-24 18:53:45'),
(4, 'Data Entry#1', 'web', 1, 0, 0, '2019-05-24 18:55:23', '2019-05-24 18:55:23');

-- --------------------------------------------------------

--
-- Table structure for table `role_has_permissions`
--

CREATE TABLE `role_has_permissions` (
  `permission_id` int(10) UNSIGNED NOT NULL,
  `role_id` int(10) UNSIGNED NOT NULL
) ENGINE=InnoDB DEFAULT CHARSET=utf8mb4 COLLATE=utf8mb4_unicode_ci;

--
-- Dumping data for table `role_has_permissions`
--

INSERT INTO `role_has_permissions` (`permission_id`, `role_id`) VALUES
(1, 3),
(1, 4),
(2, 3),
(2, 4),
(3, 3),
(3, 4),
(7, 3),
(7, 4),
(8, 3),
(8, 4),
(9, 3),
(9, 4),
(10, 3),
(10, 4),
(15, 3),
(19, 3),
(19, 4),
(20, 3),
(20, 4),
(21, 3),
(21, 4),
(22, 3),
(22, 4),
(23, 3),
(23, 4),
(24, 3),
(24, 4),
(25, 3),
(25, 4),
(26, 3),
(26, 4),
(27, 3),
(27, 4),
(28, 3),
(28, 4),
(29, 3),
(29, 4),
(30, 3),
(30, 4),
(31, 3),
(31, 4),
(32, 3),
(32, 4),
(33, 3),
(33, 4),
(34, 3),
(34, 4),
(35, 2),
(35, 3),
(35, 4),
(36, 2),
(36, 3),
(36, 4),
(37, 2),
(37, 3),
(37, 4),
(38, 2),
(38, 3),
(38, 4),
(39, 3),
(39, 4),
(40, 3),
(40, 4),
(41, 3),
(41, 4),
(42, 3),
(42, 4),
(43, 3),
(43, 4),
(44, 3),
(44, 4),
(45, 3),
(45, 4),
(46, 3),
(46, 4),
(48, 3),
(49, 3),
(50, 3),
(50, 4),
(51, 3),
(51, 4),
(52, 3),
(52, 4),
(53, 3),
(53, 4),
(54, 3),
(55, 3),
(56, 3),
(57, 3),
(58, 3),
(58, 4),
(59, 3),
(59, 4),
(60, 3),
(60, 4),
(61, 3),
(61, 4),
(62, 3),
(63, 3),
(64, 3),
(65, 3),
(66, 3),
(67, 3),
(67, 4),
(68, 3),
(68, 4),
(69, 2);

-- --------------------------------------------------------

--
-- Table structure for table `selling_price_groups`
--

CREATE TABLE `selling_price_groups` (
  `id` int(10) UNSIGNED NOT NULL,
  `name` varchar(191) COLLATE utf8mb4_unicode_ci NOT NULL,
  `description` text COLLATE utf8mb4_unicode_ci DEFAULT NULL,
  `business_id` int(10) UNSIGNED NOT NULL,
  `deleted_at` timestamp NULL DEFAULT NULL,
  `created_at` timestamp NULL DEFAULT NULL,
  `updated_at` timestamp NULL DEFAULT NULL
) ENGINE=InnoDB DEFAULT CHARSET=utf8mb4 COLLATE=utf8mb4_unicode_ci;

-- --------------------------------------------------------

--
-- Table structure for table `sessions`
--

CREATE TABLE `sessions` (
  `id` varchar(191) COLLATE utf8mb4_unicode_ci NOT NULL,
  `user_id` int(10) UNSIGNED DEFAULT NULL,
  `ip_address` varchar(45) COLLATE utf8mb4_unicode_ci DEFAULT NULL,
  `user_agent` text COLLATE utf8mb4_unicode_ci DEFAULT NULL,
  `payload` text COLLATE utf8mb4_unicode_ci NOT NULL,
  `last_activity` int(11) NOT NULL
) ENGINE=InnoDB DEFAULT CHARSET=utf8mb4 COLLATE=utf8mb4_unicode_ci;

-- --------------------------------------------------------

--
-- Table structure for table `stock_adjustments_temp`
--

CREATE TABLE `stock_adjustments_temp` (
  `id` int(11) DEFAULT NULL
) ENGINE=InnoDB DEFAULT CHARSET=latin1;

-- --------------------------------------------------------

--
-- Table structure for table `stock_adjustment_lines`
--

CREATE TABLE `stock_adjustment_lines` (
  `id` int(10) UNSIGNED NOT NULL,
  `transaction_id` int(10) UNSIGNED NOT NULL,
  `product_id` int(10) UNSIGNED NOT NULL,
  `variation_id` int(10) UNSIGNED NOT NULL,
  `quantity` decimal(20,4) NOT NULL,
  `unit_price` decimal(20,2) DEFAULT NULL COMMENT 'Last purchase unit price',
  `removed_purchase_line` int(11) DEFAULT NULL,
  `lot_no_line_id` int(11) DEFAULT NULL,
  `created_at` timestamp NULL DEFAULT NULL,
  `updated_at` timestamp NULL DEFAULT NULL
) ENGINE=InnoDB DEFAULT CHARSET=utf8mb4 COLLATE=utf8mb4_unicode_ci;

-- --------------------------------------------------------

--
-- Table structure for table `tax_rates`
--

CREATE TABLE `tax_rates` (
  `id` int(10) UNSIGNED NOT NULL,
  `business_id` int(10) UNSIGNED NOT NULL,
  `name` varchar(191) COLLATE utf8mb4_unicode_ci NOT NULL,
  `amount` double(8,2) NOT NULL,
  `is_tax_group` tinyint(1) NOT NULL DEFAULT 0,
  `created_by` int(10) UNSIGNED NOT NULL,
  `deleted_at` timestamp NULL DEFAULT NULL,
  `created_at` timestamp NULL DEFAULT NULL,
  `updated_at` timestamp NULL DEFAULT NULL
) ENGINE=InnoDB DEFAULT CHARSET=utf8mb4 COLLATE=utf8mb4_unicode_ci;

--
-- Dumping data for table `tax_rates`
--

INSERT INTO `tax_rates` (`id`, `business_id`, `name`, `amount`, `is_tax_group`, `created_by`, `deleted_at`, `created_at`, `updated_at`) VALUES
(1, 1, 'VAT', 16.00, 0, 1, NULL, '2019-05-24 18:50:37', '2019-05-24 18:50:37');

-- --------------------------------------------------------

--
-- Table structure for table `transactions`
--

CREATE TABLE `transactions` (
  `id` int(10) UNSIGNED NOT NULL,
  `business_id` int(10) UNSIGNED NOT NULL,
  `location_id` int(10) UNSIGNED NOT NULL,
  `res_table_id` int(10) UNSIGNED DEFAULT NULL COMMENT 'fields to restaurant module',
  `res_waiter_id` int(10) UNSIGNED DEFAULT NULL COMMENT 'fields to restaurant module',
  `res_order_status` enum('received','cooked','served') COLLATE utf8mb4_unicode_ci DEFAULT NULL,
  `type` enum('purchase','sell','expense','stock_adjustment','sell_transfer','purchase_transfer','opening_stock','sell_return','opening_balance','purchase_return') COLLATE utf8mb4_unicode_ci DEFAULT NULL,
  `status` enum('received','pending','ordered','draft','final') COLLATE utf8mb4_unicode_ci NOT NULL,
  `is_quotation` tinyint(1) NOT NULL DEFAULT 0,
  `payment_status` enum('paid','due','partial') COLLATE utf8mb4_unicode_ci DEFAULT NULL,
  `adjustment_type` enum('normal','abnormal') COLLATE utf8mb4_unicode_ci DEFAULT NULL,
  `contact_id` int(11) UNSIGNED DEFAULT NULL,
  `customer_group_id` int(11) DEFAULT NULL COMMENT 'used to add customer group while selling',
  `invoice_no` varchar(191) COLLATE utf8mb4_unicode_ci DEFAULT NULL,
  `ref_no` varchar(191) COLLATE utf8mb4_unicode_ci DEFAULT NULL,
  `transaction_date` datetime NOT NULL,
  `total_before_tax` decimal(20,2) NOT NULL DEFAULT 0.00,
  `tax_id` int(10) UNSIGNED DEFAULT NULL,
  `tax_amount` decimal(20,2) NOT NULL DEFAULT 0.00,
  `discount_type` enum('fixed','percentage') COLLATE utf8mb4_unicode_ci DEFAULT NULL,
  `discount_amount` varchar(10) COLLATE utf8mb4_unicode_ci DEFAULT NULL,
  `shipping_details` varchar(191) COLLATE utf8mb4_unicode_ci DEFAULT NULL,
  `shipping_charges` decimal(20,2) NOT NULL DEFAULT 0.00,
  `additional_notes` text COLLATE utf8mb4_unicode_ci DEFAULT NULL,
  `staff_note` text COLLATE utf8mb4_unicode_ci DEFAULT NULL,
  `final_total` decimal(20,2) NOT NULL DEFAULT 0.00,
  `expense_category_id` int(10) UNSIGNED DEFAULT NULL,
  `expense_for` int(10) UNSIGNED DEFAULT NULL,
  `commission_agent` int(11) DEFAULT NULL,
  `document` varchar(191) COLLATE utf8mb4_unicode_ci DEFAULT NULL,
  `is_direct_sale` tinyint(1) NOT NULL DEFAULT 0,
  `exchange_rate` decimal(20,3) NOT NULL DEFAULT 1.000,
  `total_amount_recovered` decimal(20,2) DEFAULT NULL COMMENT 'Used for stock adjustment.',
  `transfer_parent_id` int(11) DEFAULT NULL,
  `return_parent_id` int(11) DEFAULT NULL,
  `opening_stock_product_id` int(11) DEFAULT NULL,
  `created_by` int(10) UNSIGNED NOT NULL,
  `pay_term_number` int(11) DEFAULT NULL,
  `pay_term_type` enum('days','months') COLLATE utf8mb4_unicode_ci DEFAULT NULL,
  `selling_price_group_id` int(11) DEFAULT NULL,
  `created_at` timestamp NULL DEFAULT NULL,
  `updated_at` timestamp NULL DEFAULT NULL
) ENGINE=InnoDB DEFAULT CHARSET=utf8mb4 COLLATE=utf8mb4_unicode_ci;

--
-- Dumping data for table `transactions`
--

INSERT INTO `transactions` (`id`, `business_id`, `location_id`, `res_table_id`, `res_waiter_id`, `res_order_status`, `type`, `status`, `is_quotation`, `payment_status`, `adjustment_type`, `contact_id`, `customer_group_id`, `invoice_no`, `ref_no`, `transaction_date`, `total_before_tax`, `tax_id`, `tax_amount`, `discount_type`, `discount_amount`, `shipping_details`, `shipping_charges`, `additional_notes`, `staff_note`, `final_total`, `expense_category_id`, `expense_for`, `commission_agent`, `document`, `is_direct_sale`, `exchange_rate`, `total_amount_recovered`, `transfer_parent_id`, `return_parent_id`, `opening_stock_product_id`, `created_by`, `pay_term_number`, `pay_term_type`, `selling_price_group_id`, `created_at`, `updated_at`) VALUES
(1, 1, 1, NULL, NULL, NULL, 'opening_stock', 'received', 0, 'paid', NULL, NULL, NULL, NULL, NULL, '2019-01-01 16:55:51', '464000.00', NULL, '0.00', NULL, NULL, NULL, '0.00', NULL, NULL, '464000.00', NULL, NULL, NULL, NULL, 0, '1.000', NULL, NULL, NULL, 1, 1, NULL, NULL, NULL, '2019-05-26 13:55:52', '2019-05-26 13:55:52'),
(2, 1, 2, NULL, NULL, NULL, 'opening_stock', 'received', 0, 'paid', NULL, NULL, NULL, NULL, NULL, '2019-01-01 16:55:51', '464000.00', NULL, '0.00', NULL, NULL, NULL, '0.00', NULL, NULL, '464000.00', NULL, NULL, NULL, NULL, 0, '1.000', NULL, NULL, NULL, 1, 1, NULL, NULL, NULL, '2019-05-26 13:55:52', '2019-05-26 13:55:52'),
(3, 1, 3, NULL, NULL, NULL, 'opening_stock', 'received', 0, 'paid', NULL, NULL, NULL, NULL, NULL, '2019-01-01 16:55:51', '464000.00', NULL, '0.00', NULL, NULL, NULL, '0.00', NULL, NULL, '464000.00', NULL, NULL, NULL, NULL, 0, '1.000', NULL, NULL, NULL, 1, 1, NULL, NULL, NULL, '2019-05-26 13:55:52', '2019-05-26 13:55:52'),
(4, 1, 1, NULL, NULL, NULL, 'opening_stock', 'received', 0, 'paid', NULL, NULL, NULL, NULL, NULL, '2019-01-01 17:19:59', '1160000.00', NULL, '0.00', NULL, NULL, NULL, '0.00', NULL, NULL, '1160000.00', NULL, NULL, NULL, NULL, 0, '1.000', NULL, NULL, NULL, 2, 1, NULL, NULL, NULL, '2019-05-26 14:20:00', '2019-05-26 14:20:00'),
(5, 1, 1, NULL, NULL, NULL, 'opening_stock', 'received', 0, 'paid', NULL, NULL, NULL, NULL, NULL, '2019-01-01 17:30:51', '464000.00', NULL, '0.00', NULL, NULL, NULL, '0.00', NULL, NULL, '464000.00', NULL, NULL, NULL, NULL, 0, '1.000', NULL, NULL, NULL, 3, 1, NULL, NULL, NULL, '2019-05-26 14:30:52', '2019-05-26 14:30:52'),
(6, 1, 2, NULL, NULL, NULL, 'opening_stock', 'received', 0, 'paid', NULL, NULL, NULL, NULL, NULL, '2019-01-01 17:30:51', '464000.00', NULL, '0.00', NULL, NULL, NULL, '0.00', NULL, NULL, '464000.00', NULL, NULL, NULL, NULL, 0, '1.000', NULL, NULL, NULL, 3, 1, NULL, NULL, NULL, '2019-05-26 14:30:52', '2019-05-26 14:30:52'),
(7, 1, 3, NULL, NULL, NULL, 'opening_stock', 'received', 0, 'paid', NULL, NULL, NULL, NULL, NULL, '2019-01-01 17:30:51', '464000.00', NULL, '0.00', NULL, NULL, NULL, '0.00', NULL, NULL, '464000.00', NULL, NULL, NULL, NULL, 0, '1.000', NULL, NULL, NULL, 3, 1, NULL, NULL, NULL, '2019-05-26 14:30:52', '2019-05-26 14:30:52'),
(8, 1, 1, NULL, NULL, NULL, 'opening_stock', 'received', 0, 'paid', NULL, NULL, NULL, NULL, NULL, '2019-01-01 17:32:45', '464000.00', NULL, '0.00', NULL, NULL, NULL, '0.00', NULL, NULL, '464000.00', NULL, NULL, NULL, NULL, 0, '1.000', NULL, NULL, NULL, 4, 1, NULL, NULL, NULL, '2019-05-26 14:32:46', '2019-05-26 14:32:46'),
(9, 1, 2, NULL, NULL, NULL, 'opening_stock', 'received', 0, 'paid', NULL, NULL, NULL, NULL, NULL, '2019-01-01 17:32:45', '464000.00', NULL, '0.00', NULL, NULL, NULL, '0.00', NULL, NULL, '464000.00', NULL, NULL, NULL, NULL, 0, '1.000', NULL, NULL, NULL, 4, 1, NULL, NULL, NULL, '2019-05-26 14:32:46', '2019-05-26 14:32:46'),
(10, 1, 3, NULL, NULL, NULL, 'opening_stock', 'received', 0, 'paid', NULL, NULL, NULL, NULL, NULL, '2019-01-01 17:32:45', '464000.00', NULL, '0.00', NULL, NULL, NULL, '0.00', NULL, NULL, '464000.00', NULL, NULL, NULL, NULL, 0, '1.000', NULL, NULL, NULL, 4, 1, NULL, NULL, NULL, '2019-05-26 14:32:47', '2019-05-26 14:32:47'),
(11, 1, 1, NULL, NULL, NULL, 'opening_stock', 'received', 0, 'paid', NULL, NULL, NULL, NULL, NULL, '2019-01-01 17:39:15', '464000.00', NULL, '0.00', NULL, NULL, NULL, '0.00', NULL, NULL, '464000.00', NULL, NULL, NULL, NULL, 0, '1.000', NULL, NULL, NULL, 5, 1, NULL, NULL, NULL, '2019-05-26 14:39:15', '2019-05-26 14:39:15'),
(12, 1, 2, NULL, NULL, NULL, 'opening_stock', 'received', 0, 'paid', NULL, NULL, NULL, NULL, NULL, '2019-01-01 17:39:15', '464000.00', NULL, '0.00', NULL, NULL, NULL, '0.00', NULL, NULL, '464000.00', NULL, NULL, NULL, NULL, 0, '1.000', NULL, NULL, NULL, 5, 1, NULL, NULL, NULL, '2019-05-26 14:39:15', '2019-05-26 14:39:15'),
(13, 1, 3, NULL, NULL, NULL, 'opening_stock', 'received', 0, 'paid', NULL, NULL, NULL, NULL, NULL, '2019-01-01 17:39:15', '464000.00', NULL, '0.00', NULL, NULL, NULL, '0.00', NULL, NULL, '464000.00', NULL, NULL, NULL, NULL, 0, '1.000', NULL, NULL, NULL, 5, 1, NULL, NULL, NULL, '2019-05-26 14:39:15', '2019-05-26 14:39:15'),
(14, 1, 1, NULL, NULL, NULL, 'opening_stock', 'received', 0, 'paid', NULL, NULL, NULL, NULL, NULL, '2019-01-01 13:50:03', '464000.00', NULL, '0.00', NULL, NULL, NULL, '0.00', NULL, NULL, '464000.00', NULL, NULL, NULL, NULL, 0, '1.000', NULL, NULL, NULL, 6, 1, NULL, NULL, NULL, '2019-05-27 11:50:03', '2019-05-27 11:50:03'),
(15, 1, 2, NULL, NULL, NULL, 'opening_stock', 'received', 0, 'paid', NULL, NULL, NULL, NULL, NULL, '2019-01-01 13:50:03', '464000.00', NULL, '0.00', NULL, NULL, NULL, '0.00', NULL, NULL, '464000.00', NULL, NULL, NULL, NULL, 0, '1.000', NULL, NULL, NULL, 6, 1, NULL, NULL, NULL, '2019-05-27 11:50:03', '2019-05-27 11:50:03'),
(16, 1, 3, NULL, NULL, NULL, 'opening_stock', 'received', 0, 'paid', NULL, NULL, NULL, NULL, NULL, '2019-01-01 13:50:03', '464000.00', NULL, '0.00', NULL, NULL, NULL, '0.00', NULL, NULL, '464000.00', NULL, NULL, NULL, NULL, 0, '1.000', NULL, NULL, NULL, 6, 1, NULL, NULL, NULL, '2019-05-27 11:50:03', '2019-05-27 11:50:03'),
(17, 1, 1, NULL, NULL, NULL, 'opening_stock', 'received', 0, 'paid', NULL, NULL, NULL, NULL, NULL, '2019-01-01 13:52:41', '464000.00', NULL, '0.00', NULL, NULL, NULL, '0.00', NULL, NULL, '464000.00', NULL, NULL, NULL, NULL, 0, '1.000', NULL, NULL, NULL, 7, 1, NULL, NULL, NULL, '2019-05-27 11:52:41', '2019-05-27 11:52:41'),
(18, 1, 2, NULL, NULL, NULL, 'opening_stock', 'received', 0, 'paid', NULL, NULL, NULL, NULL, NULL, '2019-01-01 13:52:41', '464000.00', NULL, '0.00', NULL, NULL, NULL, '0.00', NULL, NULL, '464000.00', NULL, NULL, NULL, NULL, 0, '1.000', NULL, NULL, NULL, 7, 1, NULL, NULL, NULL, '2019-05-27 11:52:41', '2019-05-27 11:52:41'),
(19, 1, 3, NULL, NULL, NULL, 'opening_stock', 'received', 0, 'paid', NULL, NULL, NULL, NULL, NULL, '2019-01-01 13:52:41', '464000.00', NULL, '0.00', NULL, NULL, NULL, '0.00', NULL, NULL, '464000.00', NULL, NULL, NULL, NULL, 0, '1.000', NULL, NULL, NULL, 7, 1, NULL, NULL, NULL, '2019-05-27 11:52:41', '2019-05-27 11:52:41'),
(20, 1, 1, NULL, NULL, NULL, 'opening_stock', 'received', 0, 'paid', NULL, NULL, NULL, NULL, NULL, '2019-01-01 13:54:01', '464000.00', NULL, '0.00', NULL, NULL, NULL, '0.00', NULL, NULL, '464000.00', NULL, NULL, NULL, NULL, 0, '1.000', NULL, NULL, NULL, 8, 1, NULL, NULL, NULL, '2019-05-27 11:54:01', '2019-05-27 11:54:01'),
(21, 1, 2, NULL, NULL, NULL, 'opening_stock', 'received', 0, 'paid', NULL, NULL, NULL, NULL, NULL, '2019-01-01 13:54:01', '464000.00', NULL, '0.00', NULL, NULL, NULL, '0.00', NULL, NULL, '464000.00', NULL, NULL, NULL, NULL, 0, '1.000', NULL, NULL, NULL, 8, 1, NULL, NULL, NULL, '2019-05-27 11:54:02', '2019-05-27 11:54:02'),
(22, 1, 3, NULL, NULL, NULL, 'opening_stock', 'received', 0, 'paid', NULL, NULL, NULL, NULL, NULL, '2019-01-01 13:54:01', '464000.00', NULL, '0.00', NULL, NULL, NULL, '0.00', NULL, NULL, '464000.00', NULL, NULL, NULL, NULL, 0, '1.000', NULL, NULL, NULL, 8, 1, NULL, NULL, NULL, '2019-05-27 11:54:02', '2019-05-27 11:54:02'),
(23, 1, 1, NULL, NULL, NULL, 'opening_stock', 'received', 0, 'paid', NULL, NULL, NULL, NULL, NULL, '2019-01-01 13:55:04', '464000.00', NULL, '0.00', NULL, NULL, NULL, '0.00', NULL, NULL, '464000.00', NULL, NULL, NULL, NULL, 0, '1.000', NULL, NULL, NULL, 9, 1, NULL, NULL, NULL, '2019-05-27 11:55:04', '2019-05-27 11:55:04'),
(24, 1, 2, NULL, NULL, NULL, 'opening_stock', 'received', 0, 'paid', NULL, NULL, NULL, NULL, NULL, '2019-01-01 13:55:04', '464000.00', NULL, '0.00', NULL, NULL, NULL, '0.00', NULL, NULL, '464000.00', NULL, NULL, NULL, NULL, 0, '1.000', NULL, NULL, NULL, 9, 1, NULL, NULL, NULL, '2019-05-27 11:55:04', '2019-05-27 11:55:04'),
(25, 1, 3, NULL, NULL, NULL, 'opening_stock', 'received', 0, 'paid', NULL, NULL, NULL, NULL, NULL, '2019-01-01 13:55:04', '464000.00', NULL, '0.00', NULL, NULL, NULL, '0.00', NULL, NULL, '464000.00', NULL, NULL, NULL, NULL, 0, '1.000', NULL, NULL, NULL, 9, 1, NULL, NULL, NULL, '2019-05-27 11:55:04', '2019-05-27 11:55:04'),
(26, 1, 1, NULL, NULL, NULL, 'opening_stock', 'received', 0, 'paid', NULL, NULL, NULL, NULL, NULL, '2019-01-01 13:57:03', '464000.00', NULL, '0.00', NULL, NULL, NULL, '0.00', NULL, NULL, '464000.00', NULL, NULL, NULL, NULL, 0, '1.000', NULL, NULL, NULL, 10, 1, NULL, NULL, NULL, '2019-05-27 11:57:03', '2019-05-27 11:57:03'),
(27, 1, 2, NULL, NULL, NULL, 'opening_stock', 'received', 0, 'paid', NULL, NULL, NULL, NULL, NULL, '2019-01-01 13:57:03', '464000.00', NULL, '0.00', NULL, NULL, NULL, '0.00', NULL, NULL, '464000.00', NULL, NULL, NULL, NULL, 0, '1.000', NULL, NULL, NULL, 10, 1, NULL, NULL, NULL, '2019-05-27 11:57:03', '2019-05-27 11:57:03'),
(28, 1, 3, NULL, NULL, NULL, 'opening_stock', 'received', 0, 'paid', NULL, NULL, NULL, NULL, NULL, '2019-01-01 13:57:03', '464000.00', NULL, '0.00', NULL, NULL, NULL, '0.00', NULL, NULL, '464000.00', NULL, NULL, NULL, NULL, 0, '1.000', NULL, NULL, NULL, 10, 1, NULL, NULL, NULL, '2019-05-27 11:57:03', '2019-05-27 11:57:03'),
(29, 1, 1, NULL, NULL, NULL, 'opening_stock', 'received', 0, 'paid', NULL, NULL, NULL, NULL, NULL, '2019-01-01 13:58:15', '464000.00', NULL, '0.00', NULL, NULL, NULL, '0.00', NULL, NULL, '464000.00', NULL, NULL, NULL, NULL, 0, '1.000', NULL, NULL, NULL, 11, 1, NULL, NULL, NULL, '2019-05-27 11:58:15', '2019-05-27 11:58:15'),
(30, 1, 2, NULL, NULL, NULL, 'opening_stock', 'received', 0, 'paid', NULL, NULL, NULL, NULL, NULL, '2019-01-01 13:58:15', '464000.00', NULL, '0.00', NULL, NULL, NULL, '0.00', NULL, NULL, '464000.00', NULL, NULL, NULL, NULL, 0, '1.000', NULL, NULL, NULL, 11, 1, NULL, NULL, NULL, '2019-05-27 11:58:15', '2019-05-27 11:58:15'),
(31, 1, 3, NULL, NULL, NULL, 'opening_stock', 'received', 0, 'paid', NULL, NULL, NULL, NULL, NULL, '2019-01-01 13:58:15', '464000.00', NULL, '0.00', NULL, NULL, NULL, '0.00', NULL, NULL, '464000.00', NULL, NULL, NULL, NULL, 0, '1.000', NULL, NULL, NULL, 11, 1, NULL, NULL, NULL, '2019-05-27 11:58:15', '2019-05-27 11:58:15'),
(32, 1, 1, NULL, NULL, NULL, 'opening_stock', 'received', 0, 'paid', NULL, NULL, NULL, NULL, NULL, '2019-01-01 14:01:11', '464000.00', NULL, '0.00', NULL, NULL, NULL, '0.00', NULL, NULL, '464000.00', NULL, NULL, NULL, NULL, 0, '1.000', NULL, NULL, NULL, 12, 1, NULL, NULL, NULL, '2019-05-27 12:01:11', '2019-05-27 12:01:11'),
(33, 1, 2, NULL, NULL, NULL, 'opening_stock', 'received', 0, 'paid', NULL, NULL, NULL, NULL, NULL, '2019-01-01 14:01:11', '464000.00', NULL, '0.00', NULL, NULL, NULL, '0.00', NULL, NULL, '464000.00', NULL, NULL, NULL, NULL, 0, '1.000', NULL, NULL, NULL, 12, 1, NULL, NULL, NULL, '2019-05-27 12:01:11', '2019-05-27 12:01:11'),
(34, 1, 3, NULL, NULL, NULL, 'opening_stock', 'received', 0, 'paid', NULL, NULL, NULL, NULL, NULL, '2019-01-01 14:01:11', '464000.00', NULL, '0.00', NULL, NULL, NULL, '0.00', NULL, NULL, '464000.00', NULL, NULL, NULL, NULL, 0, '1.000', NULL, NULL, NULL, 12, 1, NULL, NULL, NULL, '2019-05-27 12:01:12', '2019-05-27 12:01:12'),
(35, 1, 1, NULL, NULL, NULL, 'opening_stock', 'received', 0, 'paid', NULL, NULL, NULL, NULL, NULL, '2019-01-01 14:02:44', '464000.00', NULL, '0.00', NULL, NULL, NULL, '0.00', NULL, NULL, '464000.00', NULL, NULL, NULL, NULL, 0, '1.000', NULL, NULL, NULL, 13, 1, NULL, NULL, NULL, '2019-05-27 12:02:44', '2019-05-27 12:02:44'),
(36, 1, 2, NULL, NULL, NULL, 'opening_stock', 'received', 0, 'paid', NULL, NULL, NULL, NULL, NULL, '2019-01-01 14:02:44', '464000.00', NULL, '0.00', NULL, NULL, NULL, '0.00', NULL, NULL, '464000.00', NULL, NULL, NULL, NULL, 0, '1.000', NULL, NULL, NULL, 13, 1, NULL, NULL, NULL, '2019-05-27 12:02:44', '2019-05-27 12:02:44'),
(37, 1, 3, NULL, NULL, NULL, 'opening_stock', 'received', 0, 'paid', NULL, NULL, NULL, NULL, NULL, '2019-01-01 14:02:44', '464000.00', NULL, '0.00', NULL, NULL, NULL, '0.00', NULL, NULL, '464000.00', NULL, NULL, NULL, NULL, 0, '1.000', NULL, NULL, NULL, 13, 1, NULL, NULL, NULL, '2019-05-27 12:02:44', '2019-05-27 12:02:44'),
(38, 1, 1, NULL, NULL, NULL, 'opening_stock', 'received', 0, 'paid', NULL, NULL, NULL, NULL, NULL, '2019-01-01 14:03:38', '464000.00', NULL, '0.00', NULL, NULL, NULL, '0.00', NULL, NULL, '464000.00', NULL, NULL, NULL, NULL, 0, '1.000', NULL, NULL, NULL, 14, 1, NULL, NULL, NULL, '2019-05-27 12:03:38', '2019-05-27 12:03:38'),
(39, 1, 2, NULL, NULL, NULL, 'opening_stock', 'received', 0, 'paid', NULL, NULL, NULL, NULL, NULL, '2019-01-01 14:03:38', '464000.00', NULL, '0.00', NULL, NULL, NULL, '0.00', NULL, NULL, '464000.00', NULL, NULL, NULL, NULL, 0, '1.000', NULL, NULL, NULL, 14, 1, NULL, NULL, NULL, '2019-05-27 12:03:38', '2019-05-27 12:03:38'),
(40, 1, 3, NULL, NULL, NULL, 'opening_stock', 'received', 0, 'paid', NULL, NULL, NULL, NULL, NULL, '2019-01-01 14:03:38', '464000.00', NULL, '0.00', NULL, NULL, NULL, '0.00', NULL, NULL, '464000.00', NULL, NULL, NULL, NULL, 0, '1.000', NULL, NULL, NULL, 14, 1, NULL, NULL, NULL, '2019-05-27 12:03:38', '2019-05-27 12:03:38'),
(41, 1, 1, NULL, NULL, NULL, 'opening_stock', 'received', 0, 'paid', NULL, NULL, NULL, NULL, NULL, '2019-01-01 14:04:58', '464000.00', NULL, '0.00', NULL, NULL, NULL, '0.00', NULL, NULL, '464000.00', NULL, NULL, NULL, NULL, 0, '1.000', NULL, NULL, NULL, 15, 1, NULL, NULL, NULL, '2019-05-27 12:04:58', '2019-05-27 12:04:58'),
(42, 1, 2, NULL, NULL, NULL, 'opening_stock', 'received', 0, 'paid', NULL, NULL, NULL, NULL, NULL, '2019-01-01 14:04:58', '464000.00', NULL, '0.00', NULL, NULL, NULL, '0.00', NULL, NULL, '464000.00', NULL, NULL, NULL, NULL, 0, '1.000', NULL, NULL, NULL, 15, 1, NULL, NULL, NULL, '2019-05-27 12:04:58', '2019-05-27 12:04:58'),
(43, 1, 3, NULL, NULL, NULL, 'opening_stock', 'received', 0, 'paid', NULL, NULL, NULL, NULL, NULL, '2019-01-01 14:04:58', '464000.00', NULL, '0.00', NULL, NULL, NULL, '0.00', NULL, NULL, '464000.00', NULL, NULL, NULL, NULL, 0, '1.000', NULL, NULL, NULL, 15, 1, NULL, NULL, NULL, '2019-05-27 12:04:58', '2019-05-27 12:04:58'),
(44, 1, 1, NULL, NULL, NULL, 'opening_stock', 'received', 0, 'paid', NULL, NULL, NULL, NULL, NULL, '2019-01-01 14:08:18', '464000.00', NULL, '0.00', NULL, NULL, NULL, '0.00', NULL, NULL, '464000.00', NULL, NULL, NULL, NULL, 0, '1.000', NULL, NULL, NULL, 16, 1, NULL, NULL, NULL, '2019-05-27 12:08:18', '2019-05-27 12:08:18'),
(45, 1, 2, NULL, NULL, NULL, 'opening_stock', 'received', 0, 'paid', NULL, NULL, NULL, NULL, NULL, '2019-01-01 14:08:18', '464000.00', NULL, '0.00', NULL, NULL, NULL, '0.00', NULL, NULL, '464000.00', NULL, NULL, NULL, NULL, 0, '1.000', NULL, NULL, NULL, 16, 1, NULL, NULL, NULL, '2019-05-27 12:08:18', '2019-05-27 12:08:18'),
(46, 1, 3, NULL, NULL, NULL, 'opening_stock', 'received', 0, 'paid', NULL, NULL, NULL, NULL, NULL, '2019-01-01 14:08:18', '464000.00', NULL, '0.00', NULL, NULL, NULL, '0.00', NULL, NULL, '464000.00', NULL, NULL, NULL, NULL, 0, '1.000', NULL, NULL, NULL, 16, 1, NULL, NULL, NULL, '2019-05-27 12:08:18', '2019-05-27 12:08:18'),
(47, 1, 1, NULL, NULL, NULL, 'opening_stock', 'received', 0, 'paid', NULL, NULL, NULL, NULL, NULL, '2019-01-01 14:25:08', '464000.00', NULL, '0.00', NULL, NULL, NULL, '0.00', NULL, NULL, '464000.00', NULL, NULL, NULL, NULL, 0, '1.000', NULL, NULL, NULL, 17, 1, NULL, NULL, NULL, '2019-05-27 12:25:08', '2019-05-27 12:25:08'),
(48, 1, 2, NULL, NULL, NULL, 'opening_stock', 'received', 0, 'paid', NULL, NULL, NULL, NULL, NULL, '2019-01-01 14:25:08', '464000.00', NULL, '0.00', NULL, NULL, NULL, '0.00', NULL, NULL, '464000.00', NULL, NULL, NULL, NULL, 0, '1.000', NULL, NULL, NULL, 17, 1, NULL, NULL, NULL, '2019-05-27 12:25:08', '2019-05-27 12:25:08'),
(49, 1, 3, NULL, NULL, NULL, 'opening_stock', 'received', 0, 'paid', NULL, NULL, NULL, NULL, NULL, '2019-01-01 14:25:08', '464000.00', NULL, '0.00', NULL, NULL, NULL, '0.00', NULL, NULL, '464000.00', NULL, NULL, NULL, NULL, 0, '1.000', NULL, NULL, NULL, 17, 1, NULL, NULL, NULL, '2019-05-27 12:25:08', '2019-05-27 12:25:08'),
(50, 1, 1, NULL, NULL, NULL, 'opening_stock', 'received', 0, 'paid', NULL, NULL, NULL, NULL, NULL, '2019-01-01 14:26:17', '464000.00', NULL, '0.00', NULL, NULL, NULL, '0.00', NULL, NULL, '464000.00', NULL, NULL, NULL, NULL, 0, '1.000', NULL, NULL, NULL, 18, 1, NULL, NULL, NULL, '2019-05-27 12:26:17', '2019-05-27 12:26:17'),
(51, 1, 2, NULL, NULL, NULL, 'opening_stock', 'received', 0, 'paid', NULL, NULL, NULL, NULL, NULL, '2019-01-01 14:26:17', '464000.00', NULL, '0.00', NULL, NULL, NULL, '0.00', NULL, NULL, '464000.00', NULL, NULL, NULL, NULL, 0, '1.000', NULL, NULL, NULL, 18, 1, NULL, NULL, NULL, '2019-05-27 12:26:17', '2019-05-27 12:26:17'),
(52, 1, 3, NULL, NULL, NULL, 'opening_stock', 'received', 0, 'paid', NULL, NULL, NULL, NULL, NULL, '2019-01-01 14:26:17', '464000.00', NULL, '0.00', NULL, NULL, NULL, '0.00', NULL, NULL, '464000.00', NULL, NULL, NULL, NULL, 0, '1.000', NULL, NULL, NULL, 18, 1, NULL, NULL, NULL, '2019-05-27 12:26:17', '2019-05-27 12:26:17'),
(53, 1, 1, NULL, NULL, NULL, 'opening_stock', 'received', 0, 'paid', NULL, NULL, NULL, NULL, NULL, '2019-01-01 14:27:47', '464000.00', NULL, '0.00', NULL, NULL, NULL, '0.00', NULL, NULL, '464000.00', NULL, NULL, NULL, NULL, 0, '1.000', NULL, NULL, NULL, 19, 1, NULL, NULL, NULL, '2019-05-27 12:27:47', '2019-05-27 12:27:47'),
(54, 1, 2, NULL, NULL, NULL, 'opening_stock', 'received', 0, 'paid', NULL, NULL, NULL, NULL, NULL, '2019-01-01 14:27:47', '464000.00', NULL, '0.00', NULL, NULL, NULL, '0.00', NULL, NULL, '464000.00', NULL, NULL, NULL, NULL, 0, '1.000', NULL, NULL, NULL, 19, 1, NULL, NULL, NULL, '2019-05-27 12:27:47', '2019-05-27 12:27:47'),
(55, 1, 3, NULL, NULL, NULL, 'opening_stock', 'received', 0, 'paid', NULL, NULL, NULL, NULL, NULL, '2019-01-01 14:27:47', '464000.00', NULL, '0.00', NULL, NULL, NULL, '0.00', NULL, NULL, '464000.00', NULL, NULL, NULL, NULL, 0, '1.000', NULL, NULL, NULL, 19, 1, NULL, NULL, NULL, '2019-05-27 12:27:47', '2019-05-27 12:27:47'),
(56, 1, 1, NULL, NULL, NULL, 'opening_stock', 'received', 0, 'paid', NULL, NULL, NULL, NULL, NULL, '2019-01-01 14:29:31', '464000.00', NULL, '0.00', NULL, NULL, NULL, '0.00', NULL, NULL, '464000.00', NULL, NULL, NULL, NULL, 0, '1.000', NULL, NULL, NULL, 20, 1, NULL, NULL, NULL, '2019-05-27 12:29:31', '2019-05-27 12:29:31'),
(57, 1, 2, NULL, NULL, NULL, 'opening_stock', 'received', 0, 'paid', NULL, NULL, NULL, NULL, NULL, '2019-01-01 14:29:31', '464000.00', NULL, '0.00', NULL, NULL, NULL, '0.00', NULL, NULL, '464000.00', NULL, NULL, NULL, NULL, 0, '1.000', NULL, NULL, NULL, 20, 1, NULL, NULL, NULL, '2019-05-27 12:29:31', '2019-05-27 12:29:31'),
(58, 1, 3, NULL, NULL, NULL, 'opening_stock', 'received', 0, 'paid', NULL, NULL, NULL, NULL, NULL, '2019-01-01 14:29:31', '464000.00', NULL, '0.00', NULL, NULL, NULL, '0.00', NULL, NULL, '464000.00', NULL, NULL, NULL, NULL, 0, '1.000', NULL, NULL, NULL, 20, 1, NULL, NULL, NULL, '2019-05-27 12:29:31', '2019-05-27 12:29:31'),
(59, 1, 1, NULL, NULL, NULL, 'opening_stock', 'received', 0, 'paid', NULL, NULL, NULL, NULL, NULL, '2019-01-01 14:30:37', '464000.00', NULL, '0.00', NULL, NULL, NULL, '0.00', NULL, NULL, '464000.00', NULL, NULL, NULL, NULL, 0, '1.000', NULL, NULL, NULL, 21, 1, NULL, NULL, NULL, '2019-05-27 12:30:37', '2019-05-27 12:30:37'),
(60, 1, 2, NULL, NULL, NULL, 'opening_stock', 'received', 0, 'paid', NULL, NULL, NULL, NULL, NULL, '2019-01-01 14:30:37', '464000.00', NULL, '0.00', NULL, NULL, NULL, '0.00', NULL, NULL, '464000.00', NULL, NULL, NULL, NULL, 0, '1.000', NULL, NULL, NULL, 21, 1, NULL, NULL, NULL, '2019-05-27 12:30:37', '2019-05-27 12:30:37'),
(61, 1, 3, NULL, NULL, NULL, 'opening_stock', 'received', 0, 'paid', NULL, NULL, NULL, NULL, NULL, '2019-01-01 14:30:37', '464000.00', NULL, '0.00', NULL, NULL, NULL, '0.00', NULL, NULL, '464000.00', NULL, NULL, NULL, NULL, 0, '1.000', NULL, NULL, NULL, 21, 1, NULL, NULL, NULL, '2019-05-27 12:30:37', '2019-05-27 12:30:37'),
(62, 1, 1, NULL, NULL, NULL, 'opening_stock', 'received', 0, 'paid', NULL, NULL, NULL, NULL, NULL, '2019-01-01 14:31:51', '464000.00', NULL, '0.00', NULL, NULL, NULL, '0.00', NULL, NULL, '464000.00', NULL, NULL, NULL, NULL, 0, '1.000', NULL, NULL, NULL, 22, 1, NULL, NULL, NULL, '2019-05-27 12:31:51', '2019-05-27 12:31:51'),
(63, 1, 2, NULL, NULL, NULL, 'opening_stock', 'received', 0, 'paid', NULL, NULL, NULL, NULL, NULL, '2019-01-01 14:31:51', '464000.00', NULL, '0.00', NULL, NULL, NULL, '0.00', NULL, NULL, '464000.00', NULL, NULL, NULL, NULL, 0, '1.000', NULL, NULL, NULL, 22, 1, NULL, NULL, NULL, '2019-05-27 12:31:51', '2019-05-27 12:31:51'),
(64, 1, 3, NULL, NULL, NULL, 'opening_stock', 'received', 0, 'paid', NULL, NULL, NULL, NULL, NULL, '2019-01-01 14:31:51', '464000.00', NULL, '0.00', NULL, NULL, NULL, '0.00', NULL, NULL, '464000.00', NULL, NULL, NULL, NULL, 0, '1.000', NULL, NULL, NULL, 22, 1, NULL, NULL, NULL, '2019-05-27 12:31:51', '2019-05-27 12:31:51'),
(65, 1, 1, NULL, NULL, NULL, 'opening_stock', 'received', 0, 'paid', NULL, NULL, NULL, NULL, NULL, '2019-01-01 14:32:40', '464000.00', NULL, '0.00', NULL, NULL, NULL, '0.00', NULL, NULL, '464000.00', NULL, NULL, NULL, NULL, 0, '1.000', NULL, NULL, NULL, 23, 1, NULL, NULL, NULL, '2019-05-27 12:32:40', '2019-05-27 12:32:40'),
(66, 1, 2, NULL, NULL, NULL, 'opening_stock', 'received', 0, 'paid', NULL, NULL, NULL, NULL, NULL, '2019-01-01 14:32:40', '464000.00', NULL, '0.00', NULL, NULL, NULL, '0.00', NULL, NULL, '464000.00', NULL, NULL, NULL, NULL, 0, '1.000', NULL, NULL, NULL, 23, 1, NULL, NULL, NULL, '2019-05-27 12:32:40', '2019-05-27 12:32:40'),
(67, 1, 3, NULL, NULL, NULL, 'opening_stock', 'received', 0, 'paid', NULL, NULL, NULL, NULL, NULL, '2019-01-01 14:32:40', '464000.00', NULL, '0.00', NULL, NULL, NULL, '0.00', NULL, NULL, '464000.00', NULL, NULL, NULL, NULL, 0, '1.000', NULL, NULL, NULL, 23, 1, NULL, NULL, NULL, '2019-05-27 12:32:40', '2019-05-27 12:32:40'),
(68, 1, 1, NULL, NULL, NULL, 'opening_stock', 'received', 0, 'paid', NULL, NULL, NULL, NULL, NULL, '2019-01-01 14:43:15', '20000.00', NULL, '0.00', NULL, NULL, NULL, '0.00', NULL, NULL, '20000.00', NULL, NULL, NULL, NULL, 0, '1.000', NULL, NULL, NULL, 24, 1, NULL, NULL, NULL, '2019-05-27 12:43:15', '2019-05-27 12:43:15'),
(69, 1, 2, NULL, NULL, NULL, 'opening_stock', 'received', 0, 'paid', NULL, NULL, NULL, NULL, NULL, '2019-01-01 14:43:15', '20000.00', NULL, '0.00', NULL, NULL, NULL, '0.00', NULL, NULL, '20000.00', NULL, NULL, NULL, NULL, 0, '1.000', NULL, NULL, NULL, 24, 1, NULL, NULL, NULL, '2019-05-27 12:43:15', '2019-05-27 12:43:15'),
(70, 1, 3, NULL, NULL, NULL, 'opening_stock', 'received', 0, 'paid', NULL, NULL, NULL, NULL, NULL, '2019-01-01 14:43:15', '20000.00', NULL, '0.00', NULL, NULL, NULL, '0.00', NULL, NULL, '20000.00', NULL, NULL, NULL, NULL, 0, '1.000', NULL, NULL, NULL, 24, 1, NULL, NULL, NULL, '2019-05-27 12:43:15', '2019-05-27 12:43:15'),
(71, 1, 1, NULL, NULL, NULL, 'opening_stock', 'received', 0, 'paid', NULL, NULL, NULL, NULL, NULL, '2019-01-01 14:46:29', '23200.00', NULL, '0.00', NULL, NULL, NULL, '0.00', NULL, NULL, '23200.00', NULL, NULL, NULL, NULL, 0, '1.000', NULL, NULL, NULL, 25, 1, NULL, NULL, NULL, '2019-05-27 12:46:29', '2019-05-27 12:46:29'),
(72, 1, 2, NULL, NULL, NULL, 'opening_stock', 'received', 0, 'paid', NULL, NULL, NULL, NULL, NULL, '2019-01-01 14:46:29', '23200.00', NULL, '0.00', NULL, NULL, NULL, '0.00', NULL, NULL, '23200.00', NULL, NULL, NULL, NULL, 0, '1.000', NULL, NULL, NULL, 25, 1, NULL, NULL, NULL, '2019-05-27 12:46:29', '2019-05-27 12:46:29'),
(73, 1, 3, NULL, NULL, NULL, 'opening_stock', 'received', 0, 'paid', NULL, NULL, NULL, NULL, NULL, '2019-01-01 14:46:29', '23200.00', NULL, '0.00', NULL, NULL, NULL, '0.00', NULL, NULL, '23200.00', NULL, NULL, NULL, NULL, 0, '1.000', NULL, NULL, NULL, 25, 1, NULL, NULL, NULL, '2019-05-27 12:46:29', '2019-05-27 12:46:29'),
(74, 1, 1, NULL, NULL, NULL, 'opening_stock', 'received', 0, 'paid', NULL, NULL, NULL, NULL, NULL, '2019-01-01 14:47:38', '11600.00', NULL, '0.00', NULL, NULL, NULL, '0.00', NULL, NULL, '11600.00', NULL, NULL, NULL, NULL, 0, '1.000', NULL, NULL, NULL, 26, 1, NULL, NULL, NULL, '2019-05-27 12:47:38', '2019-05-27 12:47:38'),
(75, 1, 2, NULL, NULL, NULL, 'opening_stock', 'received', 0, 'paid', NULL, NULL, NULL, NULL, NULL, '2019-01-01 14:47:38', '11600.00', NULL, '0.00', NULL, NULL, NULL, '0.00', NULL, NULL, '11600.00', NULL, NULL, NULL, NULL, 0, '1.000', NULL, NULL, NULL, 26, 1, NULL, NULL, NULL, '2019-05-27 12:47:38', '2019-05-27 12:47:38'),
(76, 1, 3, NULL, NULL, NULL, 'opening_stock', 'received', 0, 'paid', NULL, NULL, NULL, NULL, NULL, '2019-01-01 14:47:38', '11600.00', NULL, '0.00', NULL, NULL, NULL, '0.00', NULL, NULL, '11600.00', NULL, NULL, NULL, NULL, 0, '1.000', NULL, NULL, NULL, 26, 1, NULL, NULL, NULL, '2019-05-27 12:47:38', '2019-05-27 12:47:38'),
(77, 1, 1, NULL, NULL, NULL, 'opening_stock', 'received', 0, 'paid', NULL, NULL, NULL, NULL, NULL, '2019-01-01 14:58:00', '116000.00', NULL, '0.00', NULL, NULL, NULL, '0.00', NULL, NULL, '116000.00', NULL, NULL, NULL, NULL, 0, '1.000', NULL, NULL, NULL, 27, 1, NULL, NULL, NULL, '2019-05-27 12:58:00', '2019-05-27 12:58:00'),
(78, 1, 2, NULL, NULL, NULL, 'opening_stock', 'received', 0, 'paid', NULL, NULL, NULL, NULL, NULL, '2019-01-01 14:58:00', '116000.00', NULL, '0.00', NULL, NULL, NULL, '0.00', NULL, NULL, '116000.00', NULL, NULL, NULL, NULL, 0, '1.000', NULL, NULL, NULL, 27, 1, NULL, NULL, NULL, '2019-05-27 12:58:00', '2019-05-27 12:58:00'),
(79, 1, 3, NULL, NULL, NULL, 'opening_stock', 'received', 0, 'paid', NULL, NULL, NULL, NULL, NULL, '2019-01-01 14:58:00', '116000.00', NULL, '0.00', NULL, NULL, NULL, '0.00', NULL, NULL, '116000.00', NULL, NULL, NULL, NULL, 0, '1.000', NULL, NULL, NULL, 27, 1, NULL, NULL, NULL, '2019-05-27 12:58:00', '2019-05-27 12:58:00'),
(80, 1, 1, NULL, NULL, NULL, 'opening_stock', 'received', 0, 'paid', NULL, NULL, NULL, NULL, NULL, '2019-01-01 14:59:38', '11600.00', NULL, '0.00', NULL, NULL, NULL, '0.00', NULL, NULL, '11600.00', NULL, NULL, NULL, NULL, 0, '1.000', NULL, NULL, NULL, 28, 1, NULL, NULL, NULL, '2019-05-27 12:59:38', '2019-05-27 12:59:38'),
(81, 1, 2, NULL, NULL, NULL, 'opening_stock', 'received', 0, 'paid', NULL, NULL, NULL, NULL, NULL, '2019-01-01 14:59:38', '11600.00', NULL, '0.00', NULL, NULL, NULL, '0.00', NULL, NULL, '11600.00', NULL, NULL, NULL, NULL, 0, '1.000', NULL, NULL, NULL, 28, 1, NULL, NULL, NULL, '2019-05-27 12:59:38', '2019-05-27 12:59:38'),
(82, 1, 3, NULL, NULL, NULL, 'opening_stock', 'received', 0, 'paid', NULL, NULL, NULL, NULL, NULL, '2019-01-01 14:59:38', '11600.00', NULL, '0.00', NULL, NULL, NULL, '0.00', NULL, NULL, '11600.00', NULL, NULL, NULL, NULL, 0, '1.000', NULL, NULL, NULL, 28, 1, NULL, NULL, NULL, '2019-05-27 12:59:38', '2019-05-27 12:59:38'),
(83, 1, 1, NULL, NULL, NULL, 'opening_stock', 'received', 0, 'paid', NULL, NULL, NULL, NULL, NULL, '2019-01-01 15:01:46', '11600.00', NULL, '0.00', NULL, NULL, NULL, '0.00', NULL, NULL, '11600.00', NULL, NULL, NULL, NULL, 0, '1.000', NULL, NULL, NULL, 29, 1, NULL, NULL, NULL, '2019-05-27 13:01:46', '2019-05-27 13:01:46'),
(84, 1, 2, NULL, NULL, NULL, 'opening_stock', 'received', 0, 'paid', NULL, NULL, NULL, NULL, NULL, '2019-01-01 15:01:46', '11600.00', NULL, '0.00', NULL, NULL, NULL, '0.00', NULL, NULL, '11600.00', NULL, NULL, NULL, NULL, 0, '1.000', NULL, NULL, NULL, 29, 1, NULL, NULL, NULL, '2019-05-27 13:01:46', '2019-05-27 13:01:46'),
(85, 1, 3, NULL, NULL, NULL, 'opening_stock', 'received', 0, 'paid', NULL, NULL, NULL, NULL, NULL, '2019-01-01 15:01:46', '11600.00', NULL, '0.00', NULL, NULL, NULL, '0.00', NULL, NULL, '11600.00', NULL, NULL, NULL, NULL, 0, '1.000', NULL, NULL, NULL, 29, 1, NULL, NULL, NULL, '2019-05-27 13:01:46', '2019-05-27 13:01:46'),
(86, 1, 1, NULL, NULL, NULL, 'opening_stock', 'received', 0, 'paid', NULL, NULL, NULL, NULL, NULL, '2019-01-01 15:02:56', '11600.00', NULL, '0.00', NULL, NULL, NULL, '0.00', NULL, NULL, '11600.00', NULL, NULL, NULL, NULL, 0, '1.000', NULL, NULL, NULL, 30, 1, NULL, NULL, NULL, '2019-05-27 13:02:56', '2019-05-27 13:02:56'),
(87, 1, 2, NULL, NULL, NULL, 'opening_stock', 'received', 0, 'paid', NULL, NULL, NULL, NULL, NULL, '2019-01-01 15:02:56', '11600.00', NULL, '0.00', NULL, NULL, NULL, '0.00', NULL, NULL, '11600.00', NULL, NULL, NULL, NULL, 0, '1.000', NULL, NULL, NULL, 30, 1, NULL, NULL, NULL, '2019-05-27 13:02:56', '2019-05-27 13:02:56'),
(88, 1, 3, NULL, NULL, NULL, 'opening_stock', 'received', 0, 'paid', NULL, NULL, NULL, NULL, NULL, '2019-01-01 15:02:56', '11600.00', NULL, '0.00', NULL, NULL, NULL, '0.00', NULL, NULL, '11600.00', NULL, NULL, NULL, NULL, 0, '1.000', NULL, NULL, NULL, 30, 1, NULL, NULL, NULL, '2019-05-27 13:02:56', '2019-05-27 13:02:56'),
(89, 1, 1, NULL, NULL, NULL, 'opening_stock', 'received', 0, 'paid', NULL, NULL, NULL, NULL, NULL, '2019-01-01 15:04:37', '11600.00', NULL, '0.00', NULL, NULL, NULL, '0.00', NULL, NULL, '11600.00', NULL, NULL, NULL, NULL, 0, '1.000', NULL, NULL, NULL, 31, 1, NULL, NULL, NULL, '2019-05-27 13:04:37', '2019-05-27 13:04:37'),
(90, 1, 2, NULL, NULL, NULL, 'opening_stock', 'received', 0, 'paid', NULL, NULL, NULL, NULL, NULL, '2019-01-01 15:04:37', '11600.00', NULL, '0.00', NULL, NULL, NULL, '0.00', NULL, NULL, '11600.00', NULL, NULL, NULL, NULL, 0, '1.000', NULL, NULL, NULL, 31, 1, NULL, NULL, NULL, '2019-05-27 13:04:37', '2019-05-27 13:04:37'),
(91, 1, 3, NULL, NULL, NULL, 'opening_stock', 'received', 0, 'paid', NULL, NULL, NULL, NULL, NULL, '2019-01-01 15:04:37', '11600.00', NULL, '0.00', NULL, NULL, NULL, '0.00', NULL, NULL, '11600.00', NULL, NULL, NULL, NULL, 0, '1.000', NULL, NULL, NULL, 31, 1, NULL, NULL, NULL, '2019-05-27 13:04:37', '2019-05-27 13:04:37'),
(92, 1, 1, NULL, NULL, NULL, 'opening_stock', 'received', 0, 'paid', NULL, NULL, NULL, NULL, NULL, '2019-01-01 15:08:00', '116000.00', NULL, '0.00', NULL, NULL, NULL, '0.00', NULL, NULL, '116000.00', NULL, NULL, NULL, NULL, 0, '1.000', NULL, NULL, NULL, 32, 1, NULL, NULL, NULL, '2019-05-27 13:08:00', '2019-05-27 13:08:00'),
(93, 1, 2, NULL, NULL, NULL, 'opening_stock', 'received', 0, 'paid', NULL, NULL, NULL, NULL, NULL, '2019-01-01 15:08:00', '116000.00', NULL, '0.00', NULL, NULL, NULL, '0.00', NULL, NULL, '116000.00', NULL, NULL, NULL, NULL, 0, '1.000', NULL, NULL, NULL, 32, 1, NULL, NULL, NULL, '2019-05-27 13:08:00', '2019-05-27 13:08:00'),
(94, 1, 3, NULL, NULL, NULL, 'opening_stock', 'received', 0, 'paid', NULL, NULL, NULL, NULL, NULL, '2019-01-01 15:08:00', '116000.00', NULL, '0.00', NULL, NULL, NULL, '0.00', NULL, NULL, '116000.00', NULL, NULL, NULL, NULL, 0, '1.000', NULL, NULL, NULL, 32, 1, NULL, NULL, NULL, '2019-05-27 13:08:00', '2019-05-27 13:08:00'),
(95, 1, 1, NULL, NULL, NULL, 'opening_stock', 'received', 0, 'paid', NULL, NULL, NULL, NULL, NULL, '2019-01-01 16:27:17', '1160000.00', NULL, '0.00', NULL, NULL, NULL, '0.00', NULL, NULL, '1160000.00', NULL, NULL, NULL, NULL, 0, '1.000', NULL, NULL, NULL, 33, 1, NULL, NULL, NULL, '2019-05-31 14:27:17', '2019-05-31 14:27:17'),
(96, 1, 2, NULL, NULL, NULL, 'opening_stock', 'received', 0, 'paid', NULL, NULL, NULL, NULL, NULL, '2019-01-01 16:27:17', '1160000.00', NULL, '0.00', NULL, NULL, NULL, '0.00', NULL, NULL, '1160000.00', NULL, NULL, NULL, NULL, 0, '1.000', NULL, NULL, NULL, 33, 1, NULL, NULL, NULL, '2019-05-31 14:27:17', '2019-05-31 14:27:17'),
(97, 1, 3, NULL, NULL, NULL, 'opening_stock', 'received', 0, 'paid', NULL, NULL, NULL, NULL, NULL, '2019-01-01 16:27:17', '1160000.00', NULL, '0.00', NULL, NULL, NULL, '0.00', NULL, NULL, '1160000.00', NULL, NULL, NULL, NULL, 0, '1.000', NULL, NULL, NULL, 33, 1, NULL, NULL, NULL, '2019-05-31 14:27:17', '2019-05-31 14:27:17'),
(98, 1, 1, NULL, NULL, NULL, 'opening_stock', 'received', 0, 'paid', NULL, NULL, NULL, NULL, NULL, '2019-01-01 16:30:51', '1160000.00', NULL, '0.00', NULL, NULL, NULL, '0.00', NULL, NULL, '1160000.00', NULL, NULL, NULL, NULL, 0, '1.000', NULL, NULL, NULL, 34, 1, NULL, NULL, NULL, '2019-05-31 14:30:51', '2019-05-31 14:30:51'),
(99, 1, 2, NULL, NULL, NULL, 'opening_stock', 'received', 0, 'paid', NULL, NULL, NULL, NULL, NULL, '2019-01-01 16:30:51', '1160000.00', NULL, '0.00', NULL, NULL, NULL, '0.00', NULL, NULL, '1160000.00', NULL, NULL, NULL, NULL, 0, '1.000', NULL, NULL, NULL, 34, 1, NULL, NULL, NULL, '2019-05-31 14:30:51', '2019-05-31 14:30:51'),
(100, 1, 3, NULL, NULL, NULL, 'opening_stock', 'received', 0, 'paid', NULL, NULL, NULL, NULL, NULL, '2019-01-01 16:30:51', '1160000.00', NULL, '0.00', NULL, NULL, NULL, '0.00', NULL, NULL, '1160000.00', NULL, NULL, NULL, NULL, 0, '1.000', NULL, NULL, NULL, 34, 1, NULL, NULL, NULL, '2019-05-31 14:30:51', '2019-05-31 14:30:51'),
(101, 1, 1, NULL, NULL, NULL, 'opening_stock', 'received', 0, 'paid', NULL, NULL, NULL, NULL, NULL, '2019-01-01 16:48:38', '696000.00', NULL, '0.00', NULL, NULL, NULL, '0.00', NULL, NULL, '696000.00', NULL, NULL, NULL, NULL, 0, '1.000', NULL, NULL, NULL, 35, 1, NULL, NULL, NULL, '2019-05-31 14:48:38', '2019-05-31 14:48:38'),
(102, 1, 2, NULL, NULL, NULL, 'opening_stock', 'received', 0, 'paid', NULL, NULL, NULL, NULL, NULL, '2019-01-01 16:48:38', '696000.00', NULL, '0.00', NULL, NULL, NULL, '0.00', NULL, NULL, '696000.00', NULL, NULL, NULL, NULL, 0, '1.000', NULL, NULL, NULL, 35, 1, NULL, NULL, NULL, '2019-05-31 14:48:38', '2019-05-31 14:48:38'),
(103, 1, 3, NULL, NULL, NULL, 'opening_stock', 'received', 0, 'paid', NULL, NULL, NULL, NULL, NULL, '2019-01-01 16:48:38', '696000.00', NULL, '0.00', NULL, NULL, NULL, '0.00', NULL, NULL, '696000.00', NULL, NULL, NULL, NULL, 0, '1.000', NULL, NULL, NULL, 35, 1, NULL, NULL, NULL, '2019-05-31 14:48:38', '2019-05-31 14:48:38'),
(104, 1, 1, NULL, NULL, NULL, 'opening_stock', 'received', 0, 'paid', NULL, NULL, NULL, NULL, NULL, '2019-01-01 16:54:32', '580000.00', NULL, '0.00', NULL, NULL, NULL, '0.00', NULL, NULL, '580000.00', NULL, NULL, NULL, NULL, 0, '1.000', NULL, NULL, NULL, 36, 1, NULL, NULL, NULL, '2019-05-31 14:54:32', '2019-05-31 14:54:32'),
(105, 1, 2, NULL, NULL, NULL, 'opening_stock', 'received', 0, 'paid', NULL, NULL, NULL, NULL, NULL, '2019-01-01 16:54:32', '580000.00', NULL, '0.00', NULL, NULL, NULL, '0.00', NULL, NULL, '580000.00', NULL, NULL, NULL, NULL, 0, '1.000', NULL, NULL, NULL, 36, 1, NULL, NULL, NULL, '2019-05-31 14:54:32', '2019-05-31 14:54:32'),
(106, 1, 3, NULL, NULL, NULL, 'opening_stock', 'received', 0, 'paid', NULL, NULL, NULL, NULL, NULL, '2019-01-01 16:54:32', '580000.00', NULL, '0.00', NULL, NULL, NULL, '0.00', NULL, NULL, '580000.00', NULL, NULL, NULL, NULL, 0, '1.000', NULL, NULL, NULL, 36, 1, NULL, NULL, NULL, '2019-05-31 14:54:32', '2019-05-31 14:54:32'),
(107, 1, 1, NULL, NULL, NULL, 'opening_stock', 'received', 0, 'paid', NULL, NULL, NULL, NULL, NULL, '2019-01-01 16:58:40', '812000.00', NULL, '0.00', NULL, NULL, NULL, '0.00', NULL, NULL, '812000.00', NULL, NULL, NULL, NULL, 0, '1.000', NULL, NULL, NULL, 37, 1, NULL, NULL, NULL, '2019-05-31 14:58:40', '2019-05-31 14:58:40'),
(108, 1, 2, NULL, NULL, NULL, 'opening_stock', 'received', 0, 'paid', NULL, NULL, NULL, NULL, NULL, '2019-01-01 16:58:40', '812000.00', NULL, '0.00', NULL, NULL, NULL, '0.00', NULL, NULL, '812000.00', NULL, NULL, NULL, NULL, 0, '1.000', NULL, NULL, NULL, 37, 1, NULL, NULL, NULL, '2019-05-31 14:58:40', '2019-05-31 14:58:40'),
(109, 1, 3, NULL, NULL, NULL, 'opening_stock', 'received', 0, 'paid', NULL, NULL, NULL, NULL, NULL, '2019-01-01 16:58:40', '812000.00', NULL, '0.00', NULL, NULL, NULL, '0.00', NULL, NULL, '812000.00', NULL, NULL, NULL, NULL, 0, '1.000', NULL, NULL, NULL, 37, 1, NULL, NULL, NULL, '2019-05-31 14:58:40', '2019-05-31 14:58:40'),
(110, 1, 1, NULL, NULL, NULL, 'opening_stock', 'received', 0, 'paid', NULL, NULL, NULL, NULL, NULL, '2019-01-01 17:10:13', '580000.00', NULL, '0.00', NULL, NULL, NULL, '0.00', NULL, NULL, '580000.00', NULL, NULL, NULL, NULL, 0, '1.000', NULL, NULL, NULL, 38, 1, NULL, NULL, NULL, '2019-05-31 15:10:13', '2019-05-31 15:10:13'),
(111, 1, 2, NULL, NULL, NULL, 'opening_stock', 'received', 0, 'paid', NULL, NULL, NULL, NULL, NULL, '2019-01-01 17:10:13', '580000.00', NULL, '0.00', NULL, NULL, NULL, '0.00', NULL, NULL, '580000.00', NULL, NULL, NULL, NULL, 0, '1.000', NULL, NULL, NULL, 38, 1, NULL, NULL, NULL, '2019-05-31 15:10:13', '2019-05-31 15:10:13'),
(112, 1, 3, NULL, NULL, NULL, 'opening_stock', 'received', 0, 'paid', NULL, NULL, NULL, NULL, NULL, '2019-01-01 17:10:13', '580000.00', NULL, '0.00', NULL, NULL, NULL, '0.00', NULL, NULL, '580000.00', NULL, NULL, NULL, NULL, 0, '1.000', NULL, NULL, NULL, 38, 1, NULL, NULL, NULL, '2019-05-31 15:10:13', '2019-05-31 15:10:13'),
(113, 1, 1, NULL, NULL, NULL, 'opening_stock', 'received', 0, 'paid', NULL, NULL, NULL, NULL, NULL, '2019-01-01 17:12:31', '348000.00', NULL, '0.00', NULL, NULL, NULL, '0.00', NULL, NULL, '348000.00', NULL, NULL, NULL, NULL, 0, '1.000', NULL, NULL, NULL, 39, 1, NULL, NULL, NULL, '2019-05-31 15:12:31', '2019-05-31 15:12:31'),
(114, 1, 2, NULL, NULL, NULL, 'opening_stock', 'received', 0, 'paid', NULL, NULL, NULL, NULL, NULL, '2019-01-01 17:12:31', '348000.00', NULL, '0.00', NULL, NULL, NULL, '0.00', NULL, NULL, '348000.00', NULL, NULL, NULL, NULL, 0, '1.000', NULL, NULL, NULL, 39, 1, NULL, NULL, NULL, '2019-05-31 15:12:31', '2019-05-31 15:12:31'),
(115, 1, 3, NULL, NULL, NULL, 'opening_stock', 'received', 0, 'paid', NULL, NULL, NULL, NULL, NULL, '2019-01-01 17:12:31', '348000.00', NULL, '0.00', NULL, NULL, NULL, '0.00', NULL, NULL, '348000.00', NULL, NULL, NULL, NULL, 0, '1.000', NULL, NULL, NULL, 39, 1, NULL, NULL, NULL, '2019-05-31 15:12:31', '2019-05-31 15:12:31'),
(116, 1, 1, NULL, NULL, NULL, 'opening_stock', 'received', 0, 'paid', NULL, NULL, NULL, NULL, NULL, '2019-01-01 17:16:48', '464000.00', NULL, '0.00', NULL, NULL, NULL, '0.00', NULL, NULL, '464000.00', NULL, NULL, NULL, NULL, 0, '1.000', NULL, NULL, NULL, 40, 1, NULL, NULL, NULL, '2019-05-31 15:16:48', '2019-05-31 15:16:48'),
(117, 1, 2, NULL, NULL, NULL, 'opening_stock', 'received', 0, 'paid', NULL, NULL, NULL, NULL, NULL, '2019-01-01 17:16:48', '464000.00', NULL, '0.00', NULL, NULL, NULL, '0.00', NULL, NULL, '464000.00', NULL, NULL, NULL, NULL, 0, '1.000', NULL, NULL, NULL, 40, 1, NULL, NULL, NULL, '2019-05-31 15:16:48', '2019-05-31 15:16:48'),
(118, 1, 3, NULL, NULL, NULL, 'opening_stock', 'received', 0, 'paid', NULL, NULL, NULL, NULL, NULL, '2019-01-01 17:16:48', '464000.00', NULL, '0.00', NULL, NULL, NULL, '0.00', NULL, NULL, '464000.00', NULL, NULL, NULL, NULL, 0, '1.000', NULL, NULL, NULL, 40, 1, NULL, NULL, NULL, '2019-05-31 15:16:48', '2019-05-31 15:16:48'),
(119, 1, 1, NULL, NULL, NULL, 'opening_stock', 'received', 0, 'paid', NULL, NULL, NULL, NULL, NULL, '2019-01-01 17:19:53', '232000.00', NULL, '0.00', NULL, NULL, NULL, '0.00', NULL, NULL, '232000.00', NULL, NULL, NULL, NULL, 0, '1.000', NULL, NULL, NULL, 41, 1, NULL, NULL, NULL, '2019-05-31 15:19:53', '2019-05-31 15:19:53'),
(120, 1, 2, NULL, NULL, NULL, 'opening_stock', 'received', 0, 'paid', NULL, NULL, NULL, NULL, NULL, '2019-01-01 17:19:53', '232000.00', NULL, '0.00', NULL, NULL, NULL, '0.00', NULL, NULL, '232000.00', NULL, NULL, NULL, NULL, 0, '1.000', NULL, NULL, NULL, 41, 1, NULL, NULL, NULL, '2019-05-31 15:19:53', '2019-05-31 15:19:53'),
(121, 1, 3, NULL, NULL, NULL, 'opening_stock', 'received', 0, 'paid', NULL, NULL, NULL, NULL, NULL, '2019-01-01 17:19:53', '232000.00', NULL, '0.00', NULL, NULL, NULL, '0.00', NULL, NULL, '232000.00', NULL, NULL, NULL, NULL, 0, '1.000', NULL, NULL, NULL, 41, 1, NULL, NULL, NULL, '2019-05-31 15:19:53', '2019-05-31 15:19:53'),
(122, 1, 1, NULL, NULL, NULL, 'opening_stock', 'received', 0, 'paid', NULL, NULL, NULL, NULL, NULL, '2019-01-01 17:23:07', '232000.00', NULL, '0.00', NULL, NULL, NULL, '0.00', NULL, NULL, '232000.00', NULL, NULL, NULL, NULL, 0, '1.000', NULL, NULL, NULL, 42, 1, NULL, NULL, NULL, '2019-05-31 15:23:07', '2019-05-31 15:23:07'),
(123, 1, 2, NULL, NULL, NULL, 'opening_stock', 'received', 0, 'paid', NULL, NULL, NULL, NULL, NULL, '2019-01-01 17:23:07', '232000.00', NULL, '0.00', NULL, NULL, NULL, '0.00', NULL, NULL, '232000.00', NULL, NULL, NULL, NULL, 0, '1.000', NULL, NULL, NULL, 42, 1, NULL, NULL, NULL, '2019-05-31 15:23:07', '2019-05-31 15:23:07'),
(124, 1, 3, NULL, NULL, NULL, 'opening_stock', 'received', 0, 'paid', NULL, NULL, NULL, NULL, NULL, '2019-01-01 17:23:07', '232000.00', NULL, '0.00', NULL, NULL, NULL, '0.00', NULL, NULL, '232000.00', NULL, NULL, NULL, NULL, 0, '1.000', NULL, NULL, NULL, 42, 1, NULL, NULL, NULL, '2019-05-31 15:23:07', '2019-05-31 15:23:07'),
(125, 1, 1, NULL, NULL, NULL, 'opening_stock', 'received', 0, 'paid', NULL, NULL, NULL, NULL, NULL, '2019-01-01 17:27:12', '232000.00', NULL, '0.00', NULL, NULL, NULL, '0.00', NULL, NULL, '232000.00', NULL, NULL, NULL, NULL, 0, '1.000', NULL, NULL, NULL, 43, 1, NULL, NULL, NULL, '2019-05-31 15:27:12', '2019-05-31 15:27:12'),
(126, 1, 2, NULL, NULL, NULL, 'opening_stock', 'received', 0, 'paid', NULL, NULL, NULL, NULL, NULL, '2019-01-01 17:27:12', '232000.00', NULL, '0.00', NULL, NULL, NULL, '0.00', NULL, NULL, '232000.00', NULL, NULL, NULL, NULL, 0, '1.000', NULL, NULL, NULL, 43, 1, NULL, NULL, NULL, '2019-05-31 15:27:12', '2019-05-31 15:27:12'),
(127, 1, 3, NULL, NULL, NULL, 'opening_stock', 'received', 0, 'paid', NULL, NULL, NULL, NULL, NULL, '2019-01-01 17:27:12', '232000.00', NULL, '0.00', NULL, NULL, NULL, '0.00', NULL, NULL, '232000.00', NULL, NULL, NULL, NULL, 0, '1.000', NULL, NULL, NULL, 43, 1, NULL, NULL, NULL, '2019-05-31 15:27:12', '2019-05-31 15:27:12'),
(128, 1, 1, NULL, NULL, NULL, 'opening_stock', 'received', 0, 'paid', NULL, NULL, NULL, NULL, NULL, '2019-01-01 19:31:33', '800000.00', NULL, '0.00', NULL, NULL, NULL, '0.00', NULL, NULL, '800000.00', NULL, NULL, NULL, NULL, 0, '1.000', NULL, NULL, NULL, 44, 1, NULL, NULL, NULL, '2019-05-31 17:31:33', '2019-05-31 17:31:33'),
(129, 1, 2, NULL, NULL, NULL, 'opening_stock', 'received', 0, 'paid', NULL, NULL, NULL, NULL, NULL, '2019-01-01 19:31:33', '800000.00', NULL, '0.00', NULL, NULL, NULL, '0.00', NULL, NULL, '800000.00', NULL, NULL, NULL, NULL, 0, '1.000', NULL, NULL, NULL, 44, 1, NULL, NULL, NULL, '2019-05-31 17:31:33', '2019-05-31 17:31:33'),
(130, 1, 3, NULL, NULL, NULL, 'opening_stock', 'received', 0, 'paid', NULL, NULL, NULL, NULL, NULL, '2019-01-01 19:31:33', '800000.00', NULL, '0.00', NULL, NULL, NULL, '0.00', NULL, NULL, '800000.00', NULL, NULL, NULL, NULL, 0, '1.000', NULL, NULL, NULL, 44, 1, NULL, NULL, NULL, '2019-05-31 17:31:33', '2019-05-31 17:31:33'),
(131, 1, 1, NULL, NULL, NULL, 'opening_stock', 'received', 0, 'paid', NULL, NULL, NULL, NULL, NULL, '2019-01-01 19:42:24', '70000.00', NULL, '0.00', NULL, NULL, NULL, '0.00', NULL, NULL, '70000.00', NULL, NULL, NULL, NULL, 0, '1.000', NULL, NULL, NULL, 45, 1, NULL, NULL, NULL, '2019-05-31 17:42:24', '2019-05-31 17:42:24'),
(132, 1, 2, NULL, NULL, NULL, 'opening_stock', 'received', 0, 'paid', NULL, NULL, NULL, NULL, NULL, '2019-01-01 19:42:24', '70000.00', NULL, '0.00', NULL, NULL, NULL, '0.00', NULL, NULL, '70000.00', NULL, NULL, NULL, NULL, 0, '1.000', NULL, NULL, NULL, 45, 1, NULL, NULL, NULL, '2019-05-31 17:42:24', '2019-05-31 17:42:24'),
(133, 1, 3, NULL, NULL, NULL, 'opening_stock', 'received', 0, 'paid', NULL, NULL, NULL, NULL, NULL, '2019-01-01 19:42:24', '70000.00', NULL, '0.00', NULL, NULL, NULL, '0.00', NULL, NULL, '70000.00', NULL, NULL, NULL, NULL, 0, '1.000', NULL, NULL, NULL, 45, 1, NULL, NULL, NULL, '2019-05-31 17:42:24', '2019-05-31 17:42:24'),
(134, 1, 1, NULL, NULL, NULL, 'opening_stock', 'received', 0, 'paid', NULL, NULL, NULL, NULL, NULL, '2019-01-01 19:55:40', '600000.00', NULL, '0.00', NULL, NULL, NULL, '0.00', NULL, NULL, '600000.00', NULL, NULL, NULL, NULL, 0, '1.000', NULL, NULL, NULL, 46, 1, NULL, NULL, NULL, '2019-05-31 17:55:40', '2019-05-31 17:55:40'),
(135, 1, 2, NULL, NULL, NULL, 'opening_stock', 'received', 0, 'paid', NULL, NULL, NULL, NULL, NULL, '2019-01-01 19:55:40', '600000.00', NULL, '0.00', NULL, NULL, NULL, '0.00', NULL, NULL, '600000.00', NULL, NULL, NULL, NULL, 0, '1.000', NULL, NULL, NULL, 46, 1, NULL, NULL, NULL, '2019-05-31 17:55:40', '2019-05-31 17:55:40'),
(136, 1, 3, NULL, NULL, NULL, 'opening_stock', 'received', 0, 'paid', NULL, NULL, NULL, NULL, NULL, '2019-01-01 19:55:40', '600000.00', NULL, '0.00', NULL, NULL, NULL, '0.00', NULL, NULL, '600000.00', NULL, NULL, NULL, NULL, 0, '1.000', NULL, NULL, NULL, 46, 1, NULL, NULL, NULL, '2019-05-31 17:55:40', '2019-05-31 17:55:40');

-- --------------------------------------------------------

--
-- Table structure for table `transaction_sell_lines`
--

CREATE TABLE `transaction_sell_lines` (
  `id` int(10) UNSIGNED NOT NULL,
  `transaction_id` int(10) UNSIGNED NOT NULL,
  `product_id` int(10) UNSIGNED NOT NULL,
  `variation_id` int(10) UNSIGNED NOT NULL,
  `quantity` decimal(20,4) NOT NULL,
  `quantity_returned` decimal(20,4) NOT NULL DEFAULT 0.0000,
  `unit_price_before_discount` decimal(20,2) NOT NULL DEFAULT 0.00,
  `unit_price` decimal(20,2) DEFAULT NULL,
  `line_discount_type` enum('fixed','percentage') COLLATE utf8mb4_unicode_ci DEFAULT NULL,
  `line_discount_amount` decimal(20,2) NOT NULL DEFAULT 0.00,
  `unit_price_inc_tax` decimal(20,2) DEFAULT NULL,
  `item_tax` decimal(20,2) DEFAULT NULL,
  `tax_id` int(10) UNSIGNED DEFAULT NULL,
  `lot_no_line_id` int(11) DEFAULT NULL,
  `sell_line_note` text COLLATE utf8mb4_unicode_ci DEFAULT NULL,
  `parent_sell_line_id` int(11) DEFAULT NULL,
  `created_at` timestamp NULL DEFAULT NULL,
  `updated_at` timestamp NULL DEFAULT NULL
) ENGINE=InnoDB DEFAULT CHARSET=utf8mb4 COLLATE=utf8mb4_unicode_ci;

-- --------------------------------------------------------

--
-- Table structure for table `transaction_sell_lines_purchase_lines`
--

CREATE TABLE `transaction_sell_lines_purchase_lines` (
  `id` int(10) UNSIGNED NOT NULL,
  `sell_line_id` int(10) UNSIGNED DEFAULT NULL COMMENT 'id from transaction_sell_lines',
  `stock_adjustment_line_id` int(10) UNSIGNED DEFAULT NULL COMMENT 'id from stock_adjustment_lines',
  `purchase_line_id` int(10) UNSIGNED NOT NULL COMMENT 'id from purchase_lines',
  `quantity` decimal(20,4) NOT NULL,
  `qty_returned` decimal(20,4) NOT NULL DEFAULT 0.0000,
  `created_at` timestamp NULL DEFAULT NULL,
  `updated_at` timestamp NULL DEFAULT NULL
) ENGINE=InnoDB DEFAULT CHARSET=utf8mb4 COLLATE=utf8mb4_unicode_ci;

-- --------------------------------------------------------

--
-- Table structure for table `units`
--

CREATE TABLE `units` (
  `id` int(10) UNSIGNED NOT NULL,
  `business_id` int(10) UNSIGNED NOT NULL,
  `actual_name` varchar(191) COLLATE utf8mb4_unicode_ci NOT NULL,
  `short_name` varchar(191) COLLATE utf8mb4_unicode_ci NOT NULL,
  `allow_decimal` tinyint(1) NOT NULL,
  `created_by` int(10) UNSIGNED NOT NULL,
  `deleted_at` timestamp NULL DEFAULT NULL,
  `created_at` timestamp NULL DEFAULT NULL,
  `updated_at` timestamp NULL DEFAULT NULL
) ENGINE=InnoDB DEFAULT CHARSET=utf8mb4 COLLATE=utf8mb4_unicode_ci;

--
-- Dumping data for table `units`
--

INSERT INTO `units` (`id`, `business_id`, `actual_name`, `short_name`, `allow_decimal`, `created_by`, `deleted_at`, `created_at`, `updated_at`) VALUES
(1, 1, 'Pieces', 'Pc(s)', 0, 1, NULL, '2019-05-24 21:02:29', '2019-05-24 21:02:29');

-- --------------------------------------------------------

--
-- Table structure for table `user_contact_access`
--

CREATE TABLE `user_contact_access` (
  `id` int(10) UNSIGNED NOT NULL,
  `user_id` int(11) NOT NULL,
  `contact_id` int(11) NOT NULL
) ENGINE=InnoDB DEFAULT CHARSET=utf8mb4 COLLATE=utf8mb4_unicode_ci;

-- --------------------------------------------------------

--
-- Table structure for table `variations`
--

CREATE TABLE `variations` (
  `id` int(10) UNSIGNED NOT NULL,
  `name` varchar(191) COLLATE utf8mb4_unicode_ci NOT NULL,
  `product_id` int(10) UNSIGNED NOT NULL,
  `sub_sku` varchar(191) COLLATE utf8mb4_unicode_ci DEFAULT NULL,
  `product_variation_id` int(10) UNSIGNED NOT NULL,
  `variation_value_id` int(11) DEFAULT NULL,
  `default_purchase_price` decimal(20,2) DEFAULT NULL,
  `dpp_inc_tax` decimal(20,2) NOT NULL DEFAULT 0.00,
  `profit_percent` decimal(20,2) NOT NULL DEFAULT 0.00,
  `default_sell_price` decimal(20,2) DEFAULT NULL,
  `sell_price_inc_tax` decimal(20,2) DEFAULT NULL,
  `created_at` timestamp NULL DEFAULT NULL,
  `updated_at` timestamp NULL DEFAULT NULL,
  `deleted_at` timestamp NULL DEFAULT NULL
) ENGINE=InnoDB DEFAULT CHARSET=utf8mb4 COLLATE=utf8mb4_unicode_ci;

--
-- Dumping data for table `variations`
--

INSERT INTO `variations` (`id`, `name`, `product_id`, `sub_sku`, `product_variation_id`, `variation_value_id`, `default_purchase_price`, `dpp_inc_tax`, `profit_percent`, `default_sell_price`, `sell_price_inc_tax`, `created_at`, `updated_at`, `deleted_at`) VALUES
(1, 'Grey', 1, 'BB0001-1', 1, 1, '100.00', '116.00', '25.00', '125.00', '145.00', '2019-05-26 13:54:51', '2019-05-26 14:01:25', NULL),
(2, 'White', 1, 'BB0001-2', 1, 2, '100.00', '116.00', '25.00', '125.00', '145.00', '2019-05-26 13:54:51', '2019-05-26 14:01:25', NULL),
(3, 'Black', 1, 'BB0001-3', 1, 3, '100.00', '116.00', '25.00', '125.00', '145.00', '2019-05-26 13:54:51', '2019-05-26 14:01:25', NULL),
(4, 'Navy Blue', 1, 'BB0001-4', 1, 4, '100.00', '116.00', '25.00', '125.00', '145.00', '2019-05-26 13:54:51', '2019-05-26 14:01:25', NULL),
(5, 'Free Size', 1, 'BB0001-5', 2, 5, '100.00', '116.00', '25.00', '125.00', '145.00', '2019-05-26 14:01:25', '2019-05-26 14:01:25', NULL),
(20, 'Small', 3, 'BB0003-1', 5, 6, '100.00', '116.00', '25.00', '125.00', '145.00', '2019-05-26 14:30:23', '2019-05-26 14:30:23', NULL),
(21, 'Medium', 3, 'BB0003-2', 5, 7, '100.00', '116.00', '25.00', '125.00', '145.00', '2019-05-26 14:30:23', '2019-05-26 14:30:23', NULL),
(22, 'Large', 3, 'BB0003-3', 5, 8, '100.00', '116.00', '25.00', '125.00', '145.00', '2019-05-26 14:30:23', '2019-05-26 14:30:23', NULL),
(23, 'X-Large', 3, 'BB0003-4', 5, 9, '100.00', '116.00', '25.00', '125.00', '145.00', '2019-05-26 14:30:23', '2019-05-26 14:30:23', NULL),
(24, 'Small', 4, 'BB0004-1', 6, 6, '100.00', '116.00', '25.00', '125.00', '145.00', '2019-05-26 14:32:12', '2019-05-26 14:32:12', NULL),
(25, 'Medium', 4, 'BB0004-2', 6, 7, '100.00', '116.00', '25.00', '125.00', '145.00', '2019-05-26 14:32:12', '2019-05-26 14:32:12', NULL),
(26, 'Large', 4, 'BB0004-3', 6, 8, '100.00', '116.00', '25.00', '125.00', '145.00', '2019-05-26 14:32:12', '2019-05-26 14:32:12', NULL),
(27, 'X-Large', 4, 'BB0004-4', 6, 9, '100.00', '116.00', '25.00', '125.00', '145.00', '2019-05-26 14:32:12', '2019-05-26 14:32:12', NULL),
(28, 'Small', 5, 'BB0005-1', 7, 6, '100.00', '116.00', '25.00', '125.00', '145.00', '2019-05-26 14:38:45', '2019-05-27 11:48:36', NULL),
(29, 'Medium', 5, 'BB0005-2', 7, 7, '100.00', '116.00', '25.00', '125.00', '145.00', '2019-05-26 14:38:45', '2019-05-27 11:48:36', NULL),
(30, 'Large', 5, 'BB0005-3', 7, 8, '100.00', '116.00', '25.00', '125.00', '145.00', '2019-05-26 14:38:45', '2019-05-27 11:48:36', NULL),
(31, 'X-Large', 5, 'BB0005-4', 7, 9, '100.00', '116.00', '25.00', '125.00', '145.00', '2019-05-26 14:38:45', '2019-05-27 11:48:36', NULL),
(32, 'Small', 6, 'BB0006-1', 8, 6, '100.00', '116.00', '25.00', '125.00', '145.00', '2019-05-27 11:49:31', '2019-05-27 11:55:58', NULL),
(33, 'Medium', 6, 'BB0006-2', 8, 7, '100.00', '116.00', '25.00', '125.00', '145.00', '2019-05-27 11:49:31', '2019-05-27 11:55:58', NULL),
(34, 'Large', 6, 'BB0006-3', 8, 8, '100.00', '116.00', '25.00', '125.00', '145.00', '2019-05-27 11:49:31', '2019-05-27 11:55:58', NULL),
(35, 'X-Large', 6, 'BB0006-4', 8, 9, '100.00', '116.00', '25.00', '125.00', '145.00', '2019-05-27 11:49:31', '2019-05-27 11:55:58', NULL),
(36, 'Small', 7, 'BB0007-1', 9, 6, '100.00', '116.00', '25.00', '125.00', '145.00', '2019-05-27 11:52:14', '2019-05-27 11:52:14', NULL),
(37, 'Medium', 7, 'BB0007-2', 9, 7, '100.00', '116.00', '25.00', '125.00', '145.00', '2019-05-27 11:52:14', '2019-05-27 11:52:14', NULL),
(38, 'Large', 7, 'BB0007-3', 9, 8, '100.00', '116.00', '25.00', '125.00', '145.00', '2019-05-27 11:52:14', '2019-05-27 11:52:14', NULL),
(39, 'X-Large', 7, 'BB0007-4', 9, 9, '100.00', '116.00', '25.00', '125.00', '145.00', '2019-05-27 11:52:14', '2019-05-27 11:52:14', NULL),
(40, 'Small', 8, 'BB0008-1', 10, 6, '100.00', '116.00', '25.00', '125.00', '145.00', '2019-05-27 11:53:32', '2019-05-27 11:53:32', NULL),
(41, 'Medium', 8, 'BB0008-2', 10, 7, '100.00', '116.00', '25.00', '125.00', '145.00', '2019-05-27 11:53:32', '2019-05-27 11:53:32', NULL),
(42, 'Large', 8, 'BB0008-3', 10, 8, '100.00', '116.00', '25.00', '125.00', '145.00', '2019-05-27 11:53:32', '2019-05-27 11:53:32', NULL),
(43, 'X-Large', 8, 'BB0008-4', 10, 9, '100.00', '116.00', '25.00', '125.00', '145.00', '2019-05-27 11:53:32', '2019-05-27 11:53:32', NULL),
(44, 'Small', 9, 'BB0009-1', 11, 6, '100.00', '116.00', '25.00', '125.00', '145.00', '2019-05-27 11:54:42', '2019-05-27 11:54:42', NULL),
(45, 'Medium', 9, 'BB0009-2', 11, 7, '100.00', '116.00', '25.00', '125.00', '145.00', '2019-05-27 11:54:42', '2019-05-27 11:54:42', NULL),
(46, 'Large', 9, 'BB0009-3', 11, 8, '100.00', '116.00', '25.00', '125.00', '145.00', '2019-05-27 11:54:42', '2019-05-27 11:54:42', NULL),
(47, 'X-Large', 9, 'BB0009-4', 11, 9, '100.00', '116.00', '25.00', '125.00', '145.00', '2019-05-27 11:54:42', '2019-05-27 11:54:42', NULL),
(48, 'Small', 10, 'BB0010-1', 12, 6, '100.00', '116.00', '25.00', '125.00', '145.00', '2019-05-27 11:56:41', '2019-05-27 11:56:41', NULL),
(49, 'Medium', 10, 'BB0010-2', 12, 7, '100.00', '116.00', '25.00', '125.00', '145.00', '2019-05-27 11:56:41', '2019-05-27 11:56:41', NULL),
(50, 'Large', 10, 'BB0010-3', 12, 8, '100.00', '116.00', '25.00', '125.00', '145.00', '2019-05-27 11:56:41', '2019-05-27 11:56:41', NULL),
(51, 'X-Large', 10, 'BB0010-4', 12, 9, '100.00', '116.00', '25.00', '125.00', '145.00', '2019-05-27 11:56:41', '2019-05-27 11:56:41', NULL),
(52, 'Small', 11, 'BB0011-1', 13, 6, '100.00', '116.00', '25.00', '125.00', '145.00', '2019-05-27 11:57:53', '2019-05-27 11:57:53', NULL),
(53, 'Medium', 11, 'BB0011-2', 13, 7, '100.00', '116.00', '25.00', '125.00', '145.00', '2019-05-27 11:57:53', '2019-05-27 11:57:53', NULL),
(54, 'Large', 11, 'BB0011-3', 13, 8, '100.00', '116.00', '25.00', '125.00', '145.00', '2019-05-27 11:57:53', '2019-05-27 11:57:53', NULL),
(55, 'X-Large', 11, 'BB0011-4', 13, 9, '100.00', '116.00', '25.00', '125.00', '145.00', '2019-05-27 11:57:53', '2019-05-27 11:57:53', NULL),
(56, 'Small', 12, 'BB0012-1', 14, 6, '100.00', '116.00', '25.00', '125.00', '145.00', '2019-05-27 12:00:48', '2019-05-27 12:00:48', NULL),
(57, 'Medium', 12, 'BB0012-2', 14, 7, '100.00', '116.00', '25.00', '125.00', '145.00', '2019-05-27 12:00:48', '2019-05-27 12:00:48', NULL),
(58, 'Large', 12, 'BB0012-3', 14, 8, '100.00', '116.00', '25.00', '125.00', '145.00', '2019-05-27 12:00:48', '2019-05-27 12:00:48', NULL),
(59, 'X-Large', 12, 'BB0012-4', 14, 9, '100.00', '116.00', '25.00', '125.00', '145.00', '2019-05-27 12:00:48', '2019-05-27 12:00:48', NULL),
(60, 'Small', 13, 'BB0013-1', 15, 6, '100.00', '116.00', '25.00', '125.00', '145.00', '2019-05-27 12:02:20', '2019-05-27 12:02:20', NULL),
(61, 'Medium', 13, 'BB0013-2', 15, 7, '100.00', '116.00', '25.00', '125.00', '145.00', '2019-05-27 12:02:20', '2019-05-27 12:02:20', NULL),
(62, 'Large', 13, 'BB0013-3', 15, 8, '100.00', '116.00', '25.00', '125.00', '145.00', '2019-05-27 12:02:20', '2019-05-27 12:02:20', NULL),
(63, 'X-Large', 13, 'BB0013-4', 15, 9, '100.00', '116.00', '25.00', '125.00', '145.00', '2019-05-27 12:02:20', '2019-05-27 12:02:20', NULL),
(64, 'Small', 14, 'BB0014-1', 16, 6, '100.00', '116.00', '25.00', '125.00', '145.00', '2019-05-27 12:03:16', '2019-05-27 12:03:16', NULL),
(65, 'Medium', 14, 'BB0014-2', 16, 7, '100.00', '116.00', '25.00', '125.00', '145.00', '2019-05-27 12:03:16', '2019-05-27 12:03:16', NULL),
(66, 'Large', 14, 'BB0014-3', 16, 8, '100.00', '116.00', '25.00', '125.00', '145.00', '2019-05-27 12:03:16', '2019-05-27 12:03:16', NULL),
(67, 'X-Large', 14, 'BB0014-4', 16, 9, '100.00', '116.00', '25.00', '125.00', '145.00', '2019-05-27 12:03:16', '2019-05-27 12:03:16', NULL),
(68, 'Small', 15, 'BB0015-1', 17, 6, '100.00', '116.00', '25.00', '125.00', '145.00', '2019-05-27 12:04:34', '2019-05-27 12:04:34', NULL),
(69, 'Medium', 15, 'BB0015-2', 17, 7, '100.00', '116.00', '25.00', '125.00', '145.00', '2019-05-27 12:04:34', '2019-05-27 12:04:34', NULL),
(70, 'Large', 15, 'BB0015-3', 17, 8, '100.00', '116.00', '25.00', '125.00', '145.00', '2019-05-27 12:04:34', '2019-05-27 12:04:34', NULL),
(71, 'X-Large', 15, 'BB0015-4', 17, 9, '100.00', '116.00', '25.00', '125.00', '145.00', '2019-05-27 12:04:34', '2019-05-27 12:04:34', NULL),
(72, 'Small', 16, 'BB0016-1', 18, 6, '100.00', '116.00', '25.00', '125.00', '145.00', '2019-05-27 12:07:56', '2019-05-27 12:07:56', NULL),
(73, 'Medium', 16, 'BB0016-2', 18, 7, '100.00', '116.00', '25.00', '125.00', '145.00', '2019-05-27 12:07:56', '2019-05-27 12:07:56', NULL),
(74, 'Large', 16, 'BB0016-3', 18, 8, '100.00', '116.00', '25.00', '125.00', '145.00', '2019-05-27 12:07:56', '2019-05-27 12:07:56', NULL),
(75, 'X-Large', 16, 'BB0016-4', 18, 9, '100.00', '116.00', '25.00', '125.00', '145.00', '2019-05-27 12:07:56', '2019-05-27 12:07:56', NULL),
(76, 'Small', 17, 'BB0017-1', 19, 6, '100.00', '116.00', '25.00', '125.00', '145.00', '2019-05-27 12:24:45', '2019-05-27 12:24:45', NULL),
(77, 'Medium', 17, 'BB0017-2', 19, 7, '100.00', '116.00', '25.00', '125.00', '145.00', '2019-05-27 12:24:45', '2019-05-27 12:24:45', NULL),
(78, 'Large', 17, 'BB0017-3', 19, 8, '100.00', '116.00', '25.00', '125.00', '145.00', '2019-05-27 12:24:45', '2019-05-27 12:24:45', NULL),
(79, 'X-Large', 17, 'BB0017-4', 19, 9, '100.00', '116.00', '25.00', '125.00', '145.00', '2019-05-27 12:24:45', '2019-05-27 12:24:45', NULL),
(80, 'Small', 18, 'BB0018-1', 20, 6, '100.00', '116.00', '25.00', '125.00', '145.00', '2019-05-27 12:25:54', '2019-05-27 12:25:54', NULL),
(81, 'Medium', 18, 'BB0018-2', 20, 7, '100.00', '116.00', '25.00', '125.00', '145.00', '2019-05-27 12:25:54', '2019-05-27 12:25:54', NULL),
(82, 'Large', 18, 'BB0018-3', 20, 8, '100.00', '116.00', '25.00', '125.00', '145.00', '2019-05-27 12:25:54', '2019-05-27 12:25:54', NULL),
(83, 'X-Large', 18, 'BB0018-4', 20, 9, '100.00', '116.00', '25.00', '125.00', '145.00', '2019-05-27 12:25:54', '2019-05-27 12:25:54', NULL),
(84, 'Small', 19, 'BB0019-1', 21, 6, '100.00', '116.00', '25.00', '125.00', '145.00', '2019-05-27 12:27:27', '2019-05-27 12:27:27', NULL),
(85, 'Medium', 19, 'BB0019-2', 21, 7, '100.00', '116.00', '25.00', '125.00', '145.00', '2019-05-27 12:27:27', '2019-05-27 12:27:27', NULL),
(86, 'Large', 19, 'BB0019-3', 21, 8, '100.00', '116.00', '25.00', '125.00', '145.00', '2019-05-27 12:27:27', '2019-05-27 12:27:27', NULL),
(87, 'X-Large', 19, 'BB0019-4', 21, 9, '100.00', '116.00', '25.00', '125.00', '145.00', '2019-05-27 12:27:27', '2019-05-27 12:27:27', NULL),
(88, 'Small', 20, 'BB0020-1', 22, 6, '100.00', '116.00', '25.00', '125.00', '145.00', '2019-05-27 12:28:48', '2019-05-27 12:28:48', NULL),
(89, 'Medium', 20, 'BB0020-2', 22, 7, '100.00', '116.00', '25.00', '125.00', '145.00', '2019-05-27 12:28:48', '2019-05-27 12:28:48', NULL),
(90, 'Large', 20, 'BB0020-3', 22, 8, '100.00', '116.00', '25.00', '125.00', '145.00', '2019-05-27 12:28:48', '2019-05-27 12:28:48', NULL),
(91, 'X-Large', 20, 'BB0020-4', 22, 9, '100.00', '116.00', '25.00', '125.00', '145.00', '2019-05-27 12:28:48', '2019-05-27 12:28:48', NULL),
(92, 'Small', 21, 'BB0021-1', 23, 6, '100.00', '116.00', '25.00', '125.00', '145.00', '2019-05-27 12:30:16', '2019-05-27 12:30:16', NULL),
(93, 'Medium', 21, 'BB0021-2', 23, 7, '100.00', '116.00', '25.00', '125.00', '145.00', '2019-05-27 12:30:16', '2019-05-27 12:30:16', NULL),
(94, 'Large', 21, 'BB0021-3', 23, 8, '100.00', '116.00', '25.00', '125.00', '145.00', '2019-05-27 12:30:16', '2019-05-27 12:30:16', NULL),
(95, 'X-Large', 21, 'BB0021-4', 23, 9, '100.00', '116.00', '25.00', '125.00', '145.00', '2019-05-27 12:30:16', '2019-05-27 12:30:16', NULL),
(96, 'Small', 22, 'BB0022-1', 24, 6, '100.00', '116.00', '25.00', '125.00', '145.00', '2019-05-27 12:31:31', '2019-05-27 12:31:31', NULL),
(97, 'Medium', 22, 'BB0022-2', 24, 7, '100.00', '116.00', '25.00', '125.00', '145.00', '2019-05-27 12:31:31', '2019-05-27 12:31:31', NULL),
(98, 'Large', 22, 'BB0022-3', 24, 8, '100.00', '116.00', '25.00', '125.00', '145.00', '2019-05-27 12:31:31', '2019-05-27 12:31:31', NULL),
(99, 'X-Large', 22, 'BB0022-4', 24, 9, '100.00', '116.00', '25.00', '125.00', '145.00', '2019-05-27 12:31:31', '2019-05-27 12:31:31', NULL),
(100, 'Small', 23, 'BB0023-1', 25, 6, '100.00', '116.00', '25.00', '125.00', '145.00', '2019-05-27 12:32:21', '2019-05-27 12:32:21', NULL),
(101, 'Medium', 23, 'BB0023-2', 25, 7, '100.00', '116.00', '25.00', '125.00', '145.00', '2019-05-27 12:32:21', '2019-05-27 12:32:21', NULL),
(102, 'Large', 23, 'BB0023-3', 25, 8, '100.00', '116.00', '25.00', '125.00', '145.00', '2019-05-27 12:32:21', '2019-05-27 12:32:21', NULL),
(103, 'X-Large', 23, 'BB0023-4', 25, 9, '100.00', '116.00', '25.00', '125.00', '145.00', '2019-05-27 12:32:21', '2019-05-27 12:32:21', NULL),
(104, 'Short', 24, 'BB0024-1', 26, 10, '100.00', '100.00', '25.00', '125.00', '125.00', '2019-05-27 12:42:48', '2019-05-27 12:42:48', NULL),
(105, 'Long', 24, 'BB0024-2', 26, 11, '100.00', '100.00', '25.00', '125.00', '125.00', '2019-05-27 12:42:48', '2019-05-27 12:42:48', NULL),
(106, 'Short', 25, 'BB0025-1', 27, 10, '100.00', '116.00', '25.00', '125.00', '145.00', '2019-05-27 12:46:10', '2019-05-27 12:46:10', NULL),
(107, 'Long', 25, 'BB0025-2', 27, 11, '100.00', '116.00', '25.00', '125.00', '145.00', '2019-05-27 12:46:10', '2019-05-27 12:46:10', NULL),
(108, 'Short', 26, 'BB0026-1', 28, 10, '100.00', '116.00', '25.00', '125.00', '145.00', '2019-05-27 12:47:25', '2019-05-27 12:47:25', NULL),
(109, 'Elastic', 27, 'BB0027-1', 29, 13, '100.00', '116.00', '25.00', '125.00', '145.00', '2019-05-27 12:57:46', '2019-05-27 12:57:46', NULL),
(110, 'Elastic', 28, 'BB0028-1', 30, 13, '100.00', '116.00', '25.00', '125.00', '145.00', '2019-05-27 12:59:25', '2019-05-27 12:59:25', NULL),
(111, 'Elastic', 29, 'BB0029-1', 31, 13, '100.00', '116.00', '25.00', '125.00', '145.00', '2019-05-27 13:01:34', '2019-05-27 13:01:34', NULL),
(112, 'Elastic', 30, 'BB0030-1', 32, 13, '100.00', '116.00', '25.00', '125.00', '145.00', '2019-05-27 13:02:43', '2019-05-27 13:02:43', NULL),
(113, 'Elastic', 31, 'BB0031-1', 33, 13, '100.00', '116.00', '25.00', '125.00', '145.00', '2019-05-27 13:04:26', '2019-05-27 13:04:26', NULL),
(114, 'Elastic', 32, 'BB0032-1', 34, 13, '100.00', '116.00', '25.00', '125.00', '145.00', '2019-05-27 13:07:18', '2019-05-27 13:07:18', NULL),
(115, '24', 32, 'BB0032-2', 34, 14, '100.00', '116.00', '25.00', '125.00', '145.00', '2019-05-27 13:07:18', '2019-05-27 13:07:18', NULL),
(116, '25', 32, 'BB0032-3', 34, 15, '100.00', '116.00', '25.00', '125.00', '145.00', '2019-05-27 13:07:18', '2019-05-27 13:07:18', NULL),
(117, '26', 32, 'BB0032-4', 34, 16, '100.00', '116.00', '25.00', '125.00', '145.00', '2019-05-27 13:07:18', '2019-05-27 13:07:18', NULL),
(118, '27', 32, 'BB0032-5', 34, 17, '100.00', '116.00', '25.00', '125.00', '145.00', '2019-05-27 13:07:18', '2019-05-27 13:07:18', NULL),
(119, '28', 32, 'BB0032-6', 34, 18, '100.00', '116.00', '25.00', '125.00', '145.00', '2019-05-27 13:07:18', '2019-05-27 13:07:18', NULL),
(120, '29', 32, 'BB0032-7', 34, 19, '100.00', '116.00', '25.00', '125.00', '145.00', '2019-05-27 13:07:18', '2019-05-27 13:07:18', NULL),
(121, '30', 32, 'BB0032-8', 34, 20, '100.00', '116.00', '25.00', '125.00', '145.00', '2019-05-27 13:07:18', '2019-05-27 13:07:18', NULL),
(122, '32', 32, 'BB0032-9', 34, 21, '100.00', '116.00', '25.00', '125.00', '145.00', '2019-05-27 13:07:18', '2019-05-27 13:07:18', NULL),
(123, '34', 32, 'BB0032-10', 34, 22, '100.00', '116.00', '25.00', '125.00', '145.00', '2019-05-27 13:07:18', '2019-05-27 13:07:18', NULL),
(124, 'Elastic', 33, 'BB0033-1', 35, 13, '100.00', '116.00', '25.00', '125.00', '145.00', '2019-05-31 14:26:18', '2019-05-31 14:26:18', NULL),
(125, '24', 33, 'BB0033-2', 35, 14, '100.00', '116.00', '25.00', '125.00', '145.00', '2019-05-31 14:26:18', '2019-05-31 14:26:18', NULL),
(126, '25', 33, 'BB0033-3', 35, 15, '100.00', '116.00', '25.00', '125.00', '145.00', '2019-05-31 14:26:18', '2019-05-31 14:26:18', NULL),
(127, '26', 33, 'BB0033-4', 35, 16, '100.00', '116.00', '25.00', '125.00', '145.00', '2019-05-31 14:26:18', '2019-05-31 14:26:18', NULL),
(128, '27', 33, 'BB0033-5', 35, 17, '100.00', '116.00', '25.00', '125.00', '145.00', '2019-05-31 14:26:18', '2019-05-31 14:26:18', NULL),
(129, '28', 33, 'BB0033-6', 35, 18, '100.00', '116.00', '25.00', '125.00', '145.00', '2019-05-31 14:26:18', '2019-05-31 14:26:18', NULL),
(130, '29', 33, 'BB0033-7', 35, 19, '100.00', '116.00', '25.00', '125.00', '145.00', '2019-05-31 14:26:18', '2019-05-31 14:26:18', NULL),
(131, '30', 33, 'BB0033-8', 35, 20, '100.00', '116.00', '25.00', '125.00', '145.00', '2019-05-31 14:26:18', '2019-05-31 14:26:18', NULL),
(132, '32', 33, 'BB0033-9', 35, 21, '100.00', '116.00', '25.00', '125.00', '145.00', '2019-05-31 14:26:18', '2019-05-31 14:26:18', NULL),
(133, '34', 33, 'BB0033-10', 35, 22, '100.00', '116.00', '25.00', '125.00', '145.00', '2019-05-31 14:26:18', '2019-05-31 14:26:18', NULL),
(134, 'Elastic', 34, 'BB0034-1', 36, 13, '100.00', '116.00', '25.00', '125.00', '145.00', '2019-05-31 14:30:03', '2019-05-31 14:30:03', NULL),
(135, '24', 34, 'BB0034-2', 36, 14, '100.00', '116.00', '25.00', '125.00', '145.00', '2019-05-31 14:30:03', '2019-05-31 14:30:03', NULL),
(136, '25', 34, 'BB0034-3', 36, 15, '100.00', '116.00', '25.00', '125.00', '145.00', '2019-05-31 14:30:03', '2019-05-31 14:30:03', NULL),
(137, '26', 34, 'BB0034-4', 36, 16, '100.00', '116.00', '25.00', '125.00', '145.00', '2019-05-31 14:30:03', '2019-05-31 14:30:03', NULL),
(138, '27', 34, 'BB0034-5', 36, 17, '100.00', '116.00', '25.00', '125.00', '145.00', '2019-05-31 14:30:03', '2019-05-31 14:30:03', NULL),
(139, '28', 34, 'BB0034-6', 36, 18, '100.00', '116.00', '25.00', '125.00', '145.00', '2019-05-31 14:30:03', '2019-05-31 14:30:03', NULL),
(140, '29', 34, 'BB0034-7', 36, 19, '100.00', '116.00', '25.00', '125.00', '145.00', '2019-05-31 14:30:03', '2019-05-31 14:30:03', NULL),
(141, '30', 34, 'BB0034-8', 36, 20, '100.00', '116.00', '25.00', '125.00', '145.00', '2019-05-31 14:30:03', '2019-05-31 14:30:03', NULL),
(142, '32', 34, 'BB0034-9', 36, 21, '100.00', '116.00', '25.00', '125.00', '145.00', '2019-05-31 14:30:03', '2019-05-31 14:30:03', NULL),
(143, '34', 34, 'BB0034-10', 36, 22, '100.00', '116.00', '25.00', '125.00', '145.00', '2019-05-31 14:30:03', '2019-05-31 14:30:03', NULL),
(144, 'Elastic', 35, 'BB0035-1', 37, 13, '100.00', '116.00', '25.00', '125.00', '145.00', '2019-05-31 14:46:31', '2019-05-31 14:46:31', NULL),
(145, '24', 35, 'BB0035-2', 37, 14, '100.00', '116.00', '25.00', '125.00', '145.00', '2019-05-31 14:46:31', '2019-05-31 14:46:31', NULL),
(146, '25', 35, 'BB0035-3', 37, 15, '100.00', '116.00', '25.00', '125.00', '145.00', '2019-05-31 14:46:31', '2019-05-31 14:46:31', NULL),
(147, '26', 35, 'BB0035-4', 37, 16, '100.00', '116.00', '25.00', '125.00', '145.00', '2019-05-31 14:46:31', '2019-05-31 14:46:31', NULL),
(148, '27', 35, 'BB0035-5', 37, 17, '100.00', '116.00', '25.00', '125.00', '145.00', '2019-05-31 14:46:31', '2019-05-31 14:46:31', NULL),
(149, '28', 35, 'BB0035-6', 37, 18, '100.00', '116.00', '25.00', '125.00', '145.00', '2019-05-31 14:46:31', '2019-05-31 14:46:31', NULL),
(150, 'Elastic', 36, 'BB0036-1', 38, 13, '100.00', '116.00', '25.00', '125.00', '145.00', '2019-05-31 14:53:57', '2019-05-31 14:53:57', NULL),
(151, '27', 36, 'BB0036-2', 38, 17, '100.00', '116.00', '25.00', '125.00', '145.00', '2019-05-31 14:53:57', '2019-05-31 14:53:57', NULL),
(152, '28', 36, 'BB0036-3', 38, 18, '100.00', '116.00', '25.00', '125.00', '145.00', '2019-05-31 14:53:57', '2019-05-31 14:53:57', NULL),
(153, '32', 36, 'BB0036-4', 38, 21, '100.00', '116.00', '25.00', '125.00', '145.00', '2019-05-31 14:53:57', '2019-05-31 14:53:57', NULL),
(154, '34', 36, 'BB0036-5', 38, 22, '100.00', '116.00', '25.00', '125.00', '145.00', '2019-05-31 14:53:57', '2019-05-31 14:53:57', NULL),
(155, '24', 37, 'BB0037-1', 39, 14, '100.00', '116.00', '25.00', '125.00', '145.00', '2019-05-31 14:58:02', '2019-05-31 14:58:02', NULL),
(156, '25', 37, 'BB0037-2', 39, 15, '100.00', '116.00', '25.00', '125.00', '145.00', '2019-05-31 14:58:02', '2019-05-31 14:58:02', NULL),
(157, '26', 37, 'BB0037-3', 39, 16, '100.00', '116.00', '25.00', '125.00', '145.00', '2019-05-31 14:58:02', '2019-05-31 14:58:02', NULL),
(158, '27', 37, 'BB0037-4', 39, 17, '100.00', '116.00', '25.00', '125.00', '145.00', '2019-05-31 14:58:02', '2019-05-31 14:58:02', NULL),
(159, '28', 37, 'BB0037-5', 39, 18, '100.00', '116.00', '25.00', '125.00', '145.00', '2019-05-31 14:58:02', '2019-05-31 14:58:02', NULL),
(160, '29', 37, 'BB0037-6', 39, 19, '100.00', '116.00', '25.00', '125.00', '145.00', '2019-05-31 14:58:02', '2019-05-31 14:58:02', NULL),
(161, '30', 37, 'BB0037-7', 39, 20, '100.00', '116.00', '25.00', '125.00', '145.00', '2019-05-31 14:58:02', '2019-05-31 14:58:02', NULL),
(162, '24', 38, 'BB0038-1', 40, 14, '100.00', '116.00', '25.00', '125.00', '145.00', '2019-05-31 15:09:40', '2019-05-31 15:09:40', NULL),
(163, '25', 38, 'BB0038-2', 40, 15, '100.00', '116.00', '25.00', '125.00', '145.00', '2019-05-31 15:09:40', '2019-05-31 15:09:40', NULL),
(164, '26', 38, 'BB0038-3', 40, 16, '100.00', '116.00', '25.00', '125.00', '145.00', '2019-05-31 15:09:40', '2019-05-31 15:09:40', NULL),
(165, '29', 38, 'BB0038-4', 40, 19, '100.00', '116.00', '25.00', '125.00', '145.00', '2019-05-31 15:09:40', '2019-05-31 15:09:40', NULL),
(166, '30', 38, 'BB0038-5', 40, 20, '100.00', '116.00', '25.00', '125.00', '145.00', '2019-05-31 15:09:40', '2019-05-31 15:09:40', NULL),
(167, '24', 39, 'BB0039-1', 41, 14, '100.00', '116.00', '25.00', '125.00', '145.00', '2019-05-31 15:12:09', '2019-05-31 15:12:09', NULL),
(168, '25', 39, 'BB0039-2', 41, 15, '100.00', '116.00', '25.00', '125.00', '145.00', '2019-05-31 15:12:09', '2019-05-31 15:12:09', NULL),
(169, '26', 39, 'BB0039-3', 41, 16, '100.00', '116.00', '25.00', '125.00', '145.00', '2019-05-31 15:12:09', '2019-05-31 15:12:09', NULL),
(170, '27', 40, 'BB0040-1', 42, 17, '100.00', '116.00', '25.00', '125.00', '145.00', '2019-05-31 15:16:09', '2019-05-31 15:16:09', NULL),
(171, '28', 40, 'BB0040-2', 42, 18, '100.00', '116.00', '25.00', '125.00', '145.00', '2019-05-31 15:16:09', '2019-05-31 15:16:09', NULL),
(172, '32', 40, 'BB0040-3', 42, 21, '100.00', '116.00', '25.00', '125.00', '145.00', '2019-05-31 15:16:09', '2019-05-31 15:16:09', NULL),
(173, '34', 40, 'BB0040-4', 42, 22, '100.00', '116.00', '25.00', '125.00', '145.00', '2019-05-31 15:16:09', '2019-05-31 15:16:09', NULL),
(174, '29', 41, 'BB0041-1', 43, 19, '100.00', '116.00', '25.00', '125.00', '145.00', '2019-05-31 15:19:35', '2019-05-31 15:19:35', NULL),
(175, '30', 41, 'BB0041-2', 43, 20, '100.00', '116.00', '25.00', '125.00', '145.00', '2019-05-31 15:19:35', '2019-05-31 15:19:35', NULL),
(176, '32', 42, 'BB0042-1', 44, 21, '100.00', '116.00', '25.00', '125.00', '145.00', '2019-05-31 15:22:41', '2019-05-31 15:22:41', NULL),
(177, '34', 42, 'BB0042-2', 44, 22, '100.00', '116.00', '25.00', '125.00', '145.00', '2019-05-31 15:22:41', '2019-05-31 15:22:41', NULL),
(178, '32', 43, 'BB0043-1', 45, 21, '100.00', '116.00', '25.00', '125.00', '145.00', '2019-05-31 15:26:51', '2019-05-31 15:26:51', NULL),
(179, '34', 43, 'BB0043-2', 45, 22, '100.00', '116.00', '25.00', '125.00', '145.00', '2019-05-31 15:26:51', '2019-05-31 15:26:51', NULL),
(180, 'Maroon', 44, 'BB0044-1', 46, 23, '100.00', '100.00', '25.00', '125.00', '125.00', '2019-05-31 17:30:49', '2019-05-31 17:30:49', NULL),
(181, 'Red', 44, 'BB0044-2', 46, 24, '100.00', '100.00', '25.00', '125.00', '125.00', '2019-05-31 17:30:49', '2019-05-31 17:30:49', NULL),
(182, 'Dark Grey', 44, 'BB0044-3', 46, 25, '100.00', '100.00', '25.00', '125.00', '125.00', '2019-05-31 17:30:49', '2019-05-31 17:30:49', NULL),
(183, 'Checked Black', 44, 'BB0044-4', 46, 26, '100.00', '100.00', '25.00', '125.00', '125.00', '2019-05-31 17:30:49', '2019-05-31 17:30:49', NULL),
(184, 'Ash Grey', 44, 'BB0044-5', 46, 27, '100.00', '100.00', '25.00', '125.00', '125.00', '2019-05-31 17:30:49', '2019-05-31 17:30:49', NULL),
(185, 'Blue T', 44, 'BB0044-6', 46, 28, '100.00', '100.00', '25.00', '125.00', '125.00', '2019-05-31 17:30:49', '2019-05-31 17:30:49', NULL),
(186, 'Royal Blue', 44, 'BB0044-7', 46, 29, '100.00', '100.00', '25.00', '125.00', '125.00', '2019-05-31 17:30:49', '2019-05-31 17:30:49', NULL),
(187, 'Brown', 44, 'BB0044-8', 46, 30, '100.00', '100.00', '25.00', '125.00', '125.00', '2019-05-31 17:30:49', '2019-05-31 17:30:49', NULL),
(188, 'Maroon', 45, 'BB0045-1', 47, 23, '100.00', '100.00', '25.00', '125.00', '125.00', '2019-05-31 17:41:45', '2019-05-31 17:41:45', NULL),
(189, 'Red', 45, 'BB0045-2', 47, 24, '100.00', '100.00', '25.00', '125.00', '125.00', '2019-05-31 17:41:45', '2019-05-31 17:41:45', NULL),
(190, 'Royal Blue', 45, 'BB0045-3', 47, 29, '100.00', '100.00', '25.00', '125.00', '125.00', '2019-05-31 17:41:45', '2019-05-31 17:41:45', NULL),
(191, 'Black', 45, 'BB0045-4', 47, 31, '100.00', '100.00', '25.00', '125.00', '125.00', '2019-05-31 17:41:45', '2019-05-31 17:41:45', NULL),
(192, 'Green', 45, 'BB0045-5', 47, 32, '100.00', '100.00', '25.00', '125.00', '125.00', '2019-05-31 17:41:45', '2019-05-31 17:41:45', NULL),
(193, 'Navy Blue', 45, 'BB0045-6', 47, 33, '100.00', '100.00', '25.00', '125.00', '125.00', '2019-05-31 17:41:45', '2019-05-31 17:41:45', NULL),
(194, 'Jungle Green', 45, 'BB0045-7', 47, 34, '100.00', '100.00', '25.00', '125.00', '125.00', '2019-05-31 17:41:45', '2019-05-31 17:41:45', NULL),
(195, 'Dark Grey', 46, 'BB0046-1', 48, 25, '100.00', '100.00', '25.00', '125.00', '125.00', '2019-05-31 17:54:59', '2019-05-31 17:54:59', NULL),
(196, 'Checked Black', 46, 'BB0046-2', 48, 26, '100.00', '100.00', '25.00', '125.00', '125.00', '2019-05-31 17:54:59', '2019-05-31 17:54:59', NULL),
(197, 'Ash Grey', 46, 'BB0046-3', 48, 27, '100.00', '100.00', '25.00', '125.00', '125.00', '2019-05-31 17:54:59', '2019-05-31 17:54:59', NULL),
(198, 'Royal Blue', 46, 'BB0046-4', 48, 29, '100.00', '100.00', '25.00', '125.00', '125.00', '2019-05-31 17:54:59', '2019-05-31 17:54:59', NULL),
(199, 'Koru Girls', 46, 'BB0046-5', 48, 35, '100.00', '100.00', '25.00', '125.00', '125.00', '2019-05-31 17:54:59', '2019-05-31 17:54:59', NULL),
(200, 'Blue', 46, 'BB0046-6', 48, 36, '100.00', '100.00', '25.00', '125.00', '125.00', '2019-05-31 17:54:59', '2019-05-31 17:54:59', NULL);

-- --------------------------------------------------------

--
-- Table structure for table `variation_group_prices`
--

CREATE TABLE `variation_group_prices` (
  `id` int(10) UNSIGNED NOT NULL,
  `variation_id` int(10) UNSIGNED NOT NULL,
  `price_group_id` int(10) UNSIGNED NOT NULL,
  `price_inc_tax` decimal(20,2) NOT NULL,
  `created_at` timestamp NULL DEFAULT NULL,
  `updated_at` timestamp NULL DEFAULT NULL
) ENGINE=InnoDB DEFAULT CHARSET=utf8mb4 COLLATE=utf8mb4_unicode_ci;

-- --------------------------------------------------------

--
-- Table structure for table `variation_location_details`
--

CREATE TABLE `variation_location_details` (
  `id` int(10) UNSIGNED NOT NULL,
  `product_id` int(10) UNSIGNED NOT NULL,
  `product_variation_id` int(10) UNSIGNED NOT NULL COMMENT 'id from product_variations table',
  `variation_id` int(10) UNSIGNED NOT NULL,
  `location_id` int(10) UNSIGNED NOT NULL,
  `qty_available` decimal(20,4) NOT NULL,
  `created_at` timestamp NULL DEFAULT NULL,
  `updated_at` timestamp NULL DEFAULT NULL
) ENGINE=InnoDB DEFAULT CHARSET=utf8mb4 COLLATE=utf8mb4_unicode_ci;

--
-- Dumping data for table `variation_location_details`
--

INSERT INTO `variation_location_details` (`id`, `product_id`, `product_variation_id`, `variation_id`, `location_id`, `qty_available`, `created_at`, `updated_at`) VALUES
(1, 1, 1, 1, 1, '1000.0000', '2019-05-26 13:55:51', '2019-05-26 13:55:51'),
(2, 1, 1, 2, 1, '1000.0000', '2019-05-26 13:55:51', '2019-05-26 13:55:51'),
(3, 1, 1, 3, 1, '1000.0000', '2019-05-26 13:55:52', '2019-05-26 13:55:52'),
(4, 1, 1, 4, 1, '1000.0000', '2019-05-26 13:55:52', '2019-05-26 13:55:52'),
(5, 1, 1, 1, 2, '1000.0000', '2019-05-26 13:55:52', '2019-05-26 13:55:52'),
(6, 1, 1, 2, 2, '1000.0000', '2019-05-26 13:55:52', '2019-05-26 13:55:52'),
(7, 1, 1, 3, 2, '1000.0000', '2019-05-26 13:55:52', '2019-05-26 13:55:52'),
(8, 1, 1, 4, 2, '1000.0000', '2019-05-26 13:55:52', '2019-05-26 13:55:52'),
(9, 1, 1, 1, 3, '1000.0000', '2019-05-26 13:55:52', '2019-05-26 13:55:52'),
(10, 1, 1, 2, 3, '1000.0000', '2019-05-26 13:55:52', '2019-05-26 13:55:52'),
(11, 1, 1, 3, 3, '1000.0000', '2019-05-26 13:55:52', '2019-05-26 13:55:52'),
(12, 1, 1, 4, 3, '1000.0000', '2019-05-26 13:55:52', '2019-05-26 13:55:52'),
(23, 3, 5, 20, 1, '1000.0000', '2019-05-26 14:30:51', '2019-05-26 14:30:51'),
(24, 3, 5, 21, 1, '1000.0000', '2019-05-26 14:30:51', '2019-05-26 14:30:51'),
(25, 3, 5, 22, 1, '1000.0000', '2019-05-26 14:30:51', '2019-05-26 14:30:51'),
(26, 3, 5, 23, 1, '1000.0000', '2019-05-26 14:30:52', '2019-05-26 14:30:52'),
(27, 3, 5, 20, 2, '1000.0000', '2019-05-26 14:30:52', '2019-05-26 14:30:52'),
(28, 3, 5, 21, 2, '1000.0000', '2019-05-26 14:30:52', '2019-05-26 14:30:52'),
(29, 3, 5, 22, 2, '1000.0000', '2019-05-26 14:30:52', '2019-05-26 14:30:52'),
(30, 3, 5, 23, 2, '1000.0000', '2019-05-26 14:30:52', '2019-05-26 14:30:52'),
(31, 3, 5, 20, 3, '1000.0000', '2019-05-26 14:30:52', '2019-05-26 14:30:52'),
(32, 3, 5, 21, 3, '1000.0000', '2019-05-26 14:30:52', '2019-05-26 14:30:52'),
(33, 3, 5, 22, 3, '1000.0000', '2019-05-26 14:30:52', '2019-05-26 14:30:52'),
(34, 3, 5, 23, 3, '1000.0000', '2019-05-26 14:30:52', '2019-05-26 14:30:52'),
(35, 4, 6, 24, 1, '1000.0000', '2019-05-26 14:32:45', '2019-05-26 14:32:45'),
(36, 4, 6, 25, 1, '1000.0000', '2019-05-26 14:32:46', '2019-05-26 14:32:46'),
(37, 4, 6, 26, 1, '1000.0000', '2019-05-26 14:32:46', '2019-05-26 14:32:46'),
(38, 4, 6, 27, 1, '1000.0000', '2019-05-26 14:32:46', '2019-05-26 14:32:46'),
(39, 4, 6, 24, 2, '1000.0000', '2019-05-26 14:32:46', '2019-05-26 14:32:46'),
(40, 4, 6, 25, 2, '1000.0000', '2019-05-26 14:32:46', '2019-05-26 14:32:46'),
(41, 4, 6, 26, 2, '1000.0000', '2019-05-26 14:32:46', '2019-05-26 14:32:46'),
(42, 4, 6, 27, 2, '1000.0000', '2019-05-26 14:32:46', '2019-05-26 14:32:46'),
(43, 4, 6, 24, 3, '1000.0000', '2019-05-26 14:32:46', '2019-05-26 14:32:46'),
(44, 4, 6, 25, 3, '1000.0000', '2019-05-26 14:32:46', '2019-05-26 14:32:46'),
(45, 4, 6, 26, 3, '1000.0000', '2019-05-26 14:32:46', '2019-05-26 14:32:46'),
(46, 4, 6, 27, 3, '1000.0000', '2019-05-26 14:32:47', '2019-05-26 14:32:47'),
(47, 5, 7, 28, 1, '1000.0000', '2019-05-26 14:39:15', '2019-05-26 14:39:15'),
(48, 5, 7, 29, 1, '1000.0000', '2019-05-26 14:39:15', '2019-05-26 14:39:15'),
(49, 5, 7, 30, 1, '1000.0000', '2019-05-26 14:39:15', '2019-05-26 14:39:15'),
(50, 5, 7, 31, 1, '1000.0000', '2019-05-26 14:39:15', '2019-05-26 14:39:15'),
(51, 5, 7, 28, 2, '1000.0000', '2019-05-26 14:39:15', '2019-05-26 14:39:15'),
(52, 5, 7, 29, 2, '1000.0000', '2019-05-26 14:39:15', '2019-05-26 14:39:15'),
(53, 5, 7, 30, 2, '1000.0000', '2019-05-26 14:39:15', '2019-05-26 14:39:15'),
(54, 5, 7, 31, 2, '1000.0000', '2019-05-26 14:39:15', '2019-05-26 14:39:15'),
(55, 5, 7, 28, 3, '1000.0000', '2019-05-26 14:39:15', '2019-05-26 14:39:15'),
(56, 5, 7, 29, 3, '1000.0000', '2019-05-26 14:39:15', '2019-05-26 14:39:15'),
(57, 5, 7, 30, 3, '1000.0000', '2019-05-26 14:39:15', '2019-05-26 14:39:15'),
(58, 5, 7, 31, 3, '1000.0000', '2019-05-26 14:39:15', '2019-05-26 14:39:15'),
(59, 6, 8, 32, 1, '1000.0000', '2019-05-27 11:50:03', '2019-05-27 11:50:03'),
(60, 6, 8, 33, 1, '1000.0000', '2019-05-27 11:50:03', '2019-05-27 11:50:03'),
(61, 6, 8, 34, 1, '1000.0000', '2019-05-27 11:50:03', '2019-05-27 11:50:03'),
(62, 6, 8, 35, 1, '1000.0000', '2019-05-27 11:50:03', '2019-05-27 11:50:03'),
(63, 6, 8, 32, 2, '1000.0000', '2019-05-27 11:50:03', '2019-05-27 11:50:03'),
(64, 6, 8, 33, 2, '1000.0000', '2019-05-27 11:50:03', '2019-05-27 11:50:03'),
(65, 6, 8, 34, 2, '1000.0000', '2019-05-27 11:50:03', '2019-05-27 11:50:03'),
(66, 6, 8, 35, 2, '1000.0000', '2019-05-27 11:50:03', '2019-05-27 11:50:03'),
(67, 6, 8, 32, 3, '1000.0000', '2019-05-27 11:50:03', '2019-05-27 11:50:03'),
(68, 6, 8, 33, 3, '1000.0000', '2019-05-27 11:50:03', '2019-05-27 11:50:03'),
(69, 6, 8, 34, 3, '1000.0000', '2019-05-27 11:50:03', '2019-05-27 11:50:03'),
(70, 6, 8, 35, 3, '1000.0000', '2019-05-27 11:50:03', '2019-05-27 11:50:03'),
(71, 7, 9, 36, 1, '1000.0000', '2019-05-27 11:52:41', '2019-05-27 11:52:41'),
(72, 7, 9, 37, 1, '1000.0000', '2019-05-27 11:52:41', '2019-05-27 11:52:41'),
(73, 7, 9, 38, 1, '1000.0000', '2019-05-27 11:52:41', '2019-05-27 11:52:41'),
(74, 7, 9, 39, 1, '1000.0000', '2019-05-27 11:52:41', '2019-05-27 11:52:41'),
(75, 7, 9, 36, 2, '1000.0000', '2019-05-27 11:52:41', '2019-05-27 11:52:41'),
(76, 7, 9, 37, 2, '1000.0000', '2019-05-27 11:52:41', '2019-05-27 11:52:41'),
(77, 7, 9, 38, 2, '1000.0000', '2019-05-27 11:52:41', '2019-05-27 11:52:41'),
(78, 7, 9, 39, 2, '1000.0000', '2019-05-27 11:52:41', '2019-05-27 11:52:41'),
(79, 7, 9, 36, 3, '1000.0000', '2019-05-27 11:52:41', '2019-05-27 11:52:41'),
(80, 7, 9, 37, 3, '1000.0000', '2019-05-27 11:52:41', '2019-05-27 11:52:41'),
(81, 7, 9, 38, 3, '1000.0000', '2019-05-27 11:52:41', '2019-05-27 11:52:41'),
(82, 7, 9, 39, 3, '1000.0000', '2019-05-27 11:52:41', '2019-05-27 11:52:41'),
(83, 8, 10, 40, 1, '1000.0000', '2019-05-27 11:54:01', '2019-05-27 11:54:01'),
(84, 8, 10, 41, 1, '1000.0000', '2019-05-27 11:54:01', '2019-05-27 11:54:01'),
(85, 8, 10, 42, 1, '1000.0000', '2019-05-27 11:54:01', '2019-05-27 11:54:01'),
(86, 8, 10, 43, 1, '1000.0000', '2019-05-27 11:54:01', '2019-05-27 11:54:01'),
(87, 8, 10, 40, 2, '1000.0000', '2019-05-27 11:54:02', '2019-05-27 11:54:02'),
(88, 8, 10, 41, 2, '1000.0000', '2019-05-27 11:54:02', '2019-05-27 11:54:02'),
(89, 8, 10, 42, 2, '1000.0000', '2019-05-27 11:54:02', '2019-05-27 11:54:02'),
(90, 8, 10, 43, 2, '1000.0000', '2019-05-27 11:54:02', '2019-05-27 11:54:02'),
(91, 8, 10, 40, 3, '1000.0000', '2019-05-27 11:54:02', '2019-05-27 11:54:02'),
(92, 8, 10, 41, 3, '1000.0000', '2019-05-27 11:54:02', '2019-05-27 11:54:02'),
(93, 8, 10, 42, 3, '1000.0000', '2019-05-27 11:54:02', '2019-05-27 11:54:02'),
(94, 8, 10, 43, 3, '1000.0000', '2019-05-27 11:54:02', '2019-05-27 11:54:02'),
(95, 9, 11, 44, 1, '1000.0000', '2019-05-27 11:55:04', '2019-05-27 11:55:04'),
(96, 9, 11, 45, 1, '1000.0000', '2019-05-27 11:55:04', '2019-05-27 11:55:04'),
(97, 9, 11, 46, 1, '1000.0000', '2019-05-27 11:55:04', '2019-05-27 11:55:04'),
(98, 9, 11, 47, 1, '1000.0000', '2019-05-27 11:55:04', '2019-05-27 11:55:04'),
(99, 9, 11, 44, 2, '1000.0000', '2019-05-27 11:55:04', '2019-05-27 11:55:04'),
(100, 9, 11, 45, 2, '1000.0000', '2019-05-27 11:55:04', '2019-05-27 11:55:04'),
(101, 9, 11, 46, 2, '1000.0000', '2019-05-27 11:55:04', '2019-05-27 11:55:04'),
(102, 9, 11, 47, 2, '1000.0000', '2019-05-27 11:55:04', '2019-05-27 11:55:04'),
(103, 9, 11, 44, 3, '1000.0000', '2019-05-27 11:55:04', '2019-05-27 11:55:04'),
(104, 9, 11, 45, 3, '1000.0000', '2019-05-27 11:55:04', '2019-05-27 11:55:04'),
(105, 9, 11, 46, 3, '1000.0000', '2019-05-27 11:55:04', '2019-05-27 11:55:04'),
(106, 9, 11, 47, 3, '1000.0000', '2019-05-27 11:55:04', '2019-05-27 11:55:04'),
(107, 10, 12, 48, 1, '1000.0000', '2019-05-27 11:57:03', '2019-05-27 11:57:03'),
(108, 10, 12, 49, 1, '1000.0000', '2019-05-27 11:57:03', '2019-05-27 11:57:03'),
(109, 10, 12, 50, 1, '1000.0000', '2019-05-27 11:57:03', '2019-05-27 11:57:03'),
(110, 10, 12, 51, 1, '1000.0000', '2019-05-27 11:57:03', '2019-05-27 11:57:03'),
(111, 10, 12, 48, 2, '1000.0000', '2019-05-27 11:57:03', '2019-05-27 11:57:03'),
(112, 10, 12, 49, 2, '1000.0000', '2019-05-27 11:57:03', '2019-05-27 11:57:03'),
(113, 10, 12, 50, 2, '1000.0000', '2019-05-27 11:57:03', '2019-05-27 11:57:03'),
(114, 10, 12, 51, 2, '1000.0000', '2019-05-27 11:57:03', '2019-05-27 11:57:03'),
(115, 10, 12, 48, 3, '1000.0000', '2019-05-27 11:57:03', '2019-05-27 11:57:03'),
(116, 10, 12, 49, 3, '1000.0000', '2019-05-27 11:57:03', '2019-05-27 11:57:03'),
(117, 10, 12, 50, 3, '1000.0000', '2019-05-27 11:57:03', '2019-05-27 11:57:03'),
(118, 10, 12, 51, 3, '1000.0000', '2019-05-27 11:57:03', '2019-05-27 11:57:03'),
(119, 11, 13, 52, 1, '1000.0000', '2019-05-27 11:58:15', '2019-05-27 11:58:15'),
(120, 11, 13, 53, 1, '1000.0000', '2019-05-27 11:58:15', '2019-05-27 11:58:15'),
(121, 11, 13, 54, 1, '1000.0000', '2019-05-27 11:58:15', '2019-05-27 11:58:15'),
(122, 11, 13, 55, 1, '1000.0000', '2019-05-27 11:58:15', '2019-05-27 11:58:15'),
(123, 11, 13, 52, 2, '1000.0000', '2019-05-27 11:58:15', '2019-05-27 11:58:15'),
(124, 11, 13, 53, 2, '1000.0000', '2019-05-27 11:58:15', '2019-05-27 11:58:15'),
(125, 11, 13, 54, 2, '1000.0000', '2019-05-27 11:58:15', '2019-05-27 11:58:15'),
(126, 11, 13, 55, 2, '1000.0000', '2019-05-27 11:58:15', '2019-05-27 11:58:15'),
(127, 11, 13, 52, 3, '1000.0000', '2019-05-27 11:58:15', '2019-05-27 11:58:15'),
(128, 11, 13, 53, 3, '1000.0000', '2019-05-27 11:58:15', '2019-05-27 11:58:15'),
(129, 11, 13, 54, 3, '1000.0000', '2019-05-27 11:58:15', '2019-05-27 11:58:15'),
(130, 11, 13, 55, 3, '1000.0000', '2019-05-27 11:58:15', '2019-05-27 11:58:15'),
(131, 12, 14, 56, 1, '1000.0000', '2019-05-27 12:01:11', '2019-05-27 12:01:11'),
(132, 12, 14, 57, 1, '1000.0000', '2019-05-27 12:01:11', '2019-05-27 12:01:11'),
(133, 12, 14, 58, 1, '1000.0000', '2019-05-27 12:01:11', '2019-05-27 12:01:11'),
(134, 12, 14, 59, 1, '1000.0000', '2019-05-27 12:01:11', '2019-05-27 12:01:11'),
(135, 12, 14, 56, 2, '1000.0000', '2019-05-27 12:01:11', '2019-05-27 12:01:11'),
(136, 12, 14, 57, 2, '1000.0000', '2019-05-27 12:01:11', '2019-05-27 12:01:11'),
(137, 12, 14, 58, 2, '1000.0000', '2019-05-27 12:01:11', '2019-05-27 12:01:11'),
(138, 12, 14, 59, 2, '1000.0000', '2019-05-27 12:01:11', '2019-05-27 12:01:11'),
(139, 12, 14, 56, 3, '1000.0000', '2019-05-27 12:01:11', '2019-05-27 12:01:11'),
(140, 12, 14, 57, 3, '1000.0000', '2019-05-27 12:01:11', '2019-05-27 12:01:11'),
(141, 12, 14, 58, 3, '1000.0000', '2019-05-27 12:01:11', '2019-05-27 12:01:11'),
(142, 12, 14, 59, 3, '1000.0000', '2019-05-27 12:01:12', '2019-05-27 12:01:12'),
(143, 13, 15, 60, 1, '1000.0000', '2019-05-27 12:02:44', '2019-05-27 12:02:44'),
(144, 13, 15, 61, 1, '1000.0000', '2019-05-27 12:02:44', '2019-05-27 12:02:44'),
(145, 13, 15, 62, 1, '1000.0000', '2019-05-27 12:02:44', '2019-05-27 12:02:44'),
(146, 13, 15, 63, 1, '1000.0000', '2019-05-27 12:02:44', '2019-05-27 12:02:44'),
(147, 13, 15, 60, 2, '1000.0000', '2019-05-27 12:02:44', '2019-05-27 12:02:44'),
(148, 13, 15, 61, 2, '1000.0000', '2019-05-27 12:02:44', '2019-05-27 12:02:44'),
(149, 13, 15, 62, 2, '1000.0000', '2019-05-27 12:02:44', '2019-05-27 12:02:44'),
(150, 13, 15, 63, 2, '1000.0000', '2019-05-27 12:02:44', '2019-05-27 12:02:44'),
(151, 13, 15, 60, 3, '1000.0000', '2019-05-27 12:02:44', '2019-05-27 12:02:44'),
(152, 13, 15, 61, 3, '1000.0000', '2019-05-27 12:02:44', '2019-05-27 12:02:44'),
(153, 13, 15, 62, 3, '1000.0000', '2019-05-27 12:02:44', '2019-05-27 12:02:44'),
(154, 13, 15, 63, 3, '1000.0000', '2019-05-27 12:02:44', '2019-05-27 12:02:44'),
(155, 14, 16, 64, 1, '1000.0000', '2019-05-27 12:03:38', '2019-05-27 12:03:38'),
(156, 14, 16, 65, 1, '1000.0000', '2019-05-27 12:03:38', '2019-05-27 12:03:38'),
(157, 14, 16, 66, 1, '1000.0000', '2019-05-27 12:03:38', '2019-05-27 12:03:38'),
(158, 14, 16, 67, 1, '1000.0000', '2019-05-27 12:03:38', '2019-05-27 12:03:38'),
(159, 14, 16, 64, 2, '1000.0000', '2019-05-27 12:03:38', '2019-05-27 12:03:38'),
(160, 14, 16, 65, 2, '1000.0000', '2019-05-27 12:03:38', '2019-05-27 12:03:38'),
(161, 14, 16, 66, 2, '1000.0000', '2019-05-27 12:03:38', '2019-05-27 12:03:38'),
(162, 14, 16, 67, 2, '1000.0000', '2019-05-27 12:03:38', '2019-05-27 12:03:38'),
(163, 14, 16, 64, 3, '1000.0000', '2019-05-27 12:03:38', '2019-05-27 12:03:38'),
(164, 14, 16, 65, 3, '1000.0000', '2019-05-27 12:03:38', '2019-05-27 12:03:38'),
(165, 14, 16, 66, 3, '1000.0000', '2019-05-27 12:03:38', '2019-05-27 12:03:38'),
(166, 14, 16, 67, 3, '1000.0000', '2019-05-27 12:03:38', '2019-05-27 12:03:38'),
(167, 15, 17, 68, 1, '1000.0000', '2019-05-27 12:04:58', '2019-05-27 12:04:58'),
(168, 15, 17, 69, 1, '1000.0000', '2019-05-27 12:04:58', '2019-05-27 12:04:58'),
(169, 15, 17, 70, 1, '1000.0000', '2019-05-27 12:04:58', '2019-05-27 12:04:58'),
(170, 15, 17, 71, 1, '1000.0000', '2019-05-27 12:04:58', '2019-05-27 12:04:58'),
(171, 15, 17, 68, 2, '1000.0000', '2019-05-27 12:04:58', '2019-05-27 12:04:58'),
(172, 15, 17, 69, 2, '1000.0000', '2019-05-27 12:04:58', '2019-05-27 12:04:58'),
(173, 15, 17, 70, 2, '1000.0000', '2019-05-27 12:04:58', '2019-05-27 12:04:58'),
(174, 15, 17, 71, 2, '1000.0000', '2019-05-27 12:04:58', '2019-05-27 12:04:58'),
(175, 15, 17, 68, 3, '1000.0000', '2019-05-27 12:04:58', '2019-05-27 12:04:58'),
(176, 15, 17, 69, 3, '1000.0000', '2019-05-27 12:04:58', '2019-05-27 12:04:58'),
(177, 15, 17, 70, 3, '1000.0000', '2019-05-27 12:04:58', '2019-05-27 12:04:58'),
(178, 15, 17, 71, 3, '1000.0000', '2019-05-27 12:04:58', '2019-05-27 12:04:58'),
(179, 16, 18, 72, 1, '1000.0000', '2019-05-27 12:08:18', '2019-05-27 12:08:18'),
(180, 16, 18, 73, 1, '1000.0000', '2019-05-27 12:08:18', '2019-05-27 12:08:18'),
(181, 16, 18, 74, 1, '1000.0000', '2019-05-27 12:08:18', '2019-05-27 12:08:18'),
(182, 16, 18, 75, 1, '1000.0000', '2019-05-27 12:08:18', '2019-05-27 12:08:18'),
(183, 16, 18, 72, 2, '1000.0000', '2019-05-27 12:08:18', '2019-05-27 12:08:18'),
(184, 16, 18, 73, 2, '1000.0000', '2019-05-27 12:08:18', '2019-05-27 12:08:18'),
(185, 16, 18, 74, 2, '1000.0000', '2019-05-27 12:08:18', '2019-05-27 12:08:18'),
(186, 16, 18, 75, 2, '1000.0000', '2019-05-27 12:08:18', '2019-05-27 12:08:18'),
(187, 16, 18, 72, 3, '1000.0000', '2019-05-27 12:08:18', '2019-05-27 12:08:18'),
(188, 16, 18, 73, 3, '1000.0000', '2019-05-27 12:08:18', '2019-05-27 12:08:18'),
(189, 16, 18, 74, 3, '1000.0000', '2019-05-27 12:08:18', '2019-05-27 12:08:18'),
(190, 16, 18, 75, 3, '1000.0000', '2019-05-27 12:08:18', '2019-05-27 12:08:18'),
(191, 17, 19, 76, 1, '1000.0000', '2019-05-27 12:25:08', '2019-05-27 12:25:08'),
(192, 17, 19, 77, 1, '1000.0000', '2019-05-27 12:25:08', '2019-05-27 12:25:08'),
(193, 17, 19, 78, 1, '1000.0000', '2019-05-27 12:25:08', '2019-05-27 12:25:08'),
(194, 17, 19, 79, 1, '1000.0000', '2019-05-27 12:25:08', '2019-05-27 12:25:08'),
(195, 17, 19, 76, 2, '1000.0000', '2019-05-27 12:25:08', '2019-05-27 12:25:08'),
(196, 17, 19, 77, 2, '1000.0000', '2019-05-27 12:25:08', '2019-05-27 12:25:08'),
(197, 17, 19, 78, 2, '1000.0000', '2019-05-27 12:25:08', '2019-05-27 12:25:08'),
(198, 17, 19, 79, 2, '1000.0000', '2019-05-27 12:25:08', '2019-05-27 12:25:08'),
(199, 17, 19, 76, 3, '1000.0000', '2019-05-27 12:25:08', '2019-05-27 12:25:08'),
(200, 17, 19, 77, 3, '1000.0000', '2019-05-27 12:25:08', '2019-05-27 12:25:08'),
(201, 17, 19, 78, 3, '1000.0000', '2019-05-27 12:25:08', '2019-05-27 12:25:08'),
(202, 17, 19, 79, 3, '1000.0000', '2019-05-27 12:25:08', '2019-05-27 12:25:08'),
(203, 18, 20, 80, 1, '1000.0000', '2019-05-27 12:26:17', '2019-05-27 12:26:17'),
(204, 18, 20, 81, 1, '1000.0000', '2019-05-27 12:26:17', '2019-05-27 12:26:17'),
(205, 18, 20, 82, 1, '1000.0000', '2019-05-27 12:26:17', '2019-05-27 12:26:17'),
(206, 18, 20, 83, 1, '1000.0000', '2019-05-27 12:26:17', '2019-05-27 12:26:17'),
(207, 18, 20, 80, 2, '1000.0000', '2019-05-27 12:26:17', '2019-05-27 12:26:17'),
(208, 18, 20, 81, 2, '1000.0000', '2019-05-27 12:26:17', '2019-05-27 12:26:17'),
(209, 18, 20, 82, 2, '1000.0000', '2019-05-27 12:26:17', '2019-05-27 12:26:17'),
(210, 18, 20, 83, 2, '1000.0000', '2019-05-27 12:26:17', '2019-05-27 12:26:17'),
(211, 18, 20, 80, 3, '1000.0000', '2019-05-27 12:26:17', '2019-05-27 12:26:17'),
(212, 18, 20, 81, 3, '1000.0000', '2019-05-27 12:26:17', '2019-05-27 12:26:17'),
(213, 18, 20, 82, 3, '1000.0000', '2019-05-27 12:26:17', '2019-05-27 12:26:17'),
(214, 18, 20, 83, 3, '1000.0000', '2019-05-27 12:26:17', '2019-05-27 12:26:17'),
(215, 19, 21, 84, 1, '1000.0000', '2019-05-27 12:27:47', '2019-05-27 12:27:47'),
(216, 19, 21, 85, 1, '1000.0000', '2019-05-27 12:27:47', '2019-05-27 12:27:47'),
(217, 19, 21, 86, 1, '1000.0000', '2019-05-27 12:27:47', '2019-05-27 12:27:47'),
(218, 19, 21, 87, 1, '1000.0000', '2019-05-27 12:27:47', '2019-05-27 12:27:47'),
(219, 19, 21, 84, 2, '1000.0000', '2019-05-27 12:27:47', '2019-05-27 12:27:47'),
(220, 19, 21, 85, 2, '1000.0000', '2019-05-27 12:27:47', '2019-05-27 12:27:47'),
(221, 19, 21, 86, 2, '1000.0000', '2019-05-27 12:27:47', '2019-05-27 12:27:47'),
(222, 19, 21, 87, 2, '1000.0000', '2019-05-27 12:27:47', '2019-05-27 12:27:47'),
(223, 19, 21, 84, 3, '1000.0000', '2019-05-27 12:27:47', '2019-05-27 12:27:47'),
(224, 19, 21, 85, 3, '1000.0000', '2019-05-27 12:27:47', '2019-05-27 12:27:47'),
(225, 19, 21, 86, 3, '1000.0000', '2019-05-27 12:27:47', '2019-05-27 12:27:47'),
(226, 19, 21, 87, 3, '1000.0000', '2019-05-27 12:27:47', '2019-05-27 12:27:47'),
(227, 20, 22, 88, 1, '1000.0000', '2019-05-27 12:29:31', '2019-05-27 12:29:31'),
(228, 20, 22, 89, 1, '1000.0000', '2019-05-27 12:29:31', '2019-05-27 12:29:31'),
(229, 20, 22, 90, 1, '1000.0000', '2019-05-27 12:29:31', '2019-05-27 12:29:31'),
(230, 20, 22, 91, 1, '1000.0000', '2019-05-27 12:29:31', '2019-05-27 12:29:31'),
(231, 20, 22, 88, 2, '1000.0000', '2019-05-27 12:29:31', '2019-05-27 12:29:31'),
(232, 20, 22, 89, 2, '1000.0000', '2019-05-27 12:29:31', '2019-05-27 12:29:31'),
(233, 20, 22, 90, 2, '1000.0000', '2019-05-27 12:29:31', '2019-05-27 12:29:31'),
(234, 20, 22, 91, 2, '1000.0000', '2019-05-27 12:29:31', '2019-05-27 12:29:31'),
(235, 20, 22, 88, 3, '1000.0000', '2019-05-27 12:29:31', '2019-05-27 12:29:31'),
(236, 20, 22, 89, 3, '1000.0000', '2019-05-27 12:29:31', '2019-05-27 12:29:31'),
(237, 20, 22, 90, 3, '1000.0000', '2019-05-27 12:29:31', '2019-05-27 12:29:31'),
(238, 20, 22, 91, 3, '1000.0000', '2019-05-27 12:29:31', '2019-05-27 12:29:31'),
(239, 21, 23, 92, 1, '1000.0000', '2019-05-27 12:30:37', '2019-05-27 12:30:37'),
(240, 21, 23, 93, 1, '1000.0000', '2019-05-27 12:30:37', '2019-05-27 12:30:37'),
(241, 21, 23, 94, 1, '1000.0000', '2019-05-27 12:30:37', '2019-05-27 12:30:37'),
(242, 21, 23, 95, 1, '1000.0000', '2019-05-27 12:30:37', '2019-05-27 12:30:37'),
(243, 21, 23, 92, 2, '1000.0000', '2019-05-27 12:30:37', '2019-05-27 12:30:37'),
(244, 21, 23, 93, 2, '1000.0000', '2019-05-27 12:30:37', '2019-05-27 12:30:37'),
(245, 21, 23, 94, 2, '1000.0000', '2019-05-27 12:30:37', '2019-05-27 12:30:37'),
(246, 21, 23, 95, 2, '1000.0000', '2019-05-27 12:30:37', '2019-05-27 12:30:37'),
(247, 21, 23, 92, 3, '1000.0000', '2019-05-27 12:30:37', '2019-05-27 12:30:37'),
(248, 21, 23, 93, 3, '1000.0000', '2019-05-27 12:30:37', '2019-05-27 12:30:37'),
(249, 21, 23, 94, 3, '1000.0000', '2019-05-27 12:30:37', '2019-05-27 12:30:37'),
(250, 21, 23, 95, 3, '1000.0000', '2019-05-27 12:30:37', '2019-05-27 12:30:37'),
(251, 22, 24, 96, 1, '1000.0000', '2019-05-27 12:31:51', '2019-05-27 12:31:51'),
(252, 22, 24, 97, 1, '1000.0000', '2019-05-27 12:31:51', '2019-05-27 12:31:51'),
(253, 22, 24, 98, 1, '1000.0000', '2019-05-27 12:31:51', '2019-05-27 12:31:51'),
(254, 22, 24, 99, 1, '1000.0000', '2019-05-27 12:31:51', '2019-05-27 12:31:51'),
(255, 22, 24, 96, 2, '1000.0000', '2019-05-27 12:31:51', '2019-05-27 12:31:51'),
(256, 22, 24, 97, 2, '1000.0000', '2019-05-27 12:31:51', '2019-05-27 12:31:51'),
(257, 22, 24, 98, 2, '1000.0000', '2019-05-27 12:31:51', '2019-05-27 12:31:51'),
(258, 22, 24, 99, 2, '1000.0000', '2019-05-27 12:31:51', '2019-05-27 12:31:51'),
(259, 22, 24, 96, 3, '1000.0000', '2019-05-27 12:31:51', '2019-05-27 12:31:51'),
(260, 22, 24, 97, 3, '1000.0000', '2019-05-27 12:31:51', '2019-05-27 12:31:51'),
(261, 22, 24, 98, 3, '1000.0000', '2019-05-27 12:31:51', '2019-05-27 12:31:51'),
(262, 22, 24, 99, 3, '1000.0000', '2019-05-27 12:31:51', '2019-05-27 12:31:51'),
(263, 23, 25, 100, 1, '1000.0000', '2019-05-27 12:32:40', '2019-05-27 12:32:40'),
(264, 23, 25, 101, 1, '1000.0000', '2019-05-27 12:32:40', '2019-05-27 12:32:40'),
(265, 23, 25, 102, 1, '1000.0000', '2019-05-27 12:32:40', '2019-05-27 12:32:40'),
(266, 23, 25, 103, 1, '1000.0000', '2019-05-27 12:32:40', '2019-05-27 12:32:40'),
(267, 23, 25, 100, 2, '1000.0000', '2019-05-27 12:32:40', '2019-05-27 12:32:40'),
(268, 23, 25, 101, 2, '1000.0000', '2019-05-27 12:32:40', '2019-05-27 12:32:40'),
(269, 23, 25, 102, 2, '1000.0000', '2019-05-27 12:32:40', '2019-05-27 12:32:40'),
(270, 23, 25, 103, 2, '1000.0000', '2019-05-27 12:32:40', '2019-05-27 12:32:40'),
(271, 23, 25, 100, 3, '1000.0000', '2019-05-27 12:32:40', '2019-05-27 12:32:40'),
(272, 23, 25, 101, 3, '1000.0000', '2019-05-27 12:32:40', '2019-05-27 12:32:40'),
(273, 23, 25, 102, 3, '1000.0000', '2019-05-27 12:32:40', '2019-05-27 12:32:40'),
(274, 23, 25, 103, 3, '1000.0000', '2019-05-27 12:32:40', '2019-05-27 12:32:40'),
(275, 24, 26, 104, 1, '100.0000', '2019-05-27 12:43:15', '2019-05-27 12:43:15'),
(276, 24, 26, 105, 1, '100.0000', '2019-05-27 12:43:15', '2019-05-27 12:43:15'),
(277, 24, 26, 104, 2, '100.0000', '2019-05-27 12:43:15', '2019-05-27 12:43:15'),
(278, 24, 26, 105, 2, '100.0000', '2019-05-27 12:43:15', '2019-05-27 12:43:15'),
(279, 24, 26, 104, 3, '100.0000', '2019-05-27 12:43:15', '2019-05-27 12:43:15'),
(280, 24, 26, 105, 3, '100.0000', '2019-05-27 12:43:15', '2019-05-27 12:43:15'),
(281, 25, 27, 106, 1, '100.0000', '2019-05-27 12:46:29', '2019-05-27 12:46:29'),
(282, 25, 27, 107, 1, '100.0000', '2019-05-27 12:46:29', '2019-05-27 12:46:29'),
(283, 25, 27, 106, 2, '100.0000', '2019-05-27 12:46:29', '2019-05-27 12:46:29'),
(284, 25, 27, 107, 2, '100.0000', '2019-05-27 12:46:29', '2019-05-27 12:46:29'),
(285, 25, 27, 106, 3, '100.0000', '2019-05-27 12:46:29', '2019-05-27 12:46:29'),
(286, 25, 27, 107, 3, '100.0000', '2019-05-27 12:46:29', '2019-05-27 12:46:29'),
(287, 26, 28, 108, 1, '100.0000', '2019-05-27 12:47:38', '2019-05-27 12:47:38'),
(288, 26, 28, 108, 2, '100.0000', '2019-05-27 12:47:38', '2019-05-27 12:47:38'),
(289, 26, 28, 108, 3, '100.0000', '2019-05-27 12:47:38', '2019-05-27 12:47:38'),
(290, 27, 29, 109, 1, '1000.0000', '2019-05-27 12:58:00', '2019-05-27 12:58:00'),
(291, 27, 29, 109, 2, '1000.0000', '2019-05-27 12:58:00', '2019-05-27 12:58:00'),
(292, 27, 29, 109, 3, '1000.0000', '2019-05-27 12:58:00', '2019-05-27 12:58:00'),
(293, 28, 30, 110, 1, '100.0000', '2019-05-27 12:59:38', '2019-05-27 12:59:38'),
(294, 28, 30, 110, 2, '100.0000', '2019-05-27 12:59:38', '2019-05-27 12:59:38'),
(295, 28, 30, 110, 3, '100.0000', '2019-05-27 12:59:38', '2019-05-27 12:59:38'),
(296, 29, 31, 111, 1, '100.0000', '2019-05-27 13:01:46', '2019-05-27 13:01:46'),
(297, 29, 31, 111, 2, '100.0000', '2019-05-27 13:01:46', '2019-05-27 13:01:46'),
(298, 29, 31, 111, 3, '100.0000', '2019-05-27 13:01:46', '2019-05-27 13:01:46'),
(299, 30, 32, 112, 1, '100.0000', '2019-05-27 13:02:56', '2019-05-27 13:02:56'),
(300, 30, 32, 112, 2, '100.0000', '2019-05-27 13:02:56', '2019-05-27 13:02:56'),
(301, 30, 32, 112, 3, '100.0000', '2019-05-27 13:02:56', '2019-05-27 13:02:56'),
(302, 31, 33, 113, 1, '100.0000', '2019-05-27 13:04:37', '2019-05-27 13:04:37'),
(303, 31, 33, 113, 2, '100.0000', '2019-05-27 13:04:37', '2019-05-27 13:04:37'),
(304, 31, 33, 113, 3, '100.0000', '2019-05-27 13:04:37', '2019-05-27 13:04:37'),
(305, 32, 34, 114, 1, '100.0000', '2019-05-27 13:08:00', '2019-05-27 13:08:00'),
(306, 32, 34, 115, 1, '100.0000', '2019-05-27 13:08:00', '2019-05-27 13:08:00'),
(307, 32, 34, 116, 1, '100.0000', '2019-05-27 13:08:00', '2019-05-27 13:08:00'),
(308, 32, 34, 117, 1, '100.0000', '2019-05-27 13:08:00', '2019-05-27 13:08:00'),
(309, 32, 34, 118, 1, '100.0000', '2019-05-27 13:08:00', '2019-05-27 13:08:00'),
(310, 32, 34, 119, 1, '100.0000', '2019-05-27 13:08:00', '2019-05-27 13:08:00'),
(311, 32, 34, 120, 1, '100.0000', '2019-05-27 13:08:00', '2019-05-27 13:08:00'),
(312, 32, 34, 121, 1, '100.0000', '2019-05-27 13:08:00', '2019-05-27 13:08:00'),
(313, 32, 34, 122, 1, '100.0000', '2019-05-27 13:08:00', '2019-05-27 13:08:00'),
(314, 32, 34, 123, 1, '100.0000', '2019-05-27 13:08:00', '2019-05-27 13:08:00'),
(315, 32, 34, 114, 2, '100.0000', '2019-05-27 13:08:00', '2019-05-27 13:08:00'),
(316, 32, 34, 115, 2, '100.0000', '2019-05-27 13:08:00', '2019-05-27 13:08:00'),
(317, 32, 34, 116, 2, '100.0000', '2019-05-27 13:08:00', '2019-05-27 13:08:00'),
(318, 32, 34, 117, 2, '100.0000', '2019-05-27 13:08:00', '2019-05-27 13:08:00'),
(319, 32, 34, 118, 2, '100.0000', '2019-05-27 13:08:00', '2019-05-27 13:08:00'),
(320, 32, 34, 119, 2, '100.0000', '2019-05-27 13:08:00', '2019-05-27 13:08:00'),
(321, 32, 34, 120, 2, '100.0000', '2019-05-27 13:08:00', '2019-05-27 13:08:00'),
(322, 32, 34, 121, 2, '100.0000', '2019-05-27 13:08:00', '2019-05-27 13:08:00'),
(323, 32, 34, 122, 2, '100.0000', '2019-05-27 13:08:00', '2019-05-27 13:08:00'),
(324, 32, 34, 123, 2, '100.0000', '2019-05-27 13:08:00', '2019-05-27 13:08:00'),
(325, 32, 34, 114, 3, '100.0000', '2019-05-27 13:08:00', '2019-05-27 13:08:00'),
(326, 32, 34, 115, 3, '100.0000', '2019-05-27 13:08:00', '2019-05-27 13:08:00'),
(327, 32, 34, 116, 3, '100.0000', '2019-05-27 13:08:00', '2019-05-27 13:08:00'),
(328, 32, 34, 117, 3, '100.0000', '2019-05-27 13:08:00', '2019-05-27 13:08:00'),
(329, 32, 34, 118, 3, '100.0000', '2019-05-27 13:08:00', '2019-05-27 13:08:00'),
(330, 32, 34, 119, 3, '100.0000', '2019-05-27 13:08:00', '2019-05-27 13:08:00'),
(331, 32, 34, 120, 3, '100.0000', '2019-05-27 13:08:00', '2019-05-27 13:08:00'),
(332, 32, 34, 121, 3, '100.0000', '2019-05-27 13:08:00', '2019-05-27 13:08:00'),
(333, 32, 34, 122, 3, '100.0000', '2019-05-27 13:08:00', '2019-05-27 13:08:00'),
(334, 32, 34, 123, 3, '100.0000', '2019-05-27 13:08:00', '2019-05-27 13:08:00'),
(335, 33, 35, 124, 1, '1000.0000', '2019-05-31 14:27:17', '2019-05-31 14:27:17'),
(336, 33, 35, 125, 1, '1000.0000', '2019-05-31 14:27:17', '2019-05-31 14:27:17'),
(337, 33, 35, 126, 1, '1000.0000', '2019-05-31 14:27:17', '2019-05-31 14:27:17'),
(338, 33, 35, 127, 1, '1000.0000', '2019-05-31 14:27:17', '2019-05-31 14:27:17'),
(339, 33, 35, 128, 1, '1000.0000', '2019-05-31 14:27:17', '2019-05-31 14:27:17'),
(340, 33, 35, 129, 1, '1000.0000', '2019-05-31 14:27:17', '2019-05-31 14:27:17'),
(341, 33, 35, 130, 1, '1000.0000', '2019-05-31 14:27:17', '2019-05-31 14:27:17'),
(342, 33, 35, 131, 1, '1000.0000', '2019-05-31 14:27:17', '2019-05-31 14:27:17'),
(343, 33, 35, 132, 1, '1000.0000', '2019-05-31 14:27:17', '2019-05-31 14:27:17'),
(344, 33, 35, 133, 1, '1000.0000', '2019-05-31 14:27:17', '2019-05-31 14:27:17'),
(345, 33, 35, 124, 2, '1000.0000', '2019-05-31 14:27:17', '2019-05-31 14:27:17'),
(346, 33, 35, 125, 2, '1000.0000', '2019-05-31 14:27:17', '2019-05-31 14:27:17'),
(347, 33, 35, 126, 2, '1000.0000', '2019-05-31 14:27:17', '2019-05-31 14:27:17'),
(348, 33, 35, 127, 2, '1000.0000', '2019-05-31 14:27:17', '2019-05-31 14:27:17'),
(349, 33, 35, 128, 2, '1000.0000', '2019-05-31 14:27:17', '2019-05-31 14:27:17'),
(350, 33, 35, 129, 2, '1000.0000', '2019-05-31 14:27:17', '2019-05-31 14:27:17'),
(351, 33, 35, 130, 2, '1000.0000', '2019-05-31 14:27:17', '2019-05-31 14:27:17'),
(352, 33, 35, 131, 2, '1000.0000', '2019-05-31 14:27:17', '2019-05-31 14:27:17'),
(353, 33, 35, 132, 2, '1000.0000', '2019-05-31 14:27:17', '2019-05-31 14:27:17'),
(354, 33, 35, 133, 2, '1000.0000', '2019-05-31 14:27:17', '2019-05-31 14:27:17'),
(355, 33, 35, 124, 3, '1000.0000', '2019-05-31 14:27:17', '2019-05-31 14:27:17'),
(356, 33, 35, 125, 3, '1000.0000', '2019-05-31 14:27:17', '2019-05-31 14:27:17'),
(357, 33, 35, 126, 3, '1000.0000', '2019-05-31 14:27:17', '2019-05-31 14:27:17'),
(358, 33, 35, 127, 3, '1000.0000', '2019-05-31 14:27:17', '2019-05-31 14:27:17'),
(359, 33, 35, 128, 3, '1000.0000', '2019-05-31 14:27:17', '2019-05-31 14:27:17'),
(360, 33, 35, 129, 3, '1000.0000', '2019-05-31 14:27:17', '2019-05-31 14:27:17'),
(361, 33, 35, 130, 3, '1000.0000', '2019-05-31 14:27:17', '2019-05-31 14:27:17'),
(362, 33, 35, 131, 3, '1000.0000', '2019-05-31 14:27:17', '2019-05-31 14:27:17'),
(363, 33, 35, 132, 3, '1000.0000', '2019-05-31 14:27:17', '2019-05-31 14:27:17'),
(364, 33, 35, 133, 3, '1000.0000', '2019-05-31 14:27:17', '2019-05-31 14:27:17'),
(365, 34, 36, 134, 1, '1000.0000', '2019-05-31 14:30:51', '2019-05-31 14:30:51'),
(366, 34, 36, 135, 1, '1000.0000', '2019-05-31 14:30:51', '2019-05-31 14:30:51'),
(367, 34, 36, 136, 1, '1000.0000', '2019-05-31 14:30:51', '2019-05-31 14:30:51'),
(368, 34, 36, 137, 1, '1000.0000', '2019-05-31 14:30:51', '2019-05-31 14:30:51'),
(369, 34, 36, 138, 1, '1000.0000', '2019-05-31 14:30:51', '2019-05-31 14:30:51'),
(370, 34, 36, 139, 1, '1000.0000', '2019-05-31 14:30:51', '2019-05-31 14:30:51'),
(371, 34, 36, 140, 1, '1000.0000', '2019-05-31 14:30:51', '2019-05-31 14:30:51'),
(372, 34, 36, 141, 1, '1000.0000', '2019-05-31 14:30:51', '2019-05-31 14:30:51'),
(373, 34, 36, 142, 1, '1000.0000', '2019-05-31 14:30:51', '2019-05-31 14:30:51'),
(374, 34, 36, 143, 1, '1000.0000', '2019-05-31 14:30:51', '2019-05-31 14:30:51'),
(375, 34, 36, 134, 2, '1000.0000', '2019-05-31 14:30:51', '2019-05-31 14:30:51'),
(376, 34, 36, 135, 2, '1000.0000', '2019-05-31 14:30:51', '2019-05-31 14:30:51'),
(377, 34, 36, 136, 2, '1000.0000', '2019-05-31 14:30:51', '2019-05-31 14:30:51'),
(378, 34, 36, 137, 2, '1000.0000', '2019-05-31 14:30:51', '2019-05-31 14:30:51'),
(379, 34, 36, 138, 2, '1000.0000', '2019-05-31 14:30:51', '2019-05-31 14:30:51'),
(380, 34, 36, 139, 2, '1000.0000', '2019-05-31 14:30:51', '2019-05-31 14:30:51'),
(381, 34, 36, 140, 2, '1000.0000', '2019-05-31 14:30:51', '2019-05-31 14:30:51'),
(382, 34, 36, 141, 2, '1000.0000', '2019-05-31 14:30:51', '2019-05-31 14:30:51'),
(383, 34, 36, 142, 2, '1000.0000', '2019-05-31 14:30:51', '2019-05-31 14:30:51'),
(384, 34, 36, 143, 2, '1000.0000', '2019-05-31 14:30:51', '2019-05-31 14:30:51'),
(385, 34, 36, 134, 3, '1000.0000', '2019-05-31 14:30:51', '2019-05-31 14:30:51'),
(386, 34, 36, 135, 3, '1000.0000', '2019-05-31 14:30:51', '2019-05-31 14:30:51'),
(387, 34, 36, 136, 3, '1000.0000', '2019-05-31 14:30:51', '2019-05-31 14:30:51'),
(388, 34, 36, 137, 3, '1000.0000', '2019-05-31 14:30:51', '2019-05-31 14:30:51'),
(389, 34, 36, 138, 3, '1000.0000', '2019-05-31 14:30:51', '2019-05-31 14:30:51'),
(390, 34, 36, 139, 3, '1000.0000', '2019-05-31 14:30:51', '2019-05-31 14:30:51'),
(391, 34, 36, 140, 3, '1000.0000', '2019-05-31 14:30:51', '2019-05-31 14:30:51'),
(392, 34, 36, 141, 3, '1000.0000', '2019-05-31 14:30:51', '2019-05-31 14:30:51'),
(393, 34, 36, 142, 3, '1000.0000', '2019-05-31 14:30:51', '2019-05-31 14:30:51'),
(394, 34, 36, 143, 3, '1000.0000', '2019-05-31 14:30:51', '2019-05-31 14:30:51'),
(395, 35, 37, 144, 1, '1000.0000', '2019-05-31 14:48:38', '2019-05-31 14:48:38'),
(396, 35, 37, 145, 1, '1000.0000', '2019-05-31 14:48:38', '2019-05-31 14:48:38'),
(397, 35, 37, 146, 1, '1000.0000', '2019-05-31 14:48:38', '2019-05-31 14:48:38'),
(398, 35, 37, 147, 1, '1000.0000', '2019-05-31 14:48:38', '2019-05-31 14:48:38'),
(399, 35, 37, 148, 1, '1000.0000', '2019-05-31 14:48:38', '2019-05-31 14:48:38'),
(400, 35, 37, 149, 1, '1000.0000', '2019-05-31 14:48:38', '2019-05-31 14:48:38'),
(401, 35, 37, 144, 2, '1000.0000', '2019-05-31 14:48:38', '2019-05-31 14:48:38'),
(402, 35, 37, 145, 2, '1000.0000', '2019-05-31 14:48:38', '2019-05-31 14:48:38'),
(403, 35, 37, 146, 2, '1000.0000', '2019-05-31 14:48:38', '2019-05-31 14:48:38'),
(404, 35, 37, 147, 2, '1000.0000', '2019-05-31 14:48:38', '2019-05-31 14:48:38'),
(405, 35, 37, 148, 2, '1000.0000', '2019-05-31 14:48:38', '2019-05-31 14:48:38'),
(406, 35, 37, 149, 2, '1000.0000', '2019-05-31 14:48:38', '2019-05-31 14:48:38'),
(407, 35, 37, 144, 3, '1000.0000', '2019-05-31 14:48:38', '2019-05-31 14:48:38'),
(408, 35, 37, 145, 3, '1000.0000', '2019-05-31 14:48:38', '2019-05-31 14:48:38'),
(409, 35, 37, 146, 3, '1000.0000', '2019-05-31 14:48:38', '2019-05-31 14:48:38'),
(410, 35, 37, 147, 3, '1000.0000', '2019-05-31 14:48:38', '2019-05-31 14:48:38'),
(411, 35, 37, 148, 3, '1000.0000', '2019-05-31 14:48:38', '2019-05-31 14:48:38'),
(412, 35, 37, 149, 3, '1000.0000', '2019-05-31 14:48:38', '2019-05-31 14:48:38'),
(413, 36, 38, 150, 1, '1000.0000', '2019-05-31 14:54:32', '2019-05-31 14:54:32'),
(414, 36, 38, 151, 1, '1000.0000', '2019-05-31 14:54:32', '2019-05-31 14:54:32'),
(415, 36, 38, 152, 1, '1000.0000', '2019-05-31 14:54:32', '2019-05-31 14:54:32'),
(416, 36, 38, 153, 1, '1000.0000', '2019-05-31 14:54:32', '2019-05-31 14:54:32'),
(417, 36, 38, 154, 1, '1000.0000', '2019-05-31 14:54:32', '2019-05-31 14:54:32'),
(418, 36, 38, 150, 2, '1000.0000', '2019-05-31 14:54:32', '2019-05-31 14:54:32'),
(419, 36, 38, 151, 2, '1000.0000', '2019-05-31 14:54:32', '2019-05-31 14:54:32'),
(420, 36, 38, 152, 2, '1000.0000', '2019-05-31 14:54:32', '2019-05-31 14:54:32'),
(421, 36, 38, 153, 2, '1000.0000', '2019-05-31 14:54:32', '2019-05-31 14:54:32'),
(422, 36, 38, 154, 2, '1000.0000', '2019-05-31 14:54:32', '2019-05-31 14:54:32'),
(423, 36, 38, 150, 3, '1000.0000', '2019-05-31 14:54:32', '2019-05-31 14:54:32'),
(424, 36, 38, 151, 3, '1000.0000', '2019-05-31 14:54:32', '2019-05-31 14:54:32'),
(425, 36, 38, 152, 3, '1000.0000', '2019-05-31 14:54:32', '2019-05-31 14:54:32'),
(426, 36, 38, 153, 3, '1000.0000', '2019-05-31 14:54:32', '2019-05-31 14:54:32'),
(427, 36, 38, 154, 3, '1000.0000', '2019-05-31 14:54:32', '2019-05-31 14:54:32'),
(428, 37, 39, 155, 1, '1000.0000', '2019-05-31 14:58:40', '2019-05-31 14:58:40'),
(429, 37, 39, 156, 1, '1000.0000', '2019-05-31 14:58:40', '2019-05-31 14:58:40'),
(430, 37, 39, 157, 1, '1000.0000', '2019-05-31 14:58:40', '2019-05-31 14:58:40'),
(431, 37, 39, 158, 1, '1000.0000', '2019-05-31 14:58:40', '2019-05-31 14:58:40'),
(432, 37, 39, 159, 1, '1000.0000', '2019-05-31 14:58:40', '2019-05-31 14:58:40'),
(433, 37, 39, 160, 1, '1000.0000', '2019-05-31 14:58:40', '2019-05-31 14:58:40'),
(434, 37, 39, 161, 1, '1000.0000', '2019-05-31 14:58:40', '2019-05-31 14:58:40'),
(435, 37, 39, 155, 2, '1000.0000', '2019-05-31 14:58:40', '2019-05-31 14:58:40'),
(436, 37, 39, 156, 2, '1000.0000', '2019-05-31 14:58:40', '2019-05-31 14:58:40'),
(437, 37, 39, 157, 2, '1000.0000', '2019-05-31 14:58:40', '2019-05-31 14:58:40'),
(438, 37, 39, 158, 2, '1000.0000', '2019-05-31 14:58:40', '2019-05-31 14:58:40'),
(439, 37, 39, 159, 2, '1000.0000', '2019-05-31 14:58:40', '2019-05-31 14:58:40'),
(440, 37, 39, 160, 2, '1000.0000', '2019-05-31 14:58:40', '2019-05-31 14:58:40'),
(441, 37, 39, 161, 2, '1000.0000', '2019-05-31 14:58:40', '2019-05-31 14:58:40'),
(442, 37, 39, 155, 3, '1000.0000', '2019-05-31 14:58:40', '2019-05-31 14:58:40'),
(443, 37, 39, 156, 3, '1000.0000', '2019-05-31 14:58:40', '2019-05-31 14:58:40'),
(444, 37, 39, 157, 3, '1000.0000', '2019-05-31 14:58:40', '2019-05-31 14:58:40'),
(445, 37, 39, 158, 3, '1000.0000', '2019-05-31 14:58:40', '2019-05-31 14:58:40'),
(446, 37, 39, 159, 3, '1000.0000', '2019-05-31 14:58:40', '2019-05-31 14:58:40'),
(447, 37, 39, 160, 3, '1000.0000', '2019-05-31 14:58:40', '2019-05-31 14:58:40'),
(448, 37, 39, 161, 3, '1000.0000', '2019-05-31 14:58:40', '2019-05-31 14:58:40'),
(449, 38, 40, 162, 1, '1000.0000', '2019-05-31 15:10:13', '2019-05-31 15:10:13'),
(450, 38, 40, 163, 1, '1000.0000', '2019-05-31 15:10:13', '2019-05-31 15:10:13'),
(451, 38, 40, 164, 1, '1000.0000', '2019-05-31 15:10:13', '2019-05-31 15:10:13'),
(452, 38, 40, 165, 1, '1000.0000', '2019-05-31 15:10:13', '2019-05-31 15:10:13'),
(453, 38, 40, 166, 1, '1000.0000', '2019-05-31 15:10:13', '2019-05-31 15:10:13'),
(454, 38, 40, 162, 2, '1000.0000', '2019-05-31 15:10:13', '2019-05-31 15:10:13'),
(455, 38, 40, 163, 2, '1000.0000', '2019-05-31 15:10:13', '2019-05-31 15:10:13'),
(456, 38, 40, 164, 2, '1000.0000', '2019-05-31 15:10:13', '2019-05-31 15:10:13'),
(457, 38, 40, 165, 2, '1000.0000', '2019-05-31 15:10:13', '2019-05-31 15:10:13'),
(458, 38, 40, 166, 2, '1000.0000', '2019-05-31 15:10:13', '2019-05-31 15:10:13'),
(459, 38, 40, 162, 3, '1000.0000', '2019-05-31 15:10:13', '2019-05-31 15:10:13'),
(460, 38, 40, 163, 3, '1000.0000', '2019-05-31 15:10:13', '2019-05-31 15:10:13'),
(461, 38, 40, 164, 3, '1000.0000', '2019-05-31 15:10:13', '2019-05-31 15:10:13'),
(462, 38, 40, 165, 3, '1000.0000', '2019-05-31 15:10:13', '2019-05-31 15:10:13'),
(463, 38, 40, 166, 3, '1000.0000', '2019-05-31 15:10:13', '2019-05-31 15:10:13'),
(464, 39, 41, 167, 1, '1000.0000', '2019-05-31 15:12:31', '2019-05-31 15:12:31'),
(465, 39, 41, 168, 1, '1000.0000', '2019-05-31 15:12:31', '2019-05-31 15:12:31'),
(466, 39, 41, 169, 1, '1000.0000', '2019-05-31 15:12:31', '2019-05-31 15:12:31'),
(467, 39, 41, 167, 2, '1000.0000', '2019-05-31 15:12:31', '2019-05-31 15:12:31'),
(468, 39, 41, 168, 2, '1000.0000', '2019-05-31 15:12:31', '2019-05-31 15:12:31'),
(469, 39, 41, 169, 2, '1000.0000', '2019-05-31 15:12:31', '2019-05-31 15:12:31'),
(470, 39, 41, 167, 3, '1000.0000', '2019-05-31 15:12:31', '2019-05-31 15:12:31'),
(471, 39, 41, 168, 3, '1000.0000', '2019-05-31 15:12:31', '2019-05-31 15:12:31'),
(472, 39, 41, 169, 3, '1000.0000', '2019-05-31 15:12:31', '2019-05-31 15:12:31'),
(473, 40, 42, 170, 1, '1000.0000', '2019-05-31 15:16:48', '2019-05-31 15:16:48'),
(474, 40, 42, 171, 1, '1000.0000', '2019-05-31 15:16:48', '2019-05-31 15:16:48'),
(475, 40, 42, 172, 1, '1000.0000', '2019-05-31 15:16:48', '2019-05-31 15:16:48'),
(476, 40, 42, 173, 1, '1000.0000', '2019-05-31 15:16:48', '2019-05-31 15:16:48'),
(477, 40, 42, 170, 2, '1000.0000', '2019-05-31 15:16:48', '2019-05-31 15:16:48'),
(478, 40, 42, 171, 2, '1000.0000', '2019-05-31 15:16:48', '2019-05-31 15:16:48'),
(479, 40, 42, 172, 2, '1000.0000', '2019-05-31 15:16:48', '2019-05-31 15:16:48'),
(480, 40, 42, 173, 2, '1000.0000', '2019-05-31 15:16:48', '2019-05-31 15:16:48'),
(481, 40, 42, 170, 3, '1000.0000', '2019-05-31 15:16:48', '2019-05-31 15:16:48'),
(482, 40, 42, 171, 3, '1000.0000', '2019-05-31 15:16:48', '2019-05-31 15:16:48'),
(483, 40, 42, 172, 3, '1000.0000', '2019-05-31 15:16:48', '2019-05-31 15:16:48'),
(484, 40, 42, 173, 3, '1000.0000', '2019-05-31 15:16:48', '2019-05-31 15:16:48'),
(485, 41, 43, 174, 1, '1000.0000', '2019-05-31 15:19:53', '2019-05-31 15:19:53'),
(486, 41, 43, 175, 1, '1000.0000', '2019-05-31 15:19:53', '2019-05-31 15:19:53'),
(487, 41, 43, 174, 2, '1000.0000', '2019-05-31 15:19:53', '2019-05-31 15:19:53'),
(488, 41, 43, 175, 2, '1000.0000', '2019-05-31 15:19:53', '2019-05-31 15:19:53'),
(489, 41, 43, 174, 3, '1000.0000', '2019-05-31 15:19:53', '2019-05-31 15:19:53'),
(490, 41, 43, 175, 3, '1000.0000', '2019-05-31 15:19:53', '2019-05-31 15:19:53'),
(491, 42, 44, 176, 1, '1000.0000', '2019-05-31 15:23:07', '2019-05-31 15:23:07'),
(492, 42, 44, 177, 1, '1000.0000', '2019-05-31 15:23:07', '2019-05-31 15:23:07'),
(493, 42, 44, 176, 2, '1000.0000', '2019-05-31 15:23:07', '2019-05-31 15:23:07'),
(494, 42, 44, 177, 2, '1000.0000', '2019-05-31 15:23:07', '2019-05-31 15:23:07'),
(495, 42, 44, 176, 3, '1000.0000', '2019-05-31 15:23:07', '2019-05-31 15:23:07'),
(496, 42, 44, 177, 3, '1000.0000', '2019-05-31 15:23:07', '2019-05-31 15:23:07'),
(497, 43, 45, 178, 1, '1000.0000', '2019-05-31 15:27:12', '2019-05-31 15:27:12'),
(498, 43, 45, 179, 1, '1000.0000', '2019-05-31 15:27:12', '2019-05-31 15:27:12'),
(499, 43, 45, 178, 2, '1000.0000', '2019-05-31 15:27:12', '2019-05-31 15:27:12'),
(500, 43, 45, 179, 2, '1000.0000', '2019-05-31 15:27:12', '2019-05-31 15:27:12'),
(501, 43, 45, 178, 3, '1000.0000', '2019-05-31 15:27:12', '2019-05-31 15:27:12'),
(502, 43, 45, 179, 3, '1000.0000', '2019-05-31 15:27:12', '2019-05-31 15:27:12'),
(503, 44, 46, 180, 1, '1000.0000', '2019-05-31 17:31:33', '2019-05-31 17:31:33'),
(504, 44, 46, 181, 1, '1000.0000', '2019-05-31 17:31:33', '2019-05-31 17:31:33'),
(505, 44, 46, 182, 1, '1000.0000', '2019-05-31 17:31:33', '2019-05-31 17:31:33'),
(506, 44, 46, 183, 1, '1000.0000', '2019-05-31 17:31:33', '2019-05-31 17:31:33'),
(507, 44, 46, 184, 1, '1000.0000', '2019-05-31 17:31:33', '2019-05-31 17:31:33'),
(508, 44, 46, 185, 1, '1000.0000', '2019-05-31 17:31:33', '2019-05-31 17:31:33'),
(509, 44, 46, 186, 1, '1000.0000', '2019-05-31 17:31:33', '2019-05-31 17:31:33'),
(510, 44, 46, 187, 1, '1000.0000', '2019-05-31 17:31:33', '2019-05-31 17:31:33'),
(511, 44, 46, 180, 2, '1000.0000', '2019-05-31 17:31:33', '2019-05-31 17:31:33'),
(512, 44, 46, 181, 2, '1000.0000', '2019-05-31 17:31:33', '2019-05-31 17:31:33'),
(513, 44, 46, 182, 2, '1000.0000', '2019-05-31 17:31:33', '2019-05-31 17:31:33'),
(514, 44, 46, 183, 2, '1000.0000', '2019-05-31 17:31:33', '2019-05-31 17:31:33'),
(515, 44, 46, 184, 2, '1000.0000', '2019-05-31 17:31:33', '2019-05-31 17:31:33'),
(516, 44, 46, 185, 2, '1000.0000', '2019-05-31 17:31:33', '2019-05-31 17:31:33'),
(517, 44, 46, 186, 2, '1000.0000', '2019-05-31 17:31:33', '2019-05-31 17:31:33'),
(518, 44, 46, 187, 2, '1000.0000', '2019-05-31 17:31:33', '2019-05-31 17:31:33'),
(519, 44, 46, 180, 3, '1000.0000', '2019-05-31 17:31:33', '2019-05-31 17:31:33'),
(520, 44, 46, 181, 3, '1000.0000', '2019-05-31 17:31:33', '2019-05-31 17:31:33'),
(521, 44, 46, 182, 3, '1000.0000', '2019-05-31 17:31:33', '2019-05-31 17:31:33'),
(522, 44, 46, 183, 3, '1000.0000', '2019-05-31 17:31:33', '2019-05-31 17:31:33'),
(523, 44, 46, 184, 3, '1000.0000', '2019-05-31 17:31:33', '2019-05-31 17:31:33'),
(524, 44, 46, 185, 3, '1000.0000', '2019-05-31 17:31:33', '2019-05-31 17:31:33'),
(525, 44, 46, 186, 3, '1000.0000', '2019-05-31 17:31:33', '2019-05-31 17:31:33'),
(526, 44, 46, 187, 3, '1000.0000', '2019-05-31 17:31:33', '2019-05-31 17:31:33'),
(527, 45, 47, 188, 1, '100.0000', '2019-05-31 17:42:24', '2019-05-31 17:42:24'),
(528, 45, 47, 189, 1, '100.0000', '2019-05-31 17:42:24', '2019-05-31 17:42:24'),
(529, 45, 47, 190, 1, '100.0000', '2019-05-31 17:42:24', '2019-05-31 17:42:24'),
(530, 45, 47, 191, 1, '100.0000', '2019-05-31 17:42:24', '2019-05-31 17:42:24'),
(531, 45, 47, 192, 1, '100.0000', '2019-05-31 17:42:24', '2019-05-31 17:42:24'),
(532, 45, 47, 193, 1, '100.0000', '2019-05-31 17:42:24', '2019-05-31 17:42:24'),
(533, 45, 47, 194, 1, '100.0000', '2019-05-31 17:42:24', '2019-05-31 17:42:24'),
(534, 45, 47, 188, 2, '100.0000', '2019-05-31 17:42:24', '2019-05-31 17:42:24'),
(535, 45, 47, 189, 2, '100.0000', '2019-05-31 17:42:24', '2019-05-31 17:42:24'),
(536, 45, 47, 190, 2, '100.0000', '2019-05-31 17:42:24', '2019-05-31 17:42:24'),
(537, 45, 47, 191, 2, '100.0000', '2019-05-31 17:42:24', '2019-05-31 17:42:24'),
(538, 45, 47, 192, 2, '100.0000', '2019-05-31 17:42:24', '2019-05-31 17:42:24'),
(539, 45, 47, 193, 2, '100.0000', '2019-05-31 17:42:24', '2019-05-31 17:42:24'),
(540, 45, 47, 194, 2, '100.0000', '2019-05-31 17:42:24', '2019-05-31 17:42:24'),
(541, 45, 47, 188, 3, '100.0000', '2019-05-31 17:42:24', '2019-05-31 17:42:24'),
(542, 45, 47, 189, 3, '100.0000', '2019-05-31 17:42:24', '2019-05-31 17:42:24'),
(543, 45, 47, 190, 3, '100.0000', '2019-05-31 17:42:24', '2019-05-31 17:42:24'),
(544, 45, 47, 191, 3, '100.0000', '2019-05-31 17:42:24', '2019-05-31 17:42:24'),
(545, 45, 47, 192, 3, '100.0000', '2019-05-31 17:42:24', '2019-05-31 17:42:24'),
(546, 45, 47, 193, 3, '100.0000', '2019-05-31 17:42:24', '2019-05-31 17:42:24'),
(547, 45, 47, 194, 3, '100.0000', '2019-05-31 17:42:24', '2019-05-31 17:42:24'),
(548, 46, 48, 195, 1, '1000.0000', '2019-05-31 17:55:40', '2019-05-31 17:55:40'),
(549, 46, 48, 196, 1, '1000.0000', '2019-05-31 17:55:40', '2019-05-31 17:55:40'),
(550, 46, 48, 197, 1, '1000.0000', '2019-05-31 17:55:40', '2019-05-31 17:55:40'),
(551, 46, 48, 198, 1, '1000.0000', '2019-05-31 17:55:40', '2019-05-31 17:55:40'),
(552, 46, 48, 199, 1, '1000.0000', '2019-05-31 17:55:40', '2019-05-31 17:55:40'),
(553, 46, 48, 200, 1, '1000.0000', '2019-05-31 17:55:40', '2019-05-31 17:55:40'),
(554, 46, 48, 195, 2, '1000.0000', '2019-05-31 17:55:40', '2019-05-31 17:55:40'),
(555, 46, 48, 196, 2, '1000.0000', '2019-05-31 17:55:40', '2019-05-31 17:55:40'),
(556, 46, 48, 197, 2, '1000.0000', '2019-05-31 17:55:40', '2019-05-31 17:55:40'),
(557, 46, 48, 198, 2, '1000.0000', '2019-05-31 17:55:40', '2019-05-31 17:55:40'),
(558, 46, 48, 199, 2, '1000.0000', '2019-05-31 17:55:40', '2019-05-31 17:55:40'),
(559, 46, 48, 200, 2, '1000.0000', '2019-05-31 17:55:40', '2019-05-31 17:55:40'),
(560, 46, 48, 195, 3, '1000.0000', '2019-05-31 17:55:40', '2019-05-31 17:55:40'),
(561, 46, 48, 196, 3, '1000.0000', '2019-05-31 17:55:40', '2019-05-31 17:55:40'),
(562, 46, 48, 197, 3, '1000.0000', '2019-05-31 17:55:40', '2019-05-31 17:55:40'),
(563, 46, 48, 198, 3, '1000.0000', '2019-05-31 17:55:40', '2019-05-31 17:55:40'),
(564, 46, 48, 199, 3, '1000.0000', '2019-05-31 17:55:40', '2019-05-31 17:55:40'),
(565, 46, 48, 200, 3, '1000.0000', '2019-05-31 17:55:40', '2019-05-31 17:55:40');

-- --------------------------------------------------------

--
-- Table structure for table `variation_templates`
--

CREATE TABLE `variation_templates` (
  `id` int(10) UNSIGNED NOT NULL,
  `name` varchar(191) COLLATE utf8mb4_unicode_ci NOT NULL,
  `business_id` int(10) UNSIGNED NOT NULL,
  `created_at` timestamp NULL DEFAULT NULL,
  `updated_at` timestamp NULL DEFAULT NULL
) ENGINE=InnoDB DEFAULT CHARSET=utf8mb4 COLLATE=utf8mb4_unicode_ci;

--
-- Dumping data for table `variation_templates`
--

INSERT INTO `variation_templates` (`id`, `name`, `business_id`, `created_at`, `updated_at`) VALUES
(1, 'Colour', 1, '2019-05-26 13:04:34', '2019-05-26 13:04:34'),
(2, 'Size', 1, '2019-05-26 13:59:16', '2019-05-26 13:59:16'),
(3, 'Skirt Color', 1, '2019-05-31 16:19:23', '2019-05-31 16:19:23');

-- --------------------------------------------------------

--
-- Table structure for table `variation_value_templates`
--

CREATE TABLE `variation_value_templates` (
  `id` int(10) UNSIGNED NOT NULL,
  `name` varchar(191) COLLATE utf8mb4_unicode_ci NOT NULL,
  `variation_template_id` int(10) UNSIGNED NOT NULL,
  `created_at` timestamp NULL DEFAULT NULL,
  `updated_at` timestamp NULL DEFAULT NULL
) ENGINE=InnoDB DEFAULT CHARSET=utf8mb4 COLLATE=utf8mb4_unicode_ci;

--
-- Dumping data for table `variation_value_templates`
--

INSERT INTO `variation_value_templates` (`id`, `name`, `variation_template_id`, `created_at`, `updated_at`) VALUES
(1, 'Grey', 1, '2019-05-26 13:04:34', '2019-05-26 13:04:34'),
(2, 'White', 1, '2019-05-26 13:04:35', '2019-05-26 13:04:35'),
(3, 'Black', 1, '2019-05-26 13:04:35', '2019-05-26 13:04:35'),
(4, 'Navy Blue', 1, '2019-05-26 13:04:35', '2019-05-26 13:04:35'),
(5, 'Free Size', 2, '2019-05-26 13:59:16', '2019-05-26 13:59:16'),
(6, 'Small', 2, '2019-05-26 13:59:16', '2019-05-26 13:59:16'),
(7, 'Medium', 2, '2019-05-26 13:59:16', '2019-05-26 13:59:16'),
(8, 'Large', 2, '2019-05-26 13:59:16', '2019-05-26 13:59:16'),
(9, 'X-Large', 2, '2019-05-26 13:59:16', '2019-05-26 13:59:16'),
(10, 'Short', 2, '2019-05-27 12:36:24', '2019-05-27 12:36:24'),
(11, 'Long', 2, '2019-05-27 12:36:24', '2019-05-27 12:36:24'),
(12, 'Red', 1, '2019-05-27 12:40:08', '2019-05-27 12:40:08'),
(13, 'Elastic', 2, '2019-05-27 12:49:24', '2019-05-27 12:49:24'),
(14, '24', 2, '2019-05-27 12:53:00', '2019-05-27 12:53:00'),
(15, '25', 2, '2019-05-27 12:53:00', '2019-05-27 12:53:00'),
(16, '26', 2, '2019-05-27 12:53:00', '2019-05-27 12:53:00'),
(17, '27', 2, '2019-05-27 12:53:00', '2019-05-27 12:53:00'),
(18, '28', 2, '2019-05-27 12:53:00', '2019-05-27 12:53:00'),
(19, '29', 2, '2019-05-27 12:53:00', '2019-05-27 12:53:00'),
(20, '30', 2, '2019-05-27 12:53:00', '2019-05-27 12:53:00'),
(21, '32', 2, '2019-05-27 12:53:00', '2019-05-27 12:53:00'),
(22, '34', 2, '2019-05-27 12:53:00', '2019-05-27 12:53:00'),
(23, 'Maroon', 3, '2019-05-31 16:19:23', '2019-05-31 16:19:23'),
(24, 'Red', 3, '2019-05-31 16:19:23', '2019-05-31 16:19:23'),
(25, 'Dark Grey', 3, '2019-05-31 16:19:23', '2019-05-31 16:19:23'),
(26, 'Checked Black', 3, '2019-05-31 16:19:23', '2019-05-31 16:19:23'),
(27, 'Ash Grey', 3, '2019-05-31 16:19:23', '2019-05-31 16:19:23'),
(28, 'Blue T', 3, '2019-05-31 16:19:23', '2019-05-31 16:19:23'),
(29, 'Royal Blue', 3, '2019-05-31 16:19:23', '2019-05-31 16:19:23'),
(30, 'Brown', 3, '2019-05-31 16:19:23', '2019-05-31 16:25:36'),
(31, 'Black', 3, '2019-05-31 16:25:36', '2019-05-31 16:25:36'),
(32, 'Green', 3, '2019-05-31 16:25:36', '2019-05-31 16:25:36'),
(33, 'Navy Blue', 3, '2019-05-31 16:25:36', '2019-05-31 16:25:36'),
(34, 'Jungle Green', 3, '2019-05-31 16:25:36', '2019-05-31 16:25:36'),
(35, 'Koru Girls', 3, '2019-05-31 16:25:36', '2019-05-31 16:25:36'),
(36, 'Blue', 3, '2019-05-31 16:25:36', '2019-05-31 16:25:36');

--
-- Indexes for dumped tables
--

--
-- Indexes for table `barcodes`
--
ALTER TABLE `barcodes`
  ADD PRIMARY KEY (`id`),
  ADD KEY `barcodes_business_id_foreign` (`business_id`);

--
-- Indexes for table `bookings`
--
ALTER TABLE `bookings`
  ADD PRIMARY KEY (`id`),
  ADD KEY `bookings_contact_id_foreign` (`contact_id`),
  ADD KEY `bookings_business_id_foreign` (`business_id`),
  ADD KEY `bookings_created_by_foreign` (`created_by`);

--
-- Indexes for table `brands`
--
ALTER TABLE `brands`
  ADD PRIMARY KEY (`id`),
  ADD KEY `brands_business_id_foreign` (`business_id`),
  ADD KEY `brands_created_by_foreign` (`created_by`);

--
-- Indexes for table `business`
--
ALTER TABLE `business`
  ADD PRIMARY KEY (`id`),
  ADD KEY `business_owner_id_foreign` (`owner_id`),
  ADD KEY `business_currency_id_foreign` (`currency_id`),
  ADD KEY `business_default_sales_tax_foreign` (`default_sales_tax`);

--
-- Indexes for table `business_locations`
--
ALTER TABLE `business_locations`
  ADD PRIMARY KEY (`id`),
  ADD KEY `business_locations_business_id_index` (`business_id`),
  ADD KEY `business_locations_invoice_scheme_id_foreign` (`invoice_scheme_id`),
  ADD KEY `business_locations_invoice_layout_id_foreign` (`invoice_layout_id`);

--
-- Indexes for table `cash_registers`
--
ALTER TABLE `cash_registers`
  ADD PRIMARY KEY (`id`),
  ADD KEY `cash_registers_business_id_foreign` (`business_id`),
  ADD KEY `cash_registers_user_id_foreign` (`user_id`);

--
-- Indexes for table `cash_register_transactions`
--
ALTER TABLE `cash_register_transactions`
  ADD PRIMARY KEY (`id`),
  ADD KEY `cash_register_transactions_cash_register_id_foreign` (`cash_register_id`);

--
-- Indexes for table `categories`
--
ALTER TABLE `categories`
  ADD PRIMARY KEY (`id`),
  ADD KEY `categories_business_id_foreign` (`business_id`),
  ADD KEY `categories_created_by_foreign` (`created_by`);

--
-- Indexes for table `contacts`
--
ALTER TABLE `contacts`
  ADD PRIMARY KEY (`id`),
  ADD KEY `contacts_business_id_foreign` (`business_id`),
  ADD KEY `contacts_created_by_foreign` (`created_by`);

--
-- Indexes for table `currencies`
--
ALTER TABLE `currencies`
  ADD PRIMARY KEY (`id`);

--
-- Indexes for table `customer_groups`
--
ALTER TABLE `customer_groups`
  ADD PRIMARY KEY (`id`),
  ADD KEY `customer_groups_business_id_foreign` (`business_id`);

--
-- Indexes for table `expense_categories`
--
ALTER TABLE `expense_categories`
  ADD PRIMARY KEY (`id`),
  ADD KEY `expense_categories_business_id_foreign` (`business_id`);

--
-- Indexes for table `group_sub_taxes`
--
ALTER TABLE `group_sub_taxes`
  ADD KEY `group_sub_taxes_group_tax_id_foreign` (`group_tax_id`),
  ADD KEY `group_sub_taxes_tax_id_foreign` (`tax_id`);

--
-- Indexes for table `invoice_layouts`
--
ALTER TABLE `invoice_layouts`
  ADD PRIMARY KEY (`id`),
  ADD KEY `invoice_layouts_business_id_foreign` (`business_id`);

--
-- Indexes for table `invoice_schemes`
--
ALTER TABLE `invoice_schemes`
  ADD PRIMARY KEY (`id`),
  ADD KEY `invoice_schemes_business_id_foreign` (`business_id`);

--
-- Indexes for table `migrations`
--
ALTER TABLE `migrations`
  ADD PRIMARY KEY (`id`);

--
-- Indexes for table `model_has_permissions`
--
ALTER TABLE `model_has_permissions`
  ADD PRIMARY KEY (`permission_id`,`model_id`,`model_type`),
  ADD KEY `model_has_permissions_model_id_model_type_index` (`model_id`,`model_type`);

--
-- Indexes for table `model_has_roles`
--
ALTER TABLE `model_has_roles`
  ADD PRIMARY KEY (`role_id`,`model_id`,`model_type`),
  ADD KEY `model_has_roles_model_id_model_type_index` (`model_id`,`model_type`);

--
-- Indexes for table `notification_templates`
--
ALTER TABLE `notification_templates`
  ADD PRIMARY KEY (`id`);

--
-- Indexes for table `permissions`
--
ALTER TABLE `permissions`
  ADD PRIMARY KEY (`id`);

--
-- Indexes for table `printers`
--
ALTER TABLE `printers`
  ADD PRIMARY KEY (`id`),
  ADD KEY `printers_business_id_foreign` (`business_id`);

--
-- Indexes for table `products`
--
ALTER TABLE `products`
  ADD PRIMARY KEY (`id`),
  ADD KEY `products_brand_id_foreign` (`brand_id`),
  ADD KEY `products_category_id_foreign` (`category_id`),
  ADD KEY `products_sub_category_id_foreign` (`sub_category_id`),
  ADD KEY `products_tax_foreign` (`tax`),
  ADD KEY `products_name_index` (`name`),
  ADD KEY `products_business_id_index` (`business_id`),
  ADD KEY `products_unit_id_index` (`unit_id`),
  ADD KEY `products_created_by_index` (`created_by`);

--
-- Indexes for table `product_racks`
--
ALTER TABLE `product_racks`
  ADD PRIMARY KEY (`id`);

--
-- Indexes for table `product_variations`
--
ALTER TABLE `product_variations`
  ADD PRIMARY KEY (`id`),
  ADD KEY `product_variations_name_index` (`name`),
  ADD KEY `product_variations_product_id_index` (`product_id`);

--
-- Indexes for table `purchase_lines`
--
ALTER TABLE `purchase_lines`
  ADD PRIMARY KEY (`id`),
  ADD KEY `purchase_lines_transaction_id_foreign` (`transaction_id`),
  ADD KEY `purchase_lines_product_id_foreign` (`product_id`),
  ADD KEY `purchase_lines_variation_id_foreign` (`variation_id`),
  ADD KEY `purchase_lines_tax_id_foreign` (`tax_id`);

--
-- Indexes for table `reference_counts`
--
ALTER TABLE `reference_counts`
  ADD PRIMARY KEY (`id`);

--
-- Indexes for table `res_product_modifier_sets`
--
ALTER TABLE `res_product_modifier_sets`
  ADD KEY `res_product_modifier_sets_modifier_set_id_foreign` (`modifier_set_id`);

--
-- Indexes for table `res_tables`
--
ALTER TABLE `res_tables`
  ADD PRIMARY KEY (`id`),
  ADD KEY `res_tables_business_id_foreign` (`business_id`);

--
-- Indexes for table `roles`
--
ALTER TABLE `roles`
  ADD PRIMARY KEY (`id`),
  ADD KEY `roles_business_id_foreign` (`business_id`);

--
-- Indexes for table `role_has_permissions`
--
ALTER TABLE `role_has_permissions`
  ADD PRIMARY KEY (`permission_id`,`role_id`),
  ADD KEY `role_has_permissions_role_id_foreign` (`role_id`);

--
-- Indexes for table `selling_price_groups`
--
ALTER TABLE `selling_price_groups`
  ADD PRIMARY KEY (`id`),
  ADD KEY `selling_price_groups_business_id_foreign` (`business_id`);

--
-- Indexes for table `sessions`
--
ALTER TABLE `sessions`
  ADD UNIQUE KEY `sessions_id_unique` (`id`);

--
-- Indexes for table `stock_adjustment_lines`
--
ALTER TABLE `stock_adjustment_lines`
  ADD PRIMARY KEY (`id`),
  ADD KEY `stock_adjustment_lines_product_id_foreign` (`product_id`),
  ADD KEY `stock_adjustment_lines_variation_id_foreign` (`variation_id`),
  ADD KEY `stock_adjustment_lines_transaction_id_index` (`transaction_id`);

--
-- Indexes for table `tax_rates`
--
ALTER TABLE `tax_rates`
  ADD PRIMARY KEY (`id`),
  ADD KEY `tax_rates_business_id_foreign` (`business_id`),
  ADD KEY `tax_rates_created_by_foreign` (`created_by`);

--
-- Indexes for table `transactions`
--
ALTER TABLE `transactions`
  ADD PRIMARY KEY (`id`),
  ADD KEY `transactions_tax_id_foreign` (`tax_id`),
  ADD KEY `transactions_business_id_index` (`business_id`),
  ADD KEY `transactions_type_index` (`type`),
  ADD KEY `transactions_contact_id_index` (`contact_id`),
  ADD KEY `transactions_transaction_date_index` (`transaction_date`),
  ADD KEY `transactions_created_by_index` (`created_by`),
  ADD KEY `transactions_location_id_index` (`location_id`),
  ADD KEY `transactions_expense_for_foreign` (`expense_for`),
  ADD KEY `transactions_expense_category_id_index` (`expense_category_id`);

--
-- Indexes for table `transaction_sell_lines`
--
ALTER TABLE `transaction_sell_lines`
  ADD PRIMARY KEY (`id`),
  ADD KEY `transaction_sell_lines_transaction_id_foreign` (`transaction_id`),
  ADD KEY `transaction_sell_lines_product_id_foreign` (`product_id`),
  ADD KEY `transaction_sell_lines_variation_id_foreign` (`variation_id`),
  ADD KEY `transaction_sell_lines_tax_id_foreign` (`tax_id`);

--
-- Indexes for table `transaction_sell_lines_purchase_lines`
--
ALTER TABLE `transaction_sell_lines_purchase_lines`
  ADD PRIMARY KEY (`id`);

--
-- Indexes for table `units`
--
ALTER TABLE `units`
  ADD PRIMARY KEY (`id`),
  ADD KEY `units_business_id_foreign` (`business_id`),
  ADD KEY `units_created_by_foreign` (`created_by`);

--
-- Indexes for table `user_contact_access`
--
ALTER TABLE `user_contact_access`
  ADD PRIMARY KEY (`id`);

--
-- Indexes for table `variations`
--
ALTER TABLE `variations`
  ADD PRIMARY KEY (`id`),
  ADD KEY `variations_product_id_foreign` (`product_id`),
  ADD KEY `variations_product_variation_id_foreign` (`product_variation_id`),
  ADD KEY `variations_name_index` (`name`),
  ADD KEY `variations_sub_sku_index` (`sub_sku`);

--
-- Indexes for table `variation_group_prices`
--
ALTER TABLE `variation_group_prices`
  ADD PRIMARY KEY (`id`),
  ADD KEY `variation_group_prices_variation_id_foreign` (`variation_id`),
  ADD KEY `variation_group_prices_price_group_id_foreign` (`price_group_id`);

--
-- Indexes for table `variation_location_details`
--
ALTER TABLE `variation_location_details`
  ADD PRIMARY KEY (`id`),
  ADD KEY `variation_location_details_location_id_foreign` (`location_id`),
  ADD KEY `variation_location_details_product_id_index` (`product_id`),
  ADD KEY `variation_location_details_product_variation_id_index` (`product_variation_id`),
  ADD KEY `variation_location_details_variation_id_index` (`variation_id`);

--
-- Indexes for table `variation_templates`
--
ALTER TABLE `variation_templates`
  ADD PRIMARY KEY (`id`),
  ADD KEY `variation_templates_business_id_foreign` (`business_id`);

--
-- Indexes for table `variation_value_templates`
--
ALTER TABLE `variation_value_templates`
  ADD PRIMARY KEY (`id`),
  ADD KEY `variation_value_templates_name_index` (`name`),
  ADD KEY `variation_value_templates_variation_template_id_index` (`variation_template_id`);

--
-- AUTO_INCREMENT for dumped tables
--

--
-- AUTO_INCREMENT for table `barcodes`
--
ALTER TABLE `barcodes`
  MODIFY `id` int(10) UNSIGNED NOT NULL AUTO_INCREMENT, AUTO_INCREMENT=7;

--
-- AUTO_INCREMENT for table `bookings`
--
ALTER TABLE `bookings`
  MODIFY `id` int(10) UNSIGNED NOT NULL AUTO_INCREMENT;

--
-- AUTO_INCREMENT for table `brands`
--
ALTER TABLE `brands`
  MODIFY `id` int(10) UNSIGNED NOT NULL AUTO_INCREMENT;

--
-- AUTO_INCREMENT for table `business`
--
ALTER TABLE `business`
  MODIFY `id` int(10) UNSIGNED NOT NULL AUTO_INCREMENT, AUTO_INCREMENT=2;

--
-- AUTO_INCREMENT for table `business_locations`
--
ALTER TABLE `business_locations`
  MODIFY `id` int(10) UNSIGNED NOT NULL AUTO_INCREMENT, AUTO_INCREMENT=4;

--
-- AUTO_INCREMENT for table `cash_registers`
--
ALTER TABLE `cash_registers`
  MODIFY `id` int(10) UNSIGNED NOT NULL AUTO_INCREMENT, AUTO_INCREMENT=3;

--
-- AUTO_INCREMENT for table `cash_register_transactions`
--
ALTER TABLE `cash_register_transactions`
  MODIFY `id` int(10) UNSIGNED NOT NULL AUTO_INCREMENT, AUTO_INCREMENT=3;

--
-- AUTO_INCREMENT for table `categories`
--
ALTER TABLE `categories`
  MODIFY `id` int(10) UNSIGNED NOT NULL AUTO_INCREMENT, AUTO_INCREMENT=28;

--
-- AUTO_INCREMENT for table `contacts`
--
ALTER TABLE `contacts`
  MODIFY `id` int(10) UNSIGNED NOT NULL AUTO_INCREMENT, AUTO_INCREMENT=2;

--
-- AUTO_INCREMENT for table `currencies`
--
ALTER TABLE `currencies`
  MODIFY `id` int(10) UNSIGNED NOT NULL AUTO_INCREMENT, AUTO_INCREMENT=137;

--
-- AUTO_INCREMENT for table `customer_groups`
--
ALTER TABLE `customer_groups`
  MODIFY `id` int(10) UNSIGNED NOT NULL AUTO_INCREMENT;

--
-- AUTO_INCREMENT for table `expense_categories`
--
ALTER TABLE `expense_categories`
  MODIFY `id` int(10) UNSIGNED NOT NULL AUTO_INCREMENT;

--
-- AUTO_INCREMENT for table `invoice_layouts`
--
ALTER TABLE `invoice_layouts`
  MODIFY `id` int(10) UNSIGNED NOT NULL AUTO_INCREMENT, AUTO_INCREMENT=2;

--
-- AUTO_INCREMENT for table `invoice_schemes`
--
ALTER TABLE `invoice_schemes`
  MODIFY `id` int(10) UNSIGNED NOT NULL AUTO_INCREMENT, AUTO_INCREMENT=2;

--
-- AUTO_INCREMENT for table `migrations`
--
ALTER TABLE `migrations`
  MODIFY `id` int(10) UNSIGNED NOT NULL AUTO_INCREMENT, AUTO_INCREMENT=149;

--
-- AUTO_INCREMENT for table `notification_templates`
--
ALTER TABLE `notification_templates`
  MODIFY `id` int(10) UNSIGNED NOT NULL AUTO_INCREMENT, AUTO_INCREMENT=9;

--
-- AUTO_INCREMENT for table `permissions`
--
ALTER TABLE `permissions`
  MODIFY `id` int(10) UNSIGNED NOT NULL AUTO_INCREMENT, AUTO_INCREMENT=72;

--
-- AUTO_INCREMENT for table `printers`
--
ALTER TABLE `printers`
  MODIFY `id` int(10) UNSIGNED NOT NULL AUTO_INCREMENT;

--
-- AUTO_INCREMENT for table `products`
--
ALTER TABLE `products`
  MODIFY `id` int(10) UNSIGNED NOT NULL AUTO_INCREMENT, AUTO_INCREMENT=47;

--
-- AUTO_INCREMENT for table `product_racks`
--
ALTER TABLE `product_racks`
  MODIFY `id` int(10) UNSIGNED NOT NULL AUTO_INCREMENT;

--
-- AUTO_INCREMENT for table `product_variations`
--
ALTER TABLE `product_variations`
  MODIFY `id` int(10) UNSIGNED NOT NULL AUTO_INCREMENT, AUTO_INCREMENT=49;

--
-- AUTO_INCREMENT for table `purchase_lines`
--
ALTER TABLE `purchase_lines`
  MODIFY `id` int(10) UNSIGNED NOT NULL AUTO_INCREMENT, AUTO_INCREMENT=566;

--
-- AUTO_INCREMENT for table `reference_counts`
--
ALTER TABLE `reference_counts`
  MODIFY `id` int(10) UNSIGNED NOT NULL AUTO_INCREMENT, AUTO_INCREMENT=3;

--
-- AUTO_INCREMENT for table `res_tables`
--
ALTER TABLE `res_tables`
  MODIFY `id` int(10) UNSIGNED NOT NULL AUTO_INCREMENT;

--
-- AUTO_INCREMENT for table `roles`
--
ALTER TABLE `roles`
  MODIFY `id` int(10) UNSIGNED NOT NULL AUTO_INCREMENT, AUTO_INCREMENT=5;

--
-- AUTO_INCREMENT for table `selling_price_groups`
--
ALTER TABLE `selling_price_groups`
  MODIFY `id` int(10) UNSIGNED NOT NULL AUTO_INCREMENT;

--
-- AUTO_INCREMENT for table `stock_adjustment_lines`
--
ALTER TABLE `stock_adjustment_lines`
  MODIFY `id` int(10) UNSIGNED NOT NULL AUTO_INCREMENT;

--
-- AUTO_INCREMENT for table `tax_rates`
--
ALTER TABLE `tax_rates`
  MODIFY `id` int(10) UNSIGNED NOT NULL AUTO_INCREMENT, AUTO_INCREMENT=2;

--
-- AUTO_INCREMENT for table `transactions`
--
ALTER TABLE `transactions`
  MODIFY `id` int(10) UNSIGNED NOT NULL AUTO_INCREMENT, AUTO_INCREMENT=137;

--
-- AUTO_INCREMENT for table `transaction_sell_lines`
--
ALTER TABLE `transaction_sell_lines`
  MODIFY `id` int(10) UNSIGNED NOT NULL AUTO_INCREMENT;

--
-- AUTO_INCREMENT for table `transaction_sell_lines_purchase_lines`
--
ALTER TABLE `transaction_sell_lines_purchase_lines`
  MODIFY `id` int(10) UNSIGNED NOT NULL AUTO_INCREMENT;

--
-- AUTO_INCREMENT for table `units`
--
ALTER TABLE `units`
  MODIFY `id` int(10) UNSIGNED NOT NULL AUTO_INCREMENT, AUTO_INCREMENT=2;

--
-- AUTO_INCREMENT for table `user_contact_access`
--
ALTER TABLE `user_contact_access`
  MODIFY `id` int(10) UNSIGNED NOT NULL AUTO_INCREMENT;

--
-- AUTO_INCREMENT for table `variations`
--
ALTER TABLE `variations`
  MODIFY `id` int(10) UNSIGNED NOT NULL AUTO_INCREMENT, AUTO_INCREMENT=201;

--
-- AUTO_INCREMENT for table `variation_group_prices`
--
ALTER TABLE `variation_group_prices`
  MODIFY `id` int(10) UNSIGNED NOT NULL AUTO_INCREMENT;

--
-- AUTO_INCREMENT for table `variation_location_details`
--
ALTER TABLE `variation_location_details`
  MODIFY `id` int(10) UNSIGNED NOT NULL AUTO_INCREMENT, AUTO_INCREMENT=566;

--
-- AUTO_INCREMENT for table `variation_templates`
--
ALTER TABLE `variation_templates`
  MODIFY `id` int(10) UNSIGNED NOT NULL AUTO_INCREMENT, AUTO_INCREMENT=4;

--
-- AUTO_INCREMENT for table `variation_value_templates`
--
ALTER TABLE `variation_value_templates`
  MODIFY `id` int(10) UNSIGNED NOT NULL AUTO_INCREMENT, AUTO_INCREMENT=37;

--
-- Constraints for dumped tables
--

--
-- Constraints for table `barcodes`
--
ALTER TABLE `barcodes`
  ADD CONSTRAINT `barcodes_business_id_foreign` FOREIGN KEY (`business_id`) REFERENCES `business` (`id`) ON DELETE CASCADE;

--
-- Constraints for table `bookings`
--
ALTER TABLE `bookings`
  ADD CONSTRAINT `bookings_business_id_foreign` FOREIGN KEY (`business_id`) REFERENCES `business` (`id`) ON DELETE CASCADE,
  ADD CONSTRAINT `bookings_contact_id_foreign` FOREIGN KEY (`contact_id`) REFERENCES `contacts` (`id`) ON DELETE CASCADE,
  ADD CONSTRAINT `bookings_created_by_foreign` FOREIGN KEY (`created_by`) REFERENCES `users` (`id`) ON DELETE CASCADE;

--
-- Constraints for table `brands`
--
ALTER TABLE `brands`
  ADD CONSTRAINT `brands_business_id_foreign` FOREIGN KEY (`business_id`) REFERENCES `business` (`id`) ON DELETE CASCADE,
  ADD CONSTRAINT `brands_created_by_foreign` FOREIGN KEY (`created_by`) REFERENCES `users` (`id`) ON DELETE CASCADE;

--
-- Constraints for table `business`
--
ALTER TABLE `business`
  ADD CONSTRAINT `business_currency_id_foreign` FOREIGN KEY (`currency_id`) REFERENCES `currencies` (`id`),
  ADD CONSTRAINT `business_default_sales_tax_foreign` FOREIGN KEY (`default_sales_tax`) REFERENCES `tax_rates` (`id`),
  ADD CONSTRAINT `business_owner_id_foreign` FOREIGN KEY (`owner_id`) REFERENCES `users` (`id`) ON DELETE CASCADE;

--
-- Constraints for table `business_locations`
--
ALTER TABLE `business_locations`
  ADD CONSTRAINT `business_locations_business_id_foreign` FOREIGN KEY (`business_id`) REFERENCES `business` (`id`) ON DELETE CASCADE,
  ADD CONSTRAINT `business_locations_invoice_layout_id_foreign` FOREIGN KEY (`invoice_layout_id`) REFERENCES `invoice_layouts` (`id`) ON DELETE CASCADE,
  ADD CONSTRAINT `business_locations_invoice_scheme_id_foreign` FOREIGN KEY (`invoice_scheme_id`) REFERENCES `invoice_schemes` (`id`) ON DELETE CASCADE;

--
-- Constraints for table `cash_registers`
--
ALTER TABLE `cash_registers`
  ADD CONSTRAINT `cash_registers_business_id_foreign` FOREIGN KEY (`business_id`) REFERENCES `business` (`id`) ON DELETE CASCADE,
  ADD CONSTRAINT `cash_registers_user_id_foreign` FOREIGN KEY (`user_id`) REFERENCES `users` (`id`) ON DELETE CASCADE;

--
-- Constraints for table `cash_register_transactions`
--
ALTER TABLE `cash_register_transactions`
  ADD CONSTRAINT `cash_register_transactions_cash_register_id_foreign` FOREIGN KEY (`cash_register_id`) REFERENCES `cash_registers` (`id`) ON DELETE CASCADE;

--
-- Constraints for table `categories`
--
ALTER TABLE `categories`
  ADD CONSTRAINT `categories_business_id_foreign` FOREIGN KEY (`business_id`) REFERENCES `business` (`id`) ON DELETE CASCADE,
  ADD CONSTRAINT `categories_created_by_foreign` FOREIGN KEY (`created_by`) REFERENCES `users` (`id`) ON DELETE CASCADE;

--
-- Constraints for table `contacts`
--
ALTER TABLE `contacts`
  ADD CONSTRAINT `contacts_business_id_foreign` FOREIGN KEY (`business_id`) REFERENCES `business` (`id`) ON DELETE CASCADE,
  ADD CONSTRAINT `contacts_created_by_foreign` FOREIGN KEY (`created_by`) REFERENCES `users` (`id`) ON DELETE CASCADE;

--
-- Constraints for table `customer_groups`
--
ALTER TABLE `customer_groups`
  ADD CONSTRAINT `customer_groups_business_id_foreign` FOREIGN KEY (`business_id`) REFERENCES `business` (`id`) ON DELETE CASCADE;

--
-- Constraints for table `expense_categories`
--
ALTER TABLE `expense_categories`
  ADD CONSTRAINT `expense_categories_business_id_foreign` FOREIGN KEY (`business_id`) REFERENCES `business` (`id`) ON DELETE CASCADE;

--
-- Constraints for table `group_sub_taxes`
--
ALTER TABLE `group_sub_taxes`
  ADD CONSTRAINT `group_sub_taxes_group_tax_id_foreign` FOREIGN KEY (`group_tax_id`) REFERENCES `tax_rates` (`id`) ON DELETE CASCADE,
  ADD CONSTRAINT `group_sub_taxes_tax_id_foreign` FOREIGN KEY (`tax_id`) REFERENCES `tax_rates` (`id`) ON DELETE CASCADE;

--
-- Constraints for table `invoice_layouts`
--
ALTER TABLE `invoice_layouts`
  ADD CONSTRAINT `invoice_layouts_business_id_foreign` FOREIGN KEY (`business_id`) REFERENCES `business` (`id`) ON DELETE CASCADE;

--
-- Constraints for table `invoice_schemes`
--
ALTER TABLE `invoice_schemes`
  ADD CONSTRAINT `invoice_schemes_business_id_foreign` FOREIGN KEY (`business_id`) REFERENCES `business` (`id`) ON DELETE CASCADE;

--
-- Constraints for table `model_has_permissions`
--
ALTER TABLE `model_has_permissions`
  ADD CONSTRAINT `model_has_permissions_permission_id_foreign` FOREIGN KEY (`permission_id`) REFERENCES `permissions` (`id`) ON DELETE CASCADE;

--
-- Constraints for table `model_has_roles`
--
ALTER TABLE `model_has_roles`
  ADD CONSTRAINT `model_has_roles_role_id_foreign` FOREIGN KEY (`role_id`) REFERENCES `roles` (`id`) ON DELETE CASCADE;

--
-- Constraints for table `printers`
--
ALTER TABLE `printers`
  ADD CONSTRAINT `printers_business_id_foreign` FOREIGN KEY (`business_id`) REFERENCES `business` (`id`) ON DELETE CASCADE;

--
-- Constraints for table `products`
--
ALTER TABLE `products`
  ADD CONSTRAINT `products_brand_id_foreign` FOREIGN KEY (`brand_id`) REFERENCES `brands` (`id`) ON DELETE CASCADE,
  ADD CONSTRAINT `products_business_id_foreign` FOREIGN KEY (`business_id`) REFERENCES `business` (`id`) ON DELETE CASCADE,
  ADD CONSTRAINT `products_category_id_foreign` FOREIGN KEY (`category_id`) REFERENCES `categories` (`id`) ON DELETE CASCADE,
  ADD CONSTRAINT `products_created_by_foreign` FOREIGN KEY (`created_by`) REFERENCES `users` (`id`) ON DELETE CASCADE,
  ADD CONSTRAINT `products_sub_category_id_foreign` FOREIGN KEY (`sub_category_id`) REFERENCES `categories` (`id`) ON DELETE CASCADE,
  ADD CONSTRAINT `products_tax_foreign` FOREIGN KEY (`tax`) REFERENCES `tax_rates` (`id`),
  ADD CONSTRAINT `products_unit_id_foreign` FOREIGN KEY (`unit_id`) REFERENCES `units` (`id`) ON DELETE CASCADE;

--
-- Constraints for table `product_variations`
--
ALTER TABLE `product_variations`
  ADD CONSTRAINT `product_variations_product_id_foreign` FOREIGN KEY (`product_id`) REFERENCES `products` (`id`) ON DELETE CASCADE;

--
-- Constraints for table `purchase_lines`
--
ALTER TABLE `purchase_lines`
  ADD CONSTRAINT `purchase_lines_product_id_foreign` FOREIGN KEY (`product_id`) REFERENCES `products` (`id`) ON DELETE CASCADE,
  ADD CONSTRAINT `purchase_lines_tax_id_foreign` FOREIGN KEY (`tax_id`) REFERENCES `tax_rates` (`id`) ON DELETE CASCADE,
  ADD CONSTRAINT `purchase_lines_transaction_id_foreign` FOREIGN KEY (`transaction_id`) REFERENCES `transactions` (`id`) ON DELETE CASCADE,
  ADD CONSTRAINT `purchase_lines_variation_id_foreign` FOREIGN KEY (`variation_id`) REFERENCES `variations` (`id`) ON DELETE CASCADE;

--
-- Constraints for table `res_product_modifier_sets`
--
ALTER TABLE `res_product_modifier_sets`
  ADD CONSTRAINT `res_product_modifier_sets_modifier_set_id_foreign` FOREIGN KEY (`modifier_set_id`) REFERENCES `products` (`id`) ON DELETE CASCADE;

--
-- Constraints for table `res_tables`
--
ALTER TABLE `res_tables`
  ADD CONSTRAINT `res_tables_business_id_foreign` FOREIGN KEY (`business_id`) REFERENCES `business` (`id`) ON DELETE CASCADE;

--
-- Constraints for table `roles`
--
ALTER TABLE `roles`
  ADD CONSTRAINT `roles_business_id_foreign` FOREIGN KEY (`business_id`) REFERENCES `business` (`id`) ON DELETE CASCADE;

--
-- Constraints for table `role_has_permissions`
--
ALTER TABLE `role_has_permissions`
  ADD CONSTRAINT `role_has_permissions_permission_id_foreign` FOREIGN KEY (`permission_id`) REFERENCES `permissions` (`id`) ON DELETE CASCADE,
  ADD CONSTRAINT `role_has_permissions_role_id_foreign` FOREIGN KEY (`role_id`) REFERENCES `roles` (`id`) ON DELETE CASCADE;

--
-- Constraints for table `selling_price_groups`
--
ALTER TABLE `selling_price_groups`
  ADD CONSTRAINT `selling_price_groups_business_id_foreign` FOREIGN KEY (`business_id`) REFERENCES `business` (`id`) ON DELETE CASCADE;

--
-- Constraints for table `stock_adjustment_lines`
--
ALTER TABLE `stock_adjustment_lines`
  ADD CONSTRAINT `stock_adjustment_lines_product_id_foreign` FOREIGN KEY (`product_id`) REFERENCES `products` (`id`) ON DELETE CASCADE,
  ADD CONSTRAINT `stock_adjustment_lines_transaction_id_foreign` FOREIGN KEY (`transaction_id`) REFERENCES `transactions` (`id`) ON DELETE CASCADE,
  ADD CONSTRAINT `stock_adjustment_lines_variation_id_foreign` FOREIGN KEY (`variation_id`) REFERENCES `variations` (`id`) ON DELETE CASCADE;

--
-- Constraints for table `tax_rates`
--
ALTER TABLE `tax_rates`
  ADD CONSTRAINT `tax_rates_business_id_foreign` FOREIGN KEY (`business_id`) REFERENCES `business` (`id`) ON DELETE CASCADE,
  ADD CONSTRAINT `tax_rates_created_by_foreign` FOREIGN KEY (`created_by`) REFERENCES `users` (`id`) ON DELETE CASCADE;

--
-- Constraints for table `transactions`
--
ALTER TABLE `transactions`
  ADD CONSTRAINT `transactions_business_id_foreign` FOREIGN KEY (`business_id`) REFERENCES `business` (`id`) ON DELETE CASCADE,
  ADD CONSTRAINT `transactions_contact_id_foreign` FOREIGN KEY (`contact_id`) REFERENCES `contacts` (`id`) ON DELETE CASCADE,
  ADD CONSTRAINT `transactions_created_by_foreign` FOREIGN KEY (`created_by`) REFERENCES `users` (`id`) ON DELETE CASCADE,
  ADD CONSTRAINT `transactions_expense_category_id_foreign` FOREIGN KEY (`expense_category_id`) REFERENCES `expense_categories` (`id`) ON DELETE CASCADE,
  ADD CONSTRAINT `transactions_expense_for_foreign` FOREIGN KEY (`expense_for`) REFERENCES `users` (`id`) ON DELETE CASCADE,
  ADD CONSTRAINT `transactions_location_id_foreign` FOREIGN KEY (`location_id`) REFERENCES `business_locations` (`id`),
  ADD CONSTRAINT `transactions_tax_id_foreign` FOREIGN KEY (`tax_id`) REFERENCES `tax_rates` (`id`) ON DELETE CASCADE;

--
-- Constraints for table `transaction_sell_lines`
--
ALTER TABLE `transaction_sell_lines`
  ADD CONSTRAINT `transaction_sell_lines_product_id_foreign` FOREIGN KEY (`product_id`) REFERENCES `products` (`id`) ON DELETE CASCADE,
  ADD CONSTRAINT `transaction_sell_lines_tax_id_foreign` FOREIGN KEY (`tax_id`) REFERENCES `tax_rates` (`id`) ON DELETE CASCADE,
  ADD CONSTRAINT `transaction_sell_lines_transaction_id_foreign` FOREIGN KEY (`transaction_id`) REFERENCES `transactions` (`id`) ON DELETE CASCADE,
  ADD CONSTRAINT `transaction_sell_lines_variation_id_foreign` FOREIGN KEY (`variation_id`) REFERENCES `variations` (`id`) ON DELETE CASCADE;

--
-- Constraints for table `units`
--
ALTER TABLE `units`
  ADD CONSTRAINT `units_business_id_foreign` FOREIGN KEY (`business_id`) REFERENCES `business` (`id`) ON DELETE CASCADE,
  ADD CONSTRAINT `units_created_by_foreign` FOREIGN KEY (`created_by`) REFERENCES `users` (`id`) ON DELETE CASCADE;

--
-- Constraints for table `variations`
--
ALTER TABLE `variations`
  ADD CONSTRAINT `variations_product_id_foreign` FOREIGN KEY (`product_id`) REFERENCES `products` (`id`) ON DELETE CASCADE,
  ADD CONSTRAINT `variations_product_variation_id_foreign` FOREIGN KEY (`product_variation_id`) REFERENCES `product_variations` (`id`) ON DELETE CASCADE;

--
-- Constraints for table `variation_group_prices`
--
ALTER TABLE `variation_group_prices`
  ADD CONSTRAINT `variation_group_prices_price_group_id_foreign` FOREIGN KEY (`price_group_id`) REFERENCES `selling_price_groups` (`id`) ON DELETE CASCADE,
  ADD CONSTRAINT `variation_group_prices_variation_id_foreign` FOREIGN KEY (`variation_id`) REFERENCES `variations` (`id`) ON DELETE CASCADE;

--
-- Constraints for table `variation_location_details`
--
ALTER TABLE `variation_location_details`
  ADD CONSTRAINT `variation_location_details_location_id_foreign` FOREIGN KEY (`location_id`) REFERENCES `business_locations` (`id`),
  ADD CONSTRAINT `variation_location_details_variation_id_foreign` FOREIGN KEY (`variation_id`) REFERENCES `variations` (`id`);

--
-- Constraints for table `variation_templates`
--
ALTER TABLE `variation_templates`
  ADD CONSTRAINT `variation_templates_business_id_foreign` FOREIGN KEY (`business_id`) REFERENCES `business` (`id`) ON DELETE CASCADE;

--
-- Constraints for table `variation_value_templates`
--
ALTER TABLE `variation_value_templates`
  ADD CONSTRAINT `variation_value_templates_variation_template_id_foreign` FOREIGN KEY (`variation_template_id`) REFERENCES `variation_templates` (`id`) ON DELETE CASCADE;
COMMIT;

